{"id":21,"date":"2012-09-25T12:40:50","date_gmt":"2012-09-25T12:40:50","guid":{"rendered":"https:\/\/kylat.meitadev.fi\/aitsaari\/?page_id=21"},"modified":"2015-07-22T07:27:55","modified_gmt":"2015-07-22T07:27:55","slug":"toimintasuunnitelma","status":"publish","type":"page","link":"https:\/\/kylat.meitadev.fi\/aitsaari\/kylayhdistys\/toimintasuunnitelma\/","title":{"rendered":"Toimintasuunnitelma 2015"},"content":{"rendered":"<h5><strong>\u00a0<\/strong><\/h5>\n<p><strong><span style=\"font-family: Arial\">Tapahtumat yms.<\/span><\/strong><\/p>\n<h4>Karaokeilta\u00a0\u00a0\u00a0\u00a0\u00a0\u00a0\u00a0\u00a0\u00a0\u00a0\u00a0\u00a0\u00a0\u00a0\u00a0\u00a0 \u00a0Kyl\u00e4karaoke Kyl\u00e4tuvalla 14.2.2015<\/h4>\n<h4>Siivoustalkoot \u00a0 \u00a0 \u00a0 \u00a0 \u00a0 \u00a0 Siivotaan roskat\u00a0teiden varsilta sek\u00e4\u00a0Kyl\u00e4tuvan ymp\u00e4rist\u00f6<\/h4>\n<h4>Maalaus \u00a0 \u00a0 \u00a0 \u00a0 \u00a0 \u00a0 \u00a0 \u00a0 \u00a0 \u00a0 \u00a0 \u00a0Jatketaan Kyl\u00e4tuvan sis\u00e4maalausta<\/h4>\n<h4>K\u00e4velykilpailu \u00a0 \u00a0 \u00a0 \u00a0 \u00a0 \u00a0 Osallistutaan kylien v\u00e4liseen k\u00e4velykilpailuun<\/h4>\n<h4>Saunailta \u00a0 \u00a0 \u00a0 \u00a0 \u00a0 \u00a0 \u00a0 \u00a0 \u00a0 \u00a0 \u00a0Pidet\u00e4\u00e4n talkoov\u00e4en saunailta yhdess\u00e4 Rajun kanssa<\/h4>\n<h4>Kes\u00e4tapahtuma\u00a0\u00a0\u00a0\u00a0\u00a0\u00a0\u00a0\u00a0\u00a0\u00a0 J\u00e4rjestet\u00e4\u00e4n perinteinen kes\u00e4tapahtuma Suikkalassa<\/h4>\n<h4>\u00c4itsaari-kierros\u00a0\u00a0\u00a0\u00a0\u00a0\u00a0\u00a0\u00a0\u00a0\u00a0Suoramyyntitapahtuman info-piste Kyl\u00e4tuvalla (19.7.)<\/h4>\n<h4>Retki \u00a0 \u00a0 \u00a0 \u00a0 \u00a0 \u00a0 \u00a0 \u00a0 \u00a0 \u00a0 \u00a0 \u00a0 \u00a0 \u00a0 \u00a0J\u00e4rjestet\u00e4\u00e4n\u00a0huhtikuussa s\u00e4r\u00e4retki Lemilla<\/h4>\n<h4>Onkikisat \u00a0 \u00a0 \u00a0 \u00a0 \u00a0 \u00a0 \u00a0 \u00a0 \u00a0 \u00a0 J\u00e4rjestet\u00e4\u00e4n mato-onkikisat loppukes\u00e4st\u00e4<\/h4>\n<h4>Hotellimatka\u00a0\u00a0\u00a0\u00a0\u00a0\u00a0\u00a0\u00a0\u00a0\u00a0\u00a0\u00a0\u00a0\u00a0 Tallinnan hotellimatka Rajun kanssa<\/h4>\n<h4>Er\u00e4tulet \u00a0 \u00a0 \u00a0 \u00a0 \u00a0 \u00a0 \u00a0 \u00a0 \u00a0 \u00a0 \u00a0 \u00a0 Joulurauhan julistus ja er\u00e4tulet H\u00e4nnil\u00e4ss\u00e4<\/h4>\n<h4>Kotisivut \u00a0 \u00a0 \u00a0 \u00a0 \u00a0 \u00a0 \u00a0 \u00a0 \u00a0 \u00a0 \u00a0 Yll\u00e4pidet\u00e4\u00e4n kyl\u00e4n kotisivuja<\/h4>\n<h4>Astiasto \u00a0 \u00a0 \u00a0 \u00a0 \u00a0 \u00a0 \u00a0 \u00a0 \u00a0 \u00a0 \u00a0 \u00a0 Vuokrataan astiastoa (150 hengelle)<\/h4>\n<h4>Muu toiminta\u00a0\u00a0\u00a0\u00a0\u00a0\u00a0\u00a0\u00a0\u00a0\u00a0\u00a0\u00a0\u00a0Osallistutaan tarvittaessa ja harkinnan mukaan muuhun toimintaan<\/h4>\n<p><strong>Hallinto<\/strong><\/p>\n<h4>Kokoukset\u00a0\u00a0\u00a0\u00a0\u00a0\u00a0\u00a0\u00a0\u00a0\u00a0\u00a0\u00a0\u00a0\u00a0\u00a0\u00a0\u00a0\u00a0\u00a0S\u00e4\u00e4nt\u00f6m\u00e4\u00e4r\u00e4inen kokous 2 x vuodessa, hallitus tarvittaessa<\/h4>\n<h4>Kyl\u00e4tiedote\u00a0\u00a0\u00a0\u00a0\u00a0\u00a0\u00a0\u00a0\u00a0\u00a0\u00a0\u00a0\u00a0\u00a0\u00a0\u00a0\u00a0 Julkaistaan v\u00e4hint\u00e4\u00e4n yksi kyl\u00e4tiedote<\/h4>\n<p>&nbsp;<\/p>\n<p>&nbsp;<\/p>\n<h5><\/h5>\n<address>\u00a0<\/address>\n","protected":false},"excerpt":{"rendered":"<p>\u00a0 Tapahtumat yms. Karaokeilta\u00a0\u00a0\u00a0\u00a0\u00a0\u00a0\u00a0\u00a0\u00a0\u00a0\u00a0\u00a0\u00a0\u00a0\u00a0\u00a0 \u00a0Kyl\u00e4karaoke Kyl\u00e4tuvalla 14.2.2015 Siivoustalkoot \u00a0 \u00a0 \u00a0 \u00a0 \u00a0 \u00a0 Siivotaan roskat\u00a0teiden varsilta sek\u00e4\u00a0Kyl\u00e4tuvan ymp\u00e4rist\u00f6 Maalaus \u00a0 \u00a0 \u00a0 \u00a0 \u00a0 \u00a0 \u00a0 \u00a0 \u00a0 \u00a0 \u00a0 \u00a0Jatketaan Kyl\u00e4tuvan sis\u00e4maalausta K\u00e4velykilpailu \u00a0 \u00a0 \u00a0 \u00a0 \u00a0 \u00a0 Osallistutaan kylien v\u00e4liseen k\u00e4velykilpailuun Saunailta \u00a0 \u00a0 \u00a0 \u00a0 \u00a0 \u00a0 \u00a0 \u00a0 \u00a0 &hellip; <a href=\"https:\/\/kylat.meitadev.fi\/aitsaari\/kylayhdistys\/toimintasuunnitelma\/\" class=\"more-link\">Continue reading <span class=\"screen-reader-text\">Toimintasuunnitelma 2015<\/span><\/a><\/p>\n","protected":false},"author":127,"featured_media":0,"parent":5,"menu_order":0,"comment_status":"closed","ping_status":"closed","template":"onecolumn-page.php","meta":{"footnotes":""},"_links":{"self":[{"href":"https:\/\/kylat.meitadev.fi\/aitsaari\/wp-json\/wp\/v2\/pages\/21"}],"collection":[{"href":"https:\/\/kylat.meitadev.fi\/aitsaari\/wp-json\/wp\/v2\/pages"}],"about":[{"href":"https:\/\/kylat.meitadev.fi\/aitsaari\/wp-json\/wp\/v2\/types\/page"}],"author":[{"embeddable":true,"href":"https:\/\/kylat.meitadev.fi\/aitsaari\/wp-json\/wp\/v2\/users\/127"}],"replies":[{"embeddable":true,"href":"https:\/\/kylat.meitadev.fi\/aitsaari\/wp-json\/wp\/v2\/comments?post=21"}],"version-history":[{"count":37,"href":"https:\/\/kylat.meitadev.fi\/aitsaari\/wp-json\/wp\/v2\/pages\/21\/revisions"}],"predecessor-version":[{"id":915,"href":"https:\/\/kylat.meitadev.fi\/aitsaari\/wp-json\/wp\/v2\/pages\/21\/revisions\/915"}],"up":[{"embeddable":true,"href":"https:\/\/kylat.meitadev.fi\/aitsaari\/wp-json\/wp\/v2\/pages\/5"}],"wp:attachment":[{"href":"https:\/\/kylat.meitadev.fi\/aitsaari\/wp-json\/wp\/v2\/media?parent=21"}],"curies":[{"name":"wp","href":"https:\/\/api.w.org\/{rel}","templated":true}]}}