{"id":43,"date":"2012-09-25T13:48:09","date_gmt":"2012-09-25T13:48:09","guid":{"rendered":"https:\/\/kylat.meitadev.fi\/aitsaari\/?page_id=43"},"modified":"2013-07-23T06:23:59","modified_gmt":"2013-07-23T06:23:59","slug":"kylasuunnitelma","status":"publish","type":"page","link":"https:\/\/kylat.meitadev.fi\/aitsaari\/kylasuunnitelma\/","title":{"rendered":"Kyl\u00e4suunnitelma"},"content":{"rendered":"<p>\u00c4itsaaren talousalueen kyl\u00e4suunnitelma vuosille 2005-2015 tehtiin osana EU-rahoitteista Kyl\u00e4kahdeksikko -hanketta. Kyl\u00e4suunnitelman pohjaksi suoritettiin kyl\u00e4kysely ja lomakkeet l\u00e4hetettiin sek\u00e4 vakituisille asukkaille ett\u00e4 alueen kes\u00e4asukkaille. Hankevet\u00e4j\u00e4 Kati H\u00e4yh\u00e4 teki vastauksista koosteen mink\u00e4 pohjalta kyl\u00e4suunnitelmaa ty\u00f6stettiin toimikunnissa. Lopullisen kyl\u00e4suunnitelman kasasi Kati H\u00e4yh\u00e4.<\/p>\n<p>Kyl\u00e4suunnitelmaan voit tutustua linkist\u00e4 <a href=\"https:\/\/kylat.meitadev.fi\/aitsaari\/wp-content\/uploads\/sites\/49\/2012\/09\/Kyl\u00e4suunnitelma1.pdf\">Kyl\u00e4suunnitelma<\/a><\/p>\n","protected":false},"excerpt":{"rendered":"<p>\u00c4itsaaren talousalueen kyl\u00e4suunnitelma vuosille 2005-2015 tehtiin osana EU-rahoitteista Kyl\u00e4kahdeksikko -hanketta. Kyl\u00e4suunnitelman pohjaksi suoritettiin kyl\u00e4kysely ja lomakkeet l\u00e4hetettiin sek\u00e4 vakituisille asukkaille ett\u00e4 alueen kes\u00e4asukkaille. Hankevet\u00e4j\u00e4 Kati H\u00e4yh\u00e4 teki vastauksista koosteen mink\u00e4 pohjalta kyl\u00e4suunnitelmaa ty\u00f6stettiin toimikunnissa. Lopullisen kyl\u00e4suunnitelman kasasi Kati H\u00e4yh\u00e4. Kyl\u00e4suunnitelmaan voit tutustua linkist\u00e4 Kyl\u00e4suunnitelma<\/p>\n","protected":false},"author":127,"featured_media":0,"parent":0,"menu_order":5,"comment_status":"closed","ping_status":"closed","template":"","meta":{"footnotes":""},"_links":{"self":[{"href":"https:\/\/kylat.meitadev.fi\/aitsaari\/wp-json\/wp\/v2\/pages\/43"}],"collection":[{"href":"https:\/\/kylat.meitadev.fi\/aitsaari\/wp-json\/wp\/v2\/pages"}],"about":[{"href":"https:\/\/kylat.meitadev.fi\/aitsaari\/wp-json\/wp\/v2\/types\/page"}],"author":[{"embeddable":true,"href":"https:\/\/kylat.meitadev.fi\/aitsaari\/wp-json\/wp\/v2\/users\/127"}],"replies":[{"embeddable":true,"href":"https:\/\/kylat.meitadev.fi\/aitsaari\/wp-json\/wp\/v2\/comments?post=43"}],"version-history":[{"count":9,"href":"https:\/\/kylat.meitadev.fi\/aitsaari\/wp-json\/wp\/v2\/pages\/43\/revisions"}],"predecessor-version":[{"id":100,"href":"https:\/\/kylat.meitadev.fi\/aitsaari\/wp-json\/wp\/v2\/pages\/43\/revisions\/100"}],"wp:attachment":[{"href":"https:\/\/kylat.meitadev.fi\/aitsaari\/wp-json\/wp\/v2\/media?parent=43"}],"curies":[{"name":"wp","href":"https:\/\/api.w.org\/{rel}","templated":true}]}}