{"id":452,"date":"2013-01-08T18:54:14","date_gmt":"2013-01-08T18:54:14","guid":{"rendered":"https:\/\/kylat.meitadev.fi\/aitsaari\/?page_id=452"},"modified":"2015-11-29T15:36:48","modified_gmt":"2015-11-29T15:36:48","slug":"vuosikertomus-2012","status":"publish","type":"page","link":"https:\/\/kylat.meitadev.fi\/aitsaari\/kylayhdistys\/vuosikertomukset\/vuosikertomus-2012\/","title":{"rendered":"2012"},"content":{"rendered":"<p><strong>Toiminta vuoden aikana<\/strong><\/p>\n<p>Toimintavuosi k\u00e4ynnistettiin edellisen vuoden tapaan Yst\u00e4v\u00e4np\u00e4iv\u00e4n karaokeiltamilla mitk\u00e4 j\u00e4rjestettiin Kyl\u00e4tuvalla lauantaina 18.2.2012. Yleis\u00f6\u00e4 kertyi enemm\u00e4n kuin edellisen\u00e4 vuonna joten tapahtuma tuli j\u00e4\u00e4d\u00e4kseen.<\/p>\n<p>Tanssiretki suuntautui aikaisemmista vuosista poiketen Iiti\u00e4n lavalle. Retki toteutettiin yhdess\u00e4 Rajun \u00c4itsaaren osaston kanssa lauantaina 12.5.2012. Koleasta kev\u00e4ts\u00e4\u00e4st\u00e4 huolimatta matkaan l\u00e4hti mukava joukko tanssiv\u00e4ke\u00e4.<\/p>\n<p>\u00c4itsaari osallistui yhten\u00e4 kyl\u00e4n\u00e4 kylien v\u00e4liseen k\u00e4velykilpailuun. Vaikka n\u00e4in laajana alueena emme p\u00e4\u00e4se palkintosijoille, kilpailu kannustaa reippailemaan. T\u00e4ll\u00e4 kertaa suorituksia kertyi 4\u00a0959 miss\u00e4 on lis\u00e4yst\u00e4 edelliseen vuoteen 141. Sijoitus kilpailussa oli viides.<\/p>\n<p>Kev\u00e4iset siivoustalkoot j\u00e4rjestettiin H\u00e4nnil\u00e4ss\u00e4 ja Kyl\u00e4tuvalla. Siivous keskittyi l\u00e4hinn\u00e4 piha-alueisiin. Vapaaehtoisvoimin ker\u00e4iltiin my\u00f6s roskia teiden varsilta pitkin kes\u00e4\u00e4.<\/p>\n<p>Kyl\u00e4iltaa vietettiin Suikkalan lavalla lauantaina 14.7. T\u00e4m\u00e4n vuoden t\u00e4htiesiintyj\u00e4n\u00e4 oli Mikko Alatalo s\u00e4est\u00e4j\u00e4ns\u00e4 kanssa. Mikko sek\u00e4 laulatti yleis\u00f6\u00e4 ett\u00e4 lauloi itse. Lapsia viihdytt\u00e4m\u00e4\u00e4n paikalle oli saapunut amerikan minihevonen Camaro. Perinteisest\u00e4 ohjelmasta ei luovuttu nytk\u00e4\u00e4n ja mets\u00e4stysseuran luontopolulla testattiin osaamista eri aloilla. Saappaan- ja tikanheiton mestaruudet ratkaistiin kuten aikaisempinakin vuosina ja Paavo laulatti v\u00e4ke\u00e4 terassilla. L\u00e4hinn\u00e4 lahjoituksena saatujen hyvien palkintojen ymp\u00e4rille rakentuvat arpajaiset kattoivat illan kulut. My\u00f6s kahvion ja grillin myynnill\u00e4 saatiin tuloja kyl\u00e4yhdistykselle. J\u00e4rjestelyihin osallistui kyl\u00e4yhdistyksen lis\u00e4ksi Raju ja mets\u00e4stysseura.<\/p>\n<p>Kyl\u00e4tupa toimi \u00c4itsaari-kierroksen yhten\u00e4 kohteena ja infopisteen\u00e4. \u00c4itsaari-kierros toteutettiin paikallisten yritt\u00e4jien toimesta sunnuntaina 22.7. Kyl\u00e4tuvalla oli t\u00e4n\u00e4kin vuonna useita myyntipisteit\u00e4 ja v\u00e4ke\u00e4 liikkui edellisten vuosien tapaan runsaasti.<\/p>\n<p>Talkoov\u00e4en saunailtaa vietettiin yhdess\u00e4 rajulaisten kanssa Kes\u00e4rannan lomamajoilla 31.8. Kyl\u00e4yhdistys tarjosi iltapalaa ja virvokkeita.<\/p>\n<p>Hotellimatka rajulaisten kanssa ajoittuu perinteisesti marraskuun alkuun, t\u00e4n\u00e4 vuonna olimmeTallinnassa 2.-3.11. Yhteinen illallinen nautittiin perjantai-iltana Grillhaus Daubessa ja lauantaina tutustuimme KGB:n museoon Virun yl\u00e4kerrassa.<\/p>\n<p>Er\u00e4tulille ker\u00e4\u00e4nnyttiin Kyl\u00e4tuvan kent\u00e4lle perjantaina 21.12. Talvisessa s\u00e4\u00e4ss\u00e4 nautittiin kyl\u00e4yhdistyksen tarjoamaa makkaraa, puuroa, g\u00f6gi\u00e4 ja pipareita.<\/p>\n<p><strong>J\u00e4senet<\/strong><\/p>\n<p>Yhdistyksess\u00e4 on j\u00e4senmaksun maksaneita j\u00e4seni\u00e4 139 ja j\u00e4senmaksuja kertyi 973 euroa.<\/p>\n<p><strong>Saadut avustukset<\/strong><\/p>\n<p>Kunnan avustusk\u00e4yt\u00e4nt\u00f6 on muuttunut ja yhdistykselle my\u00f6nnettiin toiminta-avustusta 100,00 euroa.<\/p>\n<h1><\/h1>\n<p><strong>Muuta\u00a0<\/strong><\/p>\n<p>Ruokolahti-markkinoiden yhteydess\u00e4 14.10. jaettiin Ruokolahti-palkinto. T\u00e4n\u00e4 vuonna\u00a0palkinto luovutettiin \u00c4itsaari-kierrokselle. Palkinnon vastaanottivat kierroksen perustajaj\u00e4sen Esko Liutu ja kyl\u00e4yhdistyksen puheenjohtaja Sirpa Monto.<\/p>\n<p>Astiaston vuokraus on lis\u00e4\u00e4ntynyt aikaisempiin vuosiin verrattuna. Astiavuokria kertyi 346 euroa.<\/p>\n<p>Kyl\u00e4tuvalla pidettiin vuoden aikana lukuisia kokouksia sek\u00e4 my\u00f6s joitakin yksityis-tilaisuuksia. Ampujat ovat k\u00e4ytt\u00e4neet rataa talvikautena l\u00e4hes viikoittain ja my\u00f6s kuntosalilaitteilla on ollut satunnaisia k\u00e4ytt\u00e4ji\u00e4. Kyl\u00e4tuvan perussiisteydest\u00e4 vastaa yhdistyksen palkkaama siivooja.<\/p>\n<p><strong>Kokoukset ja tiedotteet<\/strong><\/p>\n<p>Kyl\u00e4yhdistyksen yleiset kokoukset pidettiin 07.05. ja 11.12. Hallitus kokoontui kaksi kertaa. Kyl\u00e4tiedotteita julkaistiin yksi.<\/p>\n<p><strong>\u00a0Tilikauden tulos<\/strong><\/p>\n<p><strong>\u00a0<\/strong>Tilikauden ylij\u00e4\u00e4m\u00e4 on 261,03 \u20ac.<\/p>\n<p><strong>Toimihenkil\u00f6t<\/strong><strong>\u00a0<\/strong><\/p>\n<p>Puheenjohtaja: Sirpa Monto<\/p>\n<p>Varapuheenjohtaja: Erja Liukka<\/p>\n<p>Sihteeri\/rahastonhoitaja: Ritva Varis<\/p>\n<p>Muut johtokunnan j\u00e4senet:\u00a0Olavi Hannula, Hanna Kivioja,\u00a0Elina Ronkonen, \u00a0 \u00a0 \u00a0 \u00a0 \u00a0 \u00a0 \u00a0 \u00a0 Pekka Niemel\u00e4inen,\u00a0Oiva J\u00e4ppinen ja Rauno Savolainen<\/p>\n<p>Varaj\u00e4senet: Jouko Savolainen ja Risto Ronkonen<\/p>\n<p>Tilintarkastajat:\u00a0Raimo Kuosma (Riitta Kuosma) \u00a0 ja Reijo H\u00e4nninen (Helena Siki\u00f6)<\/p>\n","protected":false},"excerpt":{"rendered":"<p>Toiminta vuoden aikana Toimintavuosi k\u00e4ynnistettiin edellisen vuoden tapaan Yst\u00e4v\u00e4np\u00e4iv\u00e4n karaokeiltamilla mitk\u00e4 j\u00e4rjestettiin Kyl\u00e4tuvalla lauantaina 18.2.2012. Yleis\u00f6\u00e4 kertyi enemm\u00e4n kuin edellisen\u00e4 vuonna joten tapahtuma tuli j\u00e4\u00e4d\u00e4kseen. Tanssiretki suuntautui aikaisemmista vuosista poiketen Iiti\u00e4n lavalle. Retki toteutettiin yhdess\u00e4 Rajun \u00c4itsaaren osaston kanssa lauantaina 12.5.2012. Koleasta kev\u00e4ts\u00e4\u00e4st\u00e4 huolimatta matkaan l\u00e4hti mukava joukko tanssiv\u00e4ke\u00e4. \u00c4itsaari osallistui yhten\u00e4 kyl\u00e4n\u00e4 kylien v\u00e4liseen &hellip; <a href=\"https:\/\/kylat.meitadev.fi\/aitsaari\/kylayhdistys\/vuosikertomukset\/vuosikertomus-2012\/\" class=\"more-link\">Continue reading <span class=\"screen-reader-text\">2012<\/span><\/a><\/p>\n","protected":false},"author":127,"featured_media":0,"parent":454,"menu_order":0,"comment_status":"closed","ping_status":"closed","template":"","meta":{"footnotes":""},"_links":{"self":[{"href":"https:\/\/kylat.meitadev.fi\/aitsaari\/wp-json\/wp\/v2\/pages\/452"}],"collection":[{"href":"https:\/\/kylat.meitadev.fi\/aitsaari\/wp-json\/wp\/v2\/pages"}],"about":[{"href":"https:\/\/kylat.meitadev.fi\/aitsaari\/wp-json\/wp\/v2\/types\/page"}],"author":[{"embeddable":true,"href":"https:\/\/kylat.meitadev.fi\/aitsaari\/wp-json\/wp\/v2\/users\/127"}],"replies":[{"embeddable":true,"href":"https:\/\/kylat.meitadev.fi\/aitsaari\/wp-json\/wp\/v2\/comments?post=452"}],"version-history":[{"count":5,"href":"https:\/\/kylat.meitadev.fi\/aitsaari\/wp-json\/wp\/v2\/pages\/452\/revisions"}],"predecessor-version":[{"id":1005,"href":"https:\/\/kylat.meitadev.fi\/aitsaari\/wp-json\/wp\/v2\/pages\/452\/revisions\/1005"}],"up":[{"embeddable":true,"href":"https:\/\/kylat.meitadev.fi\/aitsaari\/wp-json\/wp\/v2\/pages\/454"}],"wp:attachment":[{"href":"https:\/\/kylat.meitadev.fi\/aitsaari\/wp-json\/wp\/v2\/media?parent=452"}],"curies":[{"name":"wp","href":"https:\/\/api.w.org\/{rel}","templated":true}]}}