{"id":49,"date":"2012-09-25T13:54:42","date_gmt":"2012-09-25T13:54:42","guid":{"rendered":"https:\/\/kylat.meitadev.fi\/aitsaari\/?page_id=49"},"modified":"2013-07-23T06:24:29","modified_gmt":"2013-07-23T06:24:29","slug":"aitsaari-kierros","status":"publish","type":"page","link":"https:\/\/kylat.meitadev.fi\/aitsaari\/aitsaari-kierros\/","title":{"rendered":"\u00c4itsaari-kierros"},"content":{"rendered":"<p><a href=\"https:\/\/kylat.meitadev.fi\/aitsaari\/wp-content\/uploads\/sites\/49\/2012\/09\/kierros-logo-0011.jpg\"><img loading=\"lazy\" decoding=\"async\" class=\"alignleft size-full wp-image-109\" src=\"https:\/\/kylat.meitadev.fi\/aitsaari\/wp-content\/uploads\/sites\/49\/2012\/09\/kierros-logo-0011.jpg\" alt=\"\" width=\"258\" height=\"221\" \/><\/a>\u00c4itsaari-kierros on saanut alkunsa v. 1990 silloisen elinkeinoasimies Risto Luukkosen esitetty\u00e4 yhteismarkkinointikokeilun j\u00e4rjest\u00e4mist\u00e4 paikallisille viljelij\u00f6ille. Asiaa kehittelem\u00e4\u00e4n nimettiin ty\u00f6ryhm\u00e4 ja kokeilu p\u00e4\u00e4tettiin toteuttaa avoimien ovien p\u00e4iv\u00e4n\u00e4. Tapahtumalle annettiin nimi \u00c4itsaari-kierros. Ensimm\u00e4inen kierros j\u00e4rjestettiin elokuun ensimm\u00e4isen\u00e4 sunnuntaina vuonna 1990 ja mukana oli 11 kohdetta eri puolilla saarta.<\/p>\n<p>Tapahtuma tuli j\u00e4\u00e4d\u00e4kseen. Aikojen saatossa kohteet ovat vaihtuneet mutta mukaan mahtuu viel\u00e4 jokunen yritt\u00e4j\u00e4 joka on ollut mukana alusta saakka. Nykyisell\u00e4\u00e4n kierroksen luonne alkuper\u00e4isest\u00e4 suoramyyntitapahtumasta on ehk\u00e4 hieman muuttunut mutta vuosi vuodelta k\u00e4vij\u00e4m\u00e4\u00e4r\u00e4 on pysynyt suurena, jopa kasvanut. Maaseudun rauha, kotiel\u00e4imet ja kauniit maisemat vet\u00e4v\u00e4t ihmisi\u00e4 puoleensa.<\/p>\n","protected":false},"excerpt":{"rendered":"<p>\u00c4itsaari-kierros on saanut alkunsa v. 1990 silloisen elinkeinoasimies Risto Luukkosen esitetty\u00e4 yhteismarkkinointikokeilun j\u00e4rjest\u00e4mist\u00e4 paikallisille viljelij\u00f6ille. Asiaa kehittelem\u00e4\u00e4n nimettiin ty\u00f6ryhm\u00e4 ja kokeilu p\u00e4\u00e4tettiin toteuttaa avoimien ovien p\u00e4iv\u00e4n\u00e4. Tapahtumalle annettiin nimi \u00c4itsaari-kierros. Ensimm\u00e4inen kierros j\u00e4rjestettiin elokuun ensimm\u00e4isen\u00e4 sunnuntaina vuonna 1990 ja mukana oli 11 kohdetta eri puolilla saarta. Tapahtuma tuli j\u00e4\u00e4d\u00e4kseen. Aikojen saatossa kohteet ovat vaihtuneet mutta &hellip; <a href=\"https:\/\/kylat.meitadev.fi\/aitsaari\/aitsaari-kierros\/\" class=\"more-link\">Continue reading <span class=\"screen-reader-text\">\u00c4itsaari-kierros<\/span><\/a><\/p>\n","protected":false},"author":127,"featured_media":0,"parent":0,"menu_order":9,"comment_status":"closed","ping_status":"closed","template":"","meta":{"footnotes":""},"_links":{"self":[{"href":"https:\/\/kylat.meitadev.fi\/aitsaari\/wp-json\/wp\/v2\/pages\/49"}],"collection":[{"href":"https:\/\/kylat.meitadev.fi\/aitsaari\/wp-json\/wp\/v2\/pages"}],"about":[{"href":"https:\/\/kylat.meitadev.fi\/aitsaari\/wp-json\/wp\/v2\/types\/page"}],"author":[{"embeddable":true,"href":"https:\/\/kylat.meitadev.fi\/aitsaari\/wp-json\/wp\/v2\/users\/127"}],"replies":[{"embeddable":true,"href":"https:\/\/kylat.meitadev.fi\/aitsaari\/wp-json\/wp\/v2\/comments?post=49"}],"version-history":[{"count":13,"href":"https:\/\/kylat.meitadev.fi\/aitsaari\/wp-json\/wp\/v2\/pages\/49\/revisions"}],"predecessor-version":[{"id":577,"href":"https:\/\/kylat.meitadev.fi\/aitsaari\/wp-json\/wp\/v2\/pages\/49\/revisions\/577"}],"wp:attachment":[{"href":"https:\/\/kylat.meitadev.fi\/aitsaari\/wp-json\/wp\/v2\/media?parent=49"}],"curies":[{"name":"wp","href":"https:\/\/api.w.org\/{rel}","templated":true}]}}