{"id":121,"date":"2011-09-21T09:36:40","date_gmt":"2011-09-21T06:36:40","guid":{"rendered":"https:\/\/kylat.meitadev.fi\/huttula\/?page_id=121"},"modified":"2017-11-06T17:58:39","modified_gmt":"2017-11-06T15:58:39","slug":"mielakan-veneranta","status":"publish","type":"page","link":"https:\/\/kylat.meitadev.fi\/huttula\/mielakan-veneranta\/","title":{"rendered":"Mielakan veneranta"},"content":{"rendered":"<p>Yhdistyksell\u00e4 on veneranta ja uimapaikka Mielakan saaressa.<\/p>\n<p><a href=\"https:\/\/kylat.meitadev.fi\/huttula\/wp-content\/uploads\/sites\/8\/2011\/09\/mielakka1.jpg\"><img loading=\"lazy\" decoding=\"async\" class=\"alignnone size-full wp-image-122\" src=\"https:\/\/kylat.meitadev.fi\/huttula\/wp-content\/uploads\/sites\/8\/2011\/09\/mielakka1.jpg\" alt=\"\" width=\"400\" height=\"300\" \/><\/a><\/p>\n<p>Grillikatoksessa on mahdollisuus makkaran paistoon.<\/p>\n<p><a href=\"https:\/\/kylat.meitadev.fi\/huttula\/wp-content\/uploads\/sites\/8\/2011\/09\/juhannus1.jpg\"><img loading=\"lazy\" decoding=\"async\" class=\"alignnone size-full wp-image-125\" src=\"https:\/\/kylat.meitadev.fi\/huttula\/wp-content\/uploads\/sites\/8\/2011\/09\/juhannus1.jpg\" alt=\"\" width=\"272\" height=\"477\" \/><\/a><\/p>\n<p>Yhdistys on usein j\u00e4rjest\u00e4nyt kes\u00e4m\u00f6kkil\u00e4isten kanssa yhteisen Juhannuksen vieton Mielakan venerannassa.<\/p>\n<p><strong>Venepaikat<\/strong><\/p>\n<p>Venepaikkoja vuokrataan ko hinnoin kaikille tarvitseville ilmoittautumisj\u00e4rjestyksess\u00e4.<br \/>\nVenepaikkamaksut ovat:<\/p>\n<p>Laituripaikka 40 EUR<br \/>\nMaapaikka 20 EUR<\/p>\n<p>Vierasvenepaikka on laiturin p\u00e4\u00e4ss\u00e4.<\/p>\n<p>Venepaikkavastaava, Timo Kangasm\u00e4ki: 050 537 9656<\/p>\n<p>Maksun voi suorittaa Huttulan seudun kyl\u00e4yhdistys ry:n tilille:<br \/>\nLemin OP FI68 5227 0840 0226 24<\/p>\n","protected":false},"excerpt":{"rendered":"<p>Yhdistyksell\u00e4 on veneranta ja uimapaikka Mielakan saaressa. Grillikatoksessa on mahdollisuus makkaran paistoon. Yhdistys on usein j\u00e4rjest\u00e4nyt kes\u00e4m\u00f6kkil\u00e4isten kanssa yhteisen Juhannuksen vieton Mielakan venerannassa. Venepaikat Venepaikkoja vuokrataan ko hinnoin kaikille tarvitseville ilmoittautumisj\u00e4rjestyksess\u00e4. Venepaikkamaksut ovat: Laituripaikka 40 EUR Maapaikka 20 EUR Vierasvenepaikka on laiturin p\u00e4\u00e4ss\u00e4. Venepaikkavastaava, Timo Kangasm\u00e4ki: 050 537 9656 Maksun voi suorittaa Huttulan seudun kyl\u00e4yhdistys &hellip; <a href=\"https:\/\/kylat.meitadev.fi\/huttula\/mielakan-veneranta\/\" class=\"more-link\">Continue reading <span class=\"screen-reader-text\">Mielakan veneranta<\/span><\/a><\/p>\n","protected":false},"author":11,"featured_media":0,"parent":0,"menu_order":8,"comment_status":"closed","ping_status":"closed","template":"onecolumn-page.php","meta":{"footnotes":""},"_links":{"self":[{"href":"https:\/\/kylat.meitadev.fi\/huttula\/wp-json\/wp\/v2\/pages\/121"}],"collection":[{"href":"https:\/\/kylat.meitadev.fi\/huttula\/wp-json\/wp\/v2\/pages"}],"about":[{"href":"https:\/\/kylat.meitadev.fi\/huttula\/wp-json\/wp\/v2\/types\/page"}],"author":[{"embeddable":true,"href":"https:\/\/kylat.meitadev.fi\/huttula\/wp-json\/wp\/v2\/users\/11"}],"replies":[{"embeddable":true,"href":"https:\/\/kylat.meitadev.fi\/huttula\/wp-json\/wp\/v2\/comments?post=121"}],"version-history":[{"count":7,"href":"https:\/\/kylat.meitadev.fi\/huttula\/wp-json\/wp\/v2\/pages\/121\/revisions"}],"predecessor-version":[{"id":289,"href":"https:\/\/kylat.meitadev.fi\/huttula\/wp-json\/wp\/v2\/pages\/121\/revisions\/289"}],"wp:attachment":[{"href":"https:\/\/kylat.meitadev.fi\/huttula\/wp-json\/wp\/v2\/media?parent=121"}],"curies":[{"name":"wp","href":"https:\/\/api.w.org\/{rel}","templated":true}]}}