{"id":38,"date":"2012-09-06T13:32:56","date_gmt":"2012-09-06T13:32:56","guid":{"rendered":"https:\/\/kylat.meitadev.fi\/jankasalo\/?page_id=38"},"modified":"2020-10-14T09:26:29","modified_gmt":"2020-10-14T09:26:29","slug":"jankasalon-era-weikot","status":"publish","type":"page","link":"https:\/\/kylat.meitadev.fi\/jankasalo\/yhdistykset\/jankasalon-era-weikot\/","title":{"rendered":"J\u00c4NK\u00c4SALON ER\u00c4-WEIKOT"},"content":{"rendered":"<div id=\"attachment_39\" style=\"width: 410px\" class=\"wp-caption alignnone\"><a href=\"https:\/\/kylat.meitadev.fi\/jankasalo\/wp-content\/uploads\/sites\/50\/2012\/09\/hirvi.jpg\"><img loading=\"lazy\" decoding=\"async\" aria-describedby=\"caption-attachment-39\" class=\"size-full wp-image-39\" src=\"https:\/\/kylat.meitadev.fi\/jankasalo\/wp-content\/uploads\/sites\/50\/2012\/09\/hirvi.jpg\" alt=\"\" width=\"400\" height=\"300\" \/><\/a><p id=\"caption-attachment-39\" class=\"wp-caption-text\">Repolanlahden uimari<\/p><\/div>\n<p><strong>HIRVIPEIJAISET \u00a0 \u00a02 0 2 0\u00a0 ON PERUUTETTU<br \/>\n<\/strong><\/p>\n<p><strong>Riistanhoitoyhdistyksen ja Mets\u00e4st\u00e4j\u00e4liiton suositusten mukaisesti J\u00e4nk\u00e4salon Er\u00e4-Weikkojen perinteiset hirvipeijaiset on t\u00e4n\u00e4 syksyn\u00e4 peruutettu.<br \/>\n<\/strong><\/p>\n<p>Jos 2021 kev\u00e4\u00e4ll\u00e4 \/ alkukes\u00e4st\u00e4 tilanne on muuttunut, j\u00e4rjest\u00e4mme <em><strong>alkukes\u00e4n peijaiset<\/strong><\/em>, joista ilmoitetaan sitten erikseen.<\/p>\n<p><em>Er\u00e4-Weikot \/ hallitus<\/em><\/p>\n<p>Vuonna 2005 J\u00e4nk\u00e4salon maanomistajat perustivat mets\u00e4stysseuran, J\u00e4nk\u00e4salon Er\u00e4-Weikot Ry:n. Seuran tavoitteena on huolehtia riistanhoidosta ja harjoittaa mets\u00e4styst\u00e4 J\u00e4nk\u00e4salossa ja sen l\u00e4hisaarissa. Er\u00e4-Weikot ei ole pelk\u00e4st\u00e4\u00e4n mets\u00e4stysseura, vaan sen tavoitteena on edist\u00e4\u00e4 muutakin er\u00e4toimintaa. Seura tarjoaa mahdollisuuksia my\u00f6s sellaisille j\u00e4senille, jotka eiv\u00e4t ole aktiivisia mets\u00e4st\u00e4ji\u00e4.<\/p>\n<p><strong>Yhteystiedot<\/strong><br \/>\nJ\u00e4nk\u00e4salon Er\u00e4-Weikot ry:n johtokunta:<br \/>\nPuheenjohtaja Kari Halmetoja\u00a0 puh. 040 550 5414<\/p>\n","protected":false},"excerpt":{"rendered":"<p>HIRVIPEIJAISET \u00a0 \u00a02 0 2 0\u00a0 ON PERUUTETTU Riistanhoitoyhdistyksen ja Mets\u00e4st\u00e4j\u00e4liiton suositusten mukaisesti J\u00e4nk\u00e4salon Er\u00e4-Weikkojen perinteiset hirvipeijaiset on t\u00e4n\u00e4 syksyn\u00e4 peruutettu. Jos 2021 kev\u00e4\u00e4ll\u00e4 \/ alkukes\u00e4st\u00e4 tilanne on muuttunut, j\u00e4rjest\u00e4mme alkukes\u00e4n peijaiset, joista ilmoitetaan sitten erikseen. Er\u00e4-Weikot \/ hallitus Vuonna &hellip; <a href=\"https:\/\/kylat.meitadev.fi\/jankasalo\/yhdistykset\/jankasalon-era-weikot\/\">Lue loppuun <span class=\"meta-nav\">&rarr;<\/span><\/a><\/p>\n","protected":false},"author":128,"featured_media":0,"parent":7,"menu_order":0,"comment_status":"closed","ping_status":"open","template":"sidebar-page.php","meta":{"footnotes":""},"_links":{"self":[{"href":"https:\/\/kylat.meitadev.fi\/jankasalo\/wp-json\/wp\/v2\/pages\/38"}],"collection":[{"href":"https:\/\/kylat.meitadev.fi\/jankasalo\/wp-json\/wp\/v2\/pages"}],"about":[{"href":"https:\/\/kylat.meitadev.fi\/jankasalo\/wp-json\/wp\/v2\/types\/page"}],"author":[{"embeddable":true,"href":"https:\/\/kylat.meitadev.fi\/jankasalo\/wp-json\/wp\/v2\/users\/128"}],"replies":[{"embeddable":true,"href":"https:\/\/kylat.meitadev.fi\/jankasalo\/wp-json\/wp\/v2\/comments?post=38"}],"version-history":[{"count":11,"href":"https:\/\/kylat.meitadev.fi\/jankasalo\/wp-json\/wp\/v2\/pages\/38\/revisions"}],"predecessor-version":[{"id":950,"href":"https:\/\/kylat.meitadev.fi\/jankasalo\/wp-json\/wp\/v2\/pages\/38\/revisions\/950"}],"up":[{"embeddable":true,"href":"https:\/\/kylat.meitadev.fi\/jankasalo\/wp-json\/wp\/v2\/pages\/7"}],"wp:attachment":[{"href":"https:\/\/kylat.meitadev.fi\/jankasalo\/wp-json\/wp\/v2\/media?parent=38"}],"curies":[{"name":"wp","href":"https:\/\/api.w.org\/{rel}","templated":true}]}}