{"id":779,"date":"2019-05-20T16:52:59","date_gmt":"2019-05-20T16:52:59","guid":{"rendered":"https:\/\/kylat.meitadev.fi\/jankasalo\/?page_id=779"},"modified":"2021-11-13T07:41:21","modified_gmt":"2021-11-13T07:41:21","slug":"ajankohtaista","status":"publish","type":"page","link":"https:\/\/kylat.meitadev.fi\/jankasalo\/ajankohtaista\/","title":{"rendered":"Ajankohtaista"},"content":{"rendered":"\n<figure class=\"wp-block-image size-full\"><a href=\"https:\/\/kylat.meitadev.fi\/jankasalo\/wp-content\/uploads\/sites\/50\/2021\/11\/Vuosikokouskutsu2021.jpg\"><img loading=\"lazy\" decoding=\"async\" width=\"960\" height=\"720\" src=\"https:\/\/kylat.meitadev.fi\/jankasalo\/wp-content\/uploads\/sites\/50\/2021\/11\/Vuosikokouskutsu2021.jpg\" alt=\"\" class=\"wp-image-1032\" srcset=\"https:\/\/kylat.meitadev.fi\/jankasalo\/wp-content\/uploads\/sites\/50\/2021\/11\/Vuosikokouskutsu2021.jpg 960w, https:\/\/kylat.meitadev.fi\/jankasalo\/wp-content\/uploads\/sites\/50\/2021\/11\/Vuosikokouskutsu2021-300x225.jpg 300w, https:\/\/kylat.meitadev.fi\/jankasalo\/wp-content\/uploads\/sites\/50\/2021\/11\/Vuosikokouskutsu2021-768x576.jpg 768w, https:\/\/kylat.meitadev.fi\/jankasalo\/wp-content\/uploads\/sites\/50\/2021\/11\/Vuosikokouskutsu2021-400x300.jpg 400w\" sizes=\"(max-width: 960px) 100vw, 960px\" \/><\/a><\/figure>\n\n\n\n<figure class=\"wp-block-image size-full\"><a href=\"https:\/\/kylat.meitadev.fi\/jankasalo\/wp-content\/uploads\/sites\/50\/2021\/11\/VuosikokouskutsuWeikot2021.jpg\"><img loading=\"lazy\" decoding=\"async\" width=\"960\" height=\"720\" src=\"https:\/\/kylat.meitadev.fi\/jankasalo\/wp-content\/uploads\/sites\/50\/2021\/11\/VuosikokouskutsuWeikot2021.jpg\" alt=\"\" class=\"wp-image-1036\" srcset=\"https:\/\/kylat.meitadev.fi\/jankasalo\/wp-content\/uploads\/sites\/50\/2021\/11\/VuosikokouskutsuWeikot2021.jpg 960w, https:\/\/kylat.meitadev.fi\/jankasalo\/wp-content\/uploads\/sites\/50\/2021\/11\/VuosikokouskutsuWeikot2021-300x225.jpg 300w, https:\/\/kylat.meitadev.fi\/jankasalo\/wp-content\/uploads\/sites\/50\/2021\/11\/VuosikokouskutsuWeikot2021-768x576.jpg 768w, https:\/\/kylat.meitadev.fi\/jankasalo\/wp-content\/uploads\/sites\/50\/2021\/11\/VuosikokouskutsuWeikot2021-400x300.jpg 400w\" sizes=\"(max-width: 960px) 100vw, 960px\" \/><\/a><\/figure>\n\n\n\n<figure class=\"wp-block-image size-large\"><a href=\"https:\/\/kylat.meitadev.fi\/jankasalo\/wp-content\/uploads\/sites\/50\/2021\/04\/Kylapyoraily3.jpg\"><img loading=\"lazy\" decoding=\"async\" width=\"960\" height=\"720\" src=\"https:\/\/kylat.meitadev.fi\/jankasalo\/wp-content\/uploads\/sites\/50\/2021\/04\/Kylapyoraily3.jpg\" alt=\"\" class=\"wp-image-988\" srcset=\"https:\/\/kylat.meitadev.fi\/jankasalo\/wp-content\/uploads\/sites\/50\/2021\/04\/Kylapyoraily3.jpg 960w, https:\/\/kylat.meitadev.fi\/jankasalo\/wp-content\/uploads\/sites\/50\/2021\/04\/Kylapyoraily3-300x225.jpg 300w, https:\/\/kylat.meitadev.fi\/jankasalo\/wp-content\/uploads\/sites\/50\/2021\/04\/Kylapyoraily3-768x576.jpg 768w, https:\/\/kylat.meitadev.fi\/jankasalo\/wp-content\/uploads\/sites\/50\/2021\/04\/Kylapyoraily3-400x300.jpg 400w\" sizes=\"(max-width: 960px) 100vw, 960px\" \/><\/a><\/figure>\n\n\n\n<p><strong>Valokuitu<\/strong> on saatu rakennettua ja se toimii hyvin saaren sis\u00e4ll\u00e4. <\/p>\n\n\n\n<p>Oman kiinteist\u00f6n liitt\u00e4misest\u00e4 my\u00f6hemmin valokuituun voi ottaa yhteytt\u00e4 suoraan Saimaan Kuitu Oy p. 040701 1230, info@saimaankuitu.fi .<\/p>\n\n\n\n<p><\/p>\n\n\n\n<p><strong>J\u00e4nk\u00e4salon Itsepalvelukioski palvelee Torirannassa<\/strong><\/p>\n\n\n\n<figure class=\"wp-block-image is-resized\"><img loading=\"lazy\" decoding=\"async\" src=\"https:\/\/kylat.meitadev.fi\/jankasalo\/wp-content\/uploads\/sites\/50\/2018\/07\/kioski-2018.jpg\" alt=\"\" width=\"446\" height=\"337\" \/><\/figure>\n\n\n\n<p><\/p>\n\n\n\n<p><\/p>\n\n\n\n<p><\/p>\n\n\n\n<figure class=\"wp-block-gallery columns-0 is-cropped wp-block-gallery-1 is-layout-flex wp-block-gallery-is-layout-flex\"><ul class=\"blocks-gallery-grid\"><\/ul><\/figure>\n\n\n\n<figure class=\"wp-block-gallery columns-0 is-cropped wp-block-gallery-2 is-layout-flex wp-block-gallery-is-layout-flex\"><ul class=\"blocks-gallery-grid\"><\/ul><\/figure>\n\n\n","protected":false},"excerpt":{"rendered":"<p>Valokuitu on saatu rakennettua ja se toimii hyvin saaren sis\u00e4ll\u00e4. Oman kiinteist\u00f6n liitt\u00e4misest\u00e4 my\u00f6hemmin valokuituun voi ottaa yhteytt\u00e4 suoraan Saimaan Kuitu Oy p. 040701 1230, info@saimaankuitu.fi . J\u00e4nk\u00e4salon Itsepalvelukioski palvelee Torirannassa<\/p>\n","protected":false},"author":128,"featured_media":0,"parent":0,"menu_order":0,"comment_status":"closed","ping_status":"closed","template":"","meta":{"footnotes":""},"_links":{"self":[{"href":"https:\/\/kylat.meitadev.fi\/jankasalo\/wp-json\/wp\/v2\/pages\/779"}],"collection":[{"href":"https:\/\/kylat.meitadev.fi\/jankasalo\/wp-json\/wp\/v2\/pages"}],"about":[{"href":"https:\/\/kylat.meitadev.fi\/jankasalo\/wp-json\/wp\/v2\/types\/page"}],"author":[{"embeddable":true,"href":"https:\/\/kylat.meitadev.fi\/jankasalo\/wp-json\/wp\/v2\/users\/128"}],"replies":[{"embeddable":true,"href":"https:\/\/kylat.meitadev.fi\/jankasalo\/wp-json\/wp\/v2\/comments?post=779"}],"version-history":[{"count":20,"href":"https:\/\/kylat.meitadev.fi\/jankasalo\/wp-json\/wp\/v2\/pages\/779\/revisions"}],"predecessor-version":[{"id":1038,"href":"https:\/\/kylat.meitadev.fi\/jankasalo\/wp-json\/wp\/v2\/pages\/779\/revisions\/1038"}],"wp:attachment":[{"href":"https:\/\/kylat.meitadev.fi\/jankasalo\/wp-json\/wp\/v2\/media?parent=779"}],"curies":[{"name":"wp","href":"https:\/\/api.w.org\/{rel}","templated":true}]}}