{"id":1421,"date":"2013-04-05T17:12:58","date_gmt":"2013-04-05T14:12:58","guid":{"rendered":"https:\/\/kylat.meitadev.fi\/kanava\/?page_id=1421"},"modified":"2013-04-05T17:24:30","modified_gmt":"2013-04-05T14:24:30","slug":"lasten-hiihtokilpailut-2013","status":"publish","type":"page","link":"https:\/\/kylat.meitadev.fi\/kanava\/tapahtumat\/lasten-hiihtokilpailut-2013\/","title":{"rendered":"Lasten hiihtokilpailut 2013"},"content":{"rendered":"<p>Lasten hiihtokilpailut j\u00e4rjestettiin sunnuntaina 10.3.2013 klo 13 alkaen Lyytikk\u00e4l\u00e4n urheilukent\u00e4ll\u00e4 kirpe\u00e4ss\u00e4, mutta aurinkoisessa kev\u00e4ttalven s\u00e4\u00e4ss\u00e4. Osallistujia oli runsaasti, yhteens\u00e4 6 tytt\u00f6\u00e4 ja 8 poikaa. Pienimm\u00e4t kilpailijat hiihtiv\u00e4t urheilukent\u00e4n ymp\u00e4ri ja isommat kiersiv\u00e4t noin 1,6 km pururata-\/peltolenkin. Kilpailijat palkittiin mitaleilla ja suklaapatukoilla. Lis\u00e4ksi kaikille paikallaolijoille oli tarjolla kahvia, mehua ja makkaraa.<\/p>\n<p>Kilpailun tulokset:<\/p>\n<p>Tyt\u00f6t 4 v.<br \/>\n1. Elsa 2:41<br \/>\n2. Vilppu 5:42<br \/>\n3. Ilona 15:48<br \/>\n4. Aino 24:40<\/p>\n<p>Pojat 4 v.<br \/>\n1. Lenni 2:41<\/p>\n<p>Tyt\u00f6t 6 v.<br \/>\n1. Sini 3:32<\/p>\n<p>Pojat 6 v.<br \/>\n1. Leevi 1:25<br \/>\n2. Mikko 2:45<\/p>\n<p>Tyt\u00f6t 8 v.<br \/>\n1. Milla 1:54<br \/>\n2. Maisa 2:00<\/p>\n<p>Pojat 10 v.<br \/>\n1. Veeti 13:20<\/p>\n<p>Pojat 12 v.<br \/>\n1. Miko 8:07<br \/>\n2. Santeri 12:59<\/p>\n<p>Pojat 14 v.<br \/>\n1. Joonas 7:49<\/p>\n","protected":false},"excerpt":{"rendered":"<p>Lasten hiihtokilpailut j\u00e4rjestettiin sunnuntaina 10.3.2013 klo 13 alkaen Lyytikk\u00e4l\u00e4n urheilukent\u00e4ll\u00e4 kirpe\u00e4ss\u00e4, mutta aurinkoisessa kev\u00e4ttalven s\u00e4\u00e4ss\u00e4. Osallistujia oli runsaasti, yhteens\u00e4 6 tytt\u00f6\u00e4 ja 8 poikaa. Pienimm\u00e4t kilpailijat hiihtiv\u00e4t urheilukent\u00e4n ymp\u00e4ri ja isommat kiersiv\u00e4t noin 1,6 km pururata-\/peltolenkin. Kilpailijat palkittiin mitaleilla ja &hellip; <a href=\"https:\/\/kylat.meitadev.fi\/kanava\/tapahtumat\/lasten-hiihtokilpailut-2013\/\">Lue loppuun <span class=\"meta-nav\">&rarr;<\/span><\/a><\/p>\n","protected":false},"author":10,"featured_media":0,"parent":592,"menu_order":0,"comment_status":"closed","ping_status":"closed","template":"onecolumn-page.php","meta":{"footnotes":""},"_links":{"self":[{"href":"https:\/\/kylat.meitadev.fi\/kanava\/wp-json\/wp\/v2\/pages\/1421"}],"collection":[{"href":"https:\/\/kylat.meitadev.fi\/kanava\/wp-json\/wp\/v2\/pages"}],"about":[{"href":"https:\/\/kylat.meitadev.fi\/kanava\/wp-json\/wp\/v2\/types\/page"}],"author":[{"embeddable":true,"href":"https:\/\/kylat.meitadev.fi\/kanava\/wp-json\/wp\/v2\/users\/10"}],"replies":[{"embeddable":true,"href":"https:\/\/kylat.meitadev.fi\/kanava\/wp-json\/wp\/v2\/comments?post=1421"}],"version-history":[{"count":4,"href":"https:\/\/kylat.meitadev.fi\/kanava\/wp-json\/wp\/v2\/pages\/1421\/revisions"}],"predecessor-version":[{"id":1430,"href":"https:\/\/kylat.meitadev.fi\/kanava\/wp-json\/wp\/v2\/pages\/1421\/revisions\/1430"}],"up":[{"embeddable":true,"href":"https:\/\/kylat.meitadev.fi\/kanava\/wp-json\/wp\/v2\/pages\/592"}],"wp:attachment":[{"href":"https:\/\/kylat.meitadev.fi\/kanava\/wp-json\/wp\/v2\/media?parent=1421"}],"curies":[{"name":"wp","href":"https:\/\/api.w.org\/{rel}","templated":true}]}}