{"id":146,"date":"2011-03-29T19:37:09","date_gmt":"2011-03-29T16:37:09","guid":{"rendered":"https:\/\/kylat.meitadev.fi\/kanava\/?page_id=146"},"modified":"2021-08-14T19:21:10","modified_gmt":"2021-08-14T16:21:10","slug":"yhteydenotto","status":"publish","type":"page","link":"https:\/\/kylat.meitadev.fi\/kanava\/yhteydenotto\/","title":{"rendered":"YHTEYDENOTTO"},"content":{"rendered":"<p>T\u00e4ll\u00e4 lomakkeella voit antaa palautetta sivujen sis\u00e4ll\u00f6st\u00e4 tai kertoa toiveitasi ja ideoitasi toimintamme kehitt\u00e4miseksi.<\/p>\n\n","protected":false},"excerpt":{"rendered":"<p>T\u00e4ll\u00e4 lomakkeella voit antaa palautetta sivujen sis\u00e4ll\u00f6st\u00e4 tai kertoa toiveitasi ja ideoitasi toimintamme kehitt\u00e4miseksi.<\/p>\n","protected":false},"author":10,"featured_media":0,"parent":0,"menu_order":9,"comment_status":"closed","ping_status":"closed","template":"onecolumn-page.php","meta":{"footnotes":""},"_links":{"self":[{"href":"https:\/\/kylat.meitadev.fi\/kanava\/wp-json\/wp\/v2\/pages\/146"}],"collection":[{"href":"https:\/\/kylat.meitadev.fi\/kanava\/wp-json\/wp\/v2\/pages"}],"about":[{"href":"https:\/\/kylat.meitadev.fi\/kanava\/wp-json\/wp\/v2\/types\/page"}],"author":[{"embeddable":true,"href":"https:\/\/kylat.meitadev.fi\/kanava\/wp-json\/wp\/v2\/users\/10"}],"replies":[{"embeddable":true,"href":"https:\/\/kylat.meitadev.fi\/kanava\/wp-json\/wp\/v2\/comments?post=146"}],"version-history":[{"count":17,"href":"https:\/\/kylat.meitadev.fi\/kanava\/wp-json\/wp\/v2\/pages\/146\/revisions"}],"predecessor-version":[{"id":2758,"href":"https:\/\/kylat.meitadev.fi\/kanava\/wp-json\/wp\/v2\/pages\/146\/revisions\/2758"}],"wp:attachment":[{"href":"https:\/\/kylat.meitadev.fi\/kanava\/wp-json\/wp\/v2\/media?parent=146"}],"curies":[{"name":"wp","href":"https:\/\/api.w.org\/{rel}","templated":true}]}}