{"id":190,"date":"2011-03-30T00:23:57","date_gmt":"2011-03-29T21:23:57","guid":{"rendered":"https:\/\/kylat.meitadev.fi\/kanava\/?page_id=190"},"modified":"2017-02-03T18:19:47","modified_gmt":"2017-02-03T16:19:47","slug":"lyytikkala","status":"publish","type":"page","link":"https:\/\/kylat.meitadev.fi\/kanava\/kylat\/lyytikkala\/","title":{"rendered":"Lyytikk\u00e4l\u00e4"},"content":{"rendered":"<p>Lyytikk\u00e4l\u00e4n asukasm\u00e4\u00e4r\u00e4 on noin 45.\u00a0Viljatilojen\u00a0lis\u00e4ksi kyl\u00e4lt\u00e4 l\u00f6ytyy koulutettu hieroja.\u00a0Nuijamaantien (VT13) varrella sijaitsee Kanavan liikuntakeskus liikuntahalleineen, j\u00e4\u00e4kaukaloineen ja urheilukenttineen. Liikuntakeskuksen alueella on my\u00f6s Lyytikk\u00e4l\u00e4n frisbeegolfrata.<\/p>\n<div id=\"attachment_193\" style=\"width: 394px\" class=\"wp-caption alignleft\"><a href=\"https:\/\/kylat.meitadev.fi\/kanava\/wp-content\/uploads\/sites\/7\/2011\/03\/lyytikkala1.jpg\" target=\"_blank\"><img loading=\"lazy\" decoding=\"async\" aria-describedby=\"caption-attachment-193\" class=\"wp-image-193\" style=\"border: 1px solid black\" src=\"https:\/\/kylat.meitadev.fi\/kanava\/wp-content\/uploads\/sites\/7\/2011\/03\/lyytikkala1.jpg\" alt=\"Lyytikk\u00e4l\u00e4\" width=\"384\" height=\"284\" \/><\/a><p id=\"caption-attachment-193\" class=\"wp-caption-text\">Lyytikk\u00e4l\u00e4n peltomaisemaa<\/p><\/div>\n<div id=\"attachment_194\" style=\"width: 379px\" class=\"wp-caption alignleft\"><a href=\"https:\/\/kylat.meitadev.fi\/kanava\/wp-content\/uploads\/sites\/7\/2011\/03\/hiihtomaa.jpg\" target=\"_blank\"><img loading=\"lazy\" decoding=\"async\" aria-describedby=\"caption-attachment-194\" class=\"wp-image-194\" style=\"border: 1px solid black\" src=\"https:\/\/kylat.meitadev.fi\/kanava\/wp-content\/uploads\/sites\/7\/2011\/03\/hiihtomaa.jpg\" alt=\"Lyytikk\u00e4l\u00e4n hiihtomaa\" width=\"369\" height=\"277\" \/><\/a><p id=\"caption-attachment-194\" class=\"wp-caption-text\">Lyytikk\u00e4l\u00e4n hiihtomaa<\/p><\/div>\n","protected":false},"excerpt":{"rendered":"<p>Lyytikk\u00e4l\u00e4n asukasm\u00e4\u00e4r\u00e4 on noin 45.\u00a0Viljatilojen\u00a0lis\u00e4ksi kyl\u00e4lt\u00e4 l\u00f6ytyy koulutettu hieroja.\u00a0Nuijamaantien (VT13) varrella sijaitsee Kanavan liikuntakeskus liikuntahalleineen, j\u00e4\u00e4kaukaloineen ja urheilukenttineen. Liikuntakeskuksen alueella on my\u00f6s Lyytikk\u00e4l\u00e4n frisbeegolfrata.<\/p>\n","protected":false},"author":10,"featured_media":0,"parent":2,"menu_order":0,"comment_status":"closed","ping_status":"closed","template":"","meta":{"footnotes":""},"_links":{"self":[{"href":"https:\/\/kylat.meitadev.fi\/kanava\/wp-json\/wp\/v2\/pages\/190"}],"collection":[{"href":"https:\/\/kylat.meitadev.fi\/kanava\/wp-json\/wp\/v2\/pages"}],"about":[{"href":"https:\/\/kylat.meitadev.fi\/kanava\/wp-json\/wp\/v2\/types\/page"}],"author":[{"embeddable":true,"href":"https:\/\/kylat.meitadev.fi\/kanava\/wp-json\/wp\/v2\/users\/10"}],"replies":[{"embeddable":true,"href":"https:\/\/kylat.meitadev.fi\/kanava\/wp-json\/wp\/v2\/comments?post=190"}],"version-history":[{"count":23,"href":"https:\/\/kylat.meitadev.fi\/kanava\/wp-json\/wp\/v2\/pages\/190\/revisions"}],"predecessor-version":[{"id":2156,"href":"https:\/\/kylat.meitadev.fi\/kanava\/wp-json\/wp\/v2\/pages\/190\/revisions\/2156"}],"up":[{"embeddable":true,"href":"https:\/\/kylat.meitadev.fi\/kanava\/wp-json\/wp\/v2\/pages\/2"}],"wp:attachment":[{"href":"https:\/\/kylat.meitadev.fi\/kanava\/wp-json\/wp\/v2\/media?parent=190"}],"curies":[{"name":"wp","href":"https:\/\/api.w.org\/{rel}","templated":true}]}}