{"id":1989,"date":"2016-03-30T00:40:40","date_gmt":"2016-03-29T21:40:40","guid":{"rendered":"https:\/\/kylat.meitadev.fi\/kanava\/?page_id=1989"},"modified":"2017-02-03T18:36:14","modified_gmt":"2017-02-03T16:36:14","slug":"lasten-hiihtokilpailut-2016","status":"publish","type":"page","link":"https:\/\/kylat.meitadev.fi\/kanava\/tapahtumat\/lasten-hiihtokilpailut-2016\/","title":{"rendered":"Lasten hiihtokilpailut 2016"},"content":{"rendered":"<p>Yleis\u00f6\u00e4 hiihtotapahtumassa 6.3.2016 oli noin viitisenkymment\u00e4 kisailijoiden lis\u00e4ksi. Hieno s\u00e4\u00e4 suosi kisoja &#8211; onnistunut tapahtuma kaiken kaikkiaan \ud83d\ude42<\/p>\n<p>TULOKSET:<\/p>\n<table width=\"500\">\n<tbody>\n<tr>\n<td width=\"80\"><strong>Sarja<\/strong><\/td>\n<td width=\"100\"><strong>Tyt\u00f6t<\/strong><\/td>\n<td width=\"80\"><strong>Aika<\/strong><\/td>\n<td width=\"100\"><strong>Pojat<\/strong><\/td>\n<td width=\"80\"><strong>Aika<\/strong><\/td>\n<\/tr>\n<tr>\n<td>2013<\/td>\n<td>1. Alina<\/td>\n<td>11.33<\/td>\n<td>1. Samu<\/td>\n<td>7.11<\/td>\n<\/tr>\n<tr>\n<td><\/td>\n<td><\/td>\n<td><\/td>\n<td>2. Akseli<\/td>\n<td>10.33<\/td>\n<\/tr>\n<tr>\n<td>2012<\/td>\n<td>1. Ilona<\/td>\n<td>5.48<\/td>\n<td><\/td>\n<td><\/td>\n<\/tr>\n<tr>\n<td>2011<\/td>\n<td>1. Annika<\/td>\n<td>2.55<\/td>\n<td>1. Lenni<\/td>\n<td>2.11<\/td>\n<\/tr>\n<tr>\n<td><\/td>\n<td>2. Lillian<\/td>\n<td>5.26<\/td>\n<td>2. Rafael<\/td>\n<td>5.17<\/td>\n<\/tr>\n<tr>\n<td><\/td>\n<td><\/td>\n<td><\/td>\n<td>3. Arttu<\/td>\n<td>5.33<\/td>\n<\/tr>\n<tr>\n<td><\/td>\n<td><\/td>\n<td><\/td>\n<td>4. Viljo<\/td>\n<td>7.09<\/td>\n<\/tr>\n<tr>\n<td>2010<\/td>\n<td>1. Elsa<\/td>\n<td>1.40<\/td>\n<td>1. Vilppu<\/td>\n<td>2.15<\/td>\n<\/tr>\n<tr>\n<td><\/td>\n<td>2. Aino Toh<\/td>\n<td>2.03<\/td>\n<td><\/td>\n<td><\/td>\n<\/tr>\n<tr>\n<td><\/td>\n<td>3. Aino L<\/td>\n<td>3.47<\/td>\n<td><\/td>\n<td><\/td>\n<\/tr>\n<tr>\n<td>2009<\/td>\n<td>1. Aino Tal<\/td>\n<td>2.33<\/td>\n<td><\/td>\n<td><\/td>\n<\/tr>\n<tr>\n<td>2008<\/td>\n<td>1. Evelyn<\/td>\n<td>2.04<\/td>\n<td><\/td>\n<td><\/td>\n<\/tr>\n<tr>\n<td><\/td>\n<td>2. Sini<\/td>\n<td>2.05<\/td>\n<td><\/td>\n<td><\/td>\n<\/tr>\n<tr>\n<td>2007<\/td>\n<td>1. Bertta<\/td>\n<td>1.46<\/td>\n<td>1. Leevi<\/td>\n<td>7.17<\/td>\n<\/tr>\n<tr>\n<td><\/td>\n<td><\/td>\n<td><\/td>\n<td>2. Mikko<\/td>\n<td>10.25<\/td>\n<\/tr>\n<tr>\n<td>2006<\/td>\n<td>1. Saija<\/td>\n<td>1.50<\/td>\n<td><\/td>\n<td><\/td>\n<\/tr>\n<tr>\n<td>2004<\/td>\n<td><\/td>\n<td><\/td>\n<td>1. Veeti<\/td>\n<td>6.21<\/td>\n<\/tr>\n<\/tbody>\n<\/table>\n<p><a href=\"https:\/\/kylat.meitadev.fi\/kanava\/wp-content\/uploads\/sites\/7\/2016\/03\/IMG_0280_800px-1.jpg\"><img loading=\"lazy\" decoding=\"async\" class=\"aligncenter wp-image-1993 size-medium\" src=\"https:\/\/kylat.meitadev.fi\/kanava\/wp-content\/uploads\/sites\/7\/2016\/03\/IMG_0280_800px-1-300x225.jpg\" alt=\"\" width=\"300\" height=\"225\" srcset=\"https:\/\/kylat.meitadev.fi\/kanava\/wp-content\/uploads\/sites\/7\/2016\/03\/IMG_0280_800px-1-300x225.jpg 300w, https:\/\/kylat.meitadev.fi\/kanava\/wp-content\/uploads\/sites\/7\/2016\/03\/IMG_0280_800px-1-768x576.jpg 768w, https:\/\/kylat.meitadev.fi\/kanava\/wp-content\/uploads\/sites\/7\/2016\/03\/IMG_0280_800px-1.jpg 800w\" sizes=\"(max-width: 300px) 100vw, 300px\" \/><\/a><\/p>\n<p><a href=\"https:\/\/kylat.meitadev.fi\/kanava\/wp-content\/uploads\/sites\/7\/2016\/03\/IMG_0281_800px.jpg\"><img loading=\"lazy\" decoding=\"async\" class=\"aligncenter wp-image-1992 size-medium\" src=\"https:\/\/kylat.meitadev.fi\/kanava\/wp-content\/uploads\/sites\/7\/2016\/03\/IMG_0281_800px-300x225.jpg\" alt=\"\" width=\"300\" height=\"225\" srcset=\"https:\/\/kylat.meitadev.fi\/kanava\/wp-content\/uploads\/sites\/7\/2016\/03\/IMG_0281_800px-300x225.jpg 300w, https:\/\/kylat.meitadev.fi\/kanava\/wp-content\/uploads\/sites\/7\/2016\/03\/IMG_0281_800px-768x576.jpg 768w, https:\/\/kylat.meitadev.fi\/kanava\/wp-content\/uploads\/sites\/7\/2016\/03\/IMG_0281_800px.jpg 800w\" sizes=\"(max-width: 300px) 100vw, 300px\" \/><\/a><\/p>\n<p><a href=\"https:\/\/kylat.meitadev.fi\/kanava\/wp-content\/uploads\/sites\/7\/2016\/03\/IMG_0282_800px.jpg\"><img loading=\"lazy\" decoding=\"async\" class=\"aligncenter wp-image-1990 size-medium\" src=\"https:\/\/kylat.meitadev.fi\/kanava\/wp-content\/uploads\/sites\/7\/2016\/03\/IMG_0282_800px-300x225.jpg\" alt=\"IMG_0282_800px\" width=\"300\" height=\"225\" srcset=\"https:\/\/kylat.meitadev.fi\/kanava\/wp-content\/uploads\/sites\/7\/2016\/03\/IMG_0282_800px-300x225.jpg 300w, https:\/\/kylat.meitadev.fi\/kanava\/wp-content\/uploads\/sites\/7\/2016\/03\/IMG_0282_800px-768x576.jpg 768w, https:\/\/kylat.meitadev.fi\/kanava\/wp-content\/uploads\/sites\/7\/2016\/03\/IMG_0282_800px.jpg 800w\" sizes=\"(max-width: 300px) 100vw, 300px\" \/><\/a><\/p>\n","protected":false},"excerpt":{"rendered":"<p>Yleis\u00f6\u00e4 hiihtotapahtumassa 6.3.2016 oli noin viitisenkymment\u00e4 kisailijoiden lis\u00e4ksi. Hieno s\u00e4\u00e4 suosi kisoja &#8211; onnistunut tapahtuma kaiken kaikkiaan \ud83d\ude42 TULOKSET: Sarja Tyt\u00f6t Aika Pojat Aika 2013 1. Alina 11.33 1. Samu 7.11 2. Akseli 10.33 2012 1. Ilona 5.48 2011 1. &hellip; <a href=\"https:\/\/kylat.meitadev.fi\/kanava\/tapahtumat\/lasten-hiihtokilpailut-2016\/\">Lue loppuun <span class=\"meta-nav\">&rarr;<\/span><\/a><\/p>\n","protected":false},"author":10,"featured_media":0,"parent":592,"menu_order":0,"comment_status":"closed","ping_status":"closed","template":"","meta":{"footnotes":""},"_links":{"self":[{"href":"https:\/\/kylat.meitadev.fi\/kanava\/wp-json\/wp\/v2\/pages\/1989"}],"collection":[{"href":"https:\/\/kylat.meitadev.fi\/kanava\/wp-json\/wp\/v2\/pages"}],"about":[{"href":"https:\/\/kylat.meitadev.fi\/kanava\/wp-json\/wp\/v2\/types\/page"}],"author":[{"embeddable":true,"href":"https:\/\/kylat.meitadev.fi\/kanava\/wp-json\/wp\/v2\/users\/10"}],"replies":[{"embeddable":true,"href":"https:\/\/kylat.meitadev.fi\/kanava\/wp-json\/wp\/v2\/comments?post=1989"}],"version-history":[{"count":5,"href":"https:\/\/kylat.meitadev.fi\/kanava\/wp-json\/wp\/v2\/pages\/1989\/revisions"}],"predecessor-version":[{"id":2161,"href":"https:\/\/kylat.meitadev.fi\/kanava\/wp-json\/wp\/v2\/pages\/1989\/revisions\/2161"}],"up":[{"embeddable":true,"href":"https:\/\/kylat.meitadev.fi\/kanava\/wp-json\/wp\/v2\/pages\/592"}],"wp:attachment":[{"href":"https:\/\/kylat.meitadev.fi\/kanava\/wp-json\/wp\/v2\/media?parent=1989"}],"curies":[{"name":"wp","href":"https:\/\/api.w.org\/{rel}","templated":true}]}}