{"id":219,"date":"2011-04-06T23:57:50","date_gmt":"2011-04-06T20:57:50","guid":{"rendered":"https:\/\/kylat.meitadev.fi\/kanava\/?page_id=219"},"modified":"2019-02-17T20:51:16","modified_gmt":"2019-02-17T18:51:16","slug":"hallitus","status":"publish","type":"page","link":"https:\/\/kylat.meitadev.fi\/kanava\/kylayhdistys\/hallitus\/","title":{"rendered":"Hallitus"},"content":{"rendered":"<h2>J\u00c4SENET 2019<\/h2>\n<p><strong>Hannu Talonpoika, puheenjohtaja, puh. 0400227632<\/strong><\/p>\n<p>Osmo Mikonsaari, varapuheenjohtaja<\/p>\n<p>Seija Kansonen, sihteeri<\/p>\n<p>Mari Talonpoika, rahastonhoitaja<\/p>\n<p>Hannu Heimala<\/p>\n<p>Markku Pulli<\/p>\n<p>P\u00e4ivi Kansonen<\/p>\n<p>Jussi Lankinen<\/p>\n<p>Juuso Mikonsaari<\/p>\n<p>Pekka Lyytik\u00e4inen<\/p>\n<p>Jouni Nevalainen<\/p>\n<p>Tero Penttil\u00e4<\/p>\n<p>Mirja Suninen<\/p>\n<p>Veli-Matti Talonpoika<\/p>\n","protected":false},"excerpt":{"rendered":"<p>J\u00c4SENET 2019 Hannu Talonpoika, puheenjohtaja, puh. 0400227632 Osmo Mikonsaari, varapuheenjohtaja Seija Kansonen, sihteeri Mari Talonpoika, rahastonhoitaja Hannu Heimala Markku Pulli P\u00e4ivi Kansonen Jussi Lankinen Juuso Mikonsaari Pekka Lyytik\u00e4inen Jouni Nevalainen Tero Penttil\u00e4 Mirja Suninen Veli-Matti Talonpoika<\/p>\n","protected":false},"author":10,"featured_media":0,"parent":214,"menu_order":0,"comment_status":"closed","ping_status":"closed","template":"","meta":{"footnotes":""},"_links":{"self":[{"href":"https:\/\/kylat.meitadev.fi\/kanava\/wp-json\/wp\/v2\/pages\/219"}],"collection":[{"href":"https:\/\/kylat.meitadev.fi\/kanava\/wp-json\/wp\/v2\/pages"}],"about":[{"href":"https:\/\/kylat.meitadev.fi\/kanava\/wp-json\/wp\/v2\/types\/page"}],"author":[{"embeddable":true,"href":"https:\/\/kylat.meitadev.fi\/kanava\/wp-json\/wp\/v2\/users\/10"}],"replies":[{"embeddable":true,"href":"https:\/\/kylat.meitadev.fi\/kanava\/wp-json\/wp\/v2\/comments?post=219"}],"version-history":[{"count":22,"href":"https:\/\/kylat.meitadev.fi\/kanava\/wp-json\/wp\/v2\/pages\/219\/revisions"}],"predecessor-version":[{"id":2533,"href":"https:\/\/kylat.meitadev.fi\/kanava\/wp-json\/wp\/v2\/pages\/219\/revisions\/2533"}],"up":[{"embeddable":true,"href":"https:\/\/kylat.meitadev.fi\/kanava\/wp-json\/wp\/v2\/pages\/214"}],"wp:attachment":[{"href":"https:\/\/kylat.meitadev.fi\/kanava\/wp-json\/wp\/v2\/media?parent=219"}],"curies":[{"name":"wp","href":"https:\/\/api.w.org\/{rel}","templated":true}]}}