{"id":2332,"date":"2017-08-28T11:22:18","date_gmt":"2017-08-28T08:22:18","guid":{"rendered":"https:\/\/kylat.meitadev.fi\/kanava\/?page_id=2332"},"modified":"2017-08-28T11:22:18","modified_gmt":"2017-08-28T08:22:18","slug":"lasten-kesakisat-2017","status":"publish","type":"page","link":"https:\/\/kylat.meitadev.fi\/kanava\/tapahtumat\/lasten-kesakisat-2017\/","title":{"rendered":"Lasten kes\u00e4kisat 2017"},"content":{"rendered":"<p>Lasten kes\u00e4kisat j\u00e4rjestettiin lauantaina 22.7.2017 Kanavan liikuntakeskuksella. Kes\u00e4isess\u00e4 sades\u00e4\u00e4ss\u00e4 20 lasta kisaili seitsem\u00e4ss\u00e4 lajissa:ep\u00e4m\u00e4\u00e4r\u00e4isen matkan juoksu, vauhditon pituushyppy, pallonheitto, turbokeih\u00e4s, pallon tarkkuusheitto \u00e4mp\u00e4riin, jalkapallon tarkkuuspotku s\u00e4b\u00e4maaliin ja frisbeegolf tarkkuus.<br \/>\nAlla tulokset:<\/p>\n<p>2016 pojat<br \/>\nVili Kuukka 12p.2015 pojat<br \/>\nAarne Mikonsaari 8p.<\/p>\n<p>2014 pojat<br \/>\nLuca Kuukka 17p.<br \/>\nIlari Heimala 13p.<\/p>\n<p>2013 tyt\u00f6t<br \/>\nVenla Lankinen 19p.<br \/>\nToini Mikonsaari 13p.<\/p>\n<p>2013 pojat<br \/>\nSamu Talonpoika 18p.<br \/>\nAkseli Talonpoika 17p.<\/p>\n<p>2011 tyt\u00f6t<br \/>\nIlona Heimala 18p.<\/p>\n<p>2011 pojat<br \/>\nViljo Mikonsaari 19p.<br \/>\nArttu Talonpoika 16p.<\/p>\n<p>2010 tyt\u00f6t<br \/>\nElsa Mikonsaari 21p.<\/p>\n<p>2010 pojat<br \/>\nLenni Kuukka 18p.<br \/>\nEetu Lankinen 16p.<br \/>\nV\u00e4in\u00f6 Pesonen 16p.<\/p>\n<p>2009 tyt\u00f6t<br \/>\nAino Talonpoika 18p.<br \/>\nNenna Pesonen 18p.<\/p>\n<p>2009 pojat<br \/>\nVilppu Heimala 22p.<\/p>\n<p>2008 tyt\u00f6t<br \/>\nSini Talonpoika 20p.<\/p>\n<p>2007 pojat<br \/>\nLeevi Mikonsaari 22p.<\/p>\n","protected":false},"excerpt":{"rendered":"<p>Lasten kes\u00e4kisat j\u00e4rjestettiin lauantaina 22.7.2017 Kanavan liikuntakeskuksella. Kes\u00e4isess\u00e4 sades\u00e4\u00e4ss\u00e4 20 lasta kisaili seitsem\u00e4ss\u00e4 lajissa:ep\u00e4m\u00e4\u00e4r\u00e4isen matkan juoksu, vauhditon pituushyppy, pallonheitto, turbokeih\u00e4s, pallon tarkkuusheitto \u00e4mp\u00e4riin, jalkapallon tarkkuuspotku s\u00e4b\u00e4maaliin ja frisbeegolf tarkkuus. Alla tulokset: 2016 pojat Vili Kuukka 12p.2015 pojat Aarne Mikonsaari 8p. &hellip; <a href=\"https:\/\/kylat.meitadev.fi\/kanava\/tapahtumat\/lasten-kesakisat-2017\/\">Lue loppuun <span class=\"meta-nav\">&rarr;<\/span><\/a><\/p>\n","protected":false},"author":10,"featured_media":0,"parent":592,"menu_order":0,"comment_status":"closed","ping_status":"closed","template":"","meta":{"footnotes":""},"_links":{"self":[{"href":"https:\/\/kylat.meitadev.fi\/kanava\/wp-json\/wp\/v2\/pages\/2332"}],"collection":[{"href":"https:\/\/kylat.meitadev.fi\/kanava\/wp-json\/wp\/v2\/pages"}],"about":[{"href":"https:\/\/kylat.meitadev.fi\/kanava\/wp-json\/wp\/v2\/types\/page"}],"author":[{"embeddable":true,"href":"https:\/\/kylat.meitadev.fi\/kanava\/wp-json\/wp\/v2\/users\/10"}],"replies":[{"embeddable":true,"href":"https:\/\/kylat.meitadev.fi\/kanava\/wp-json\/wp\/v2\/comments?post=2332"}],"version-history":[{"count":1,"href":"https:\/\/kylat.meitadev.fi\/kanava\/wp-json\/wp\/v2\/pages\/2332\/revisions"}],"predecessor-version":[{"id":2333,"href":"https:\/\/kylat.meitadev.fi\/kanava\/wp-json\/wp\/v2\/pages\/2332\/revisions\/2333"}],"up":[{"embeddable":true,"href":"https:\/\/kylat.meitadev.fi\/kanava\/wp-json\/wp\/v2\/pages\/592"}],"wp:attachment":[{"href":"https:\/\/kylat.meitadev.fi\/kanava\/wp-json\/wp\/v2\/media?parent=2332"}],"curies":[{"name":"wp","href":"https:\/\/api.w.org\/{rel}","templated":true}]}}