{"id":2481,"date":"2018-11-24T12:30:58","date_gmt":"2018-11-24T10:30:58","guid":{"rendered":"https:\/\/kylat.meitadev.fi\/kanava\/?page_id=2481"},"modified":"2018-11-25T10:23:05","modified_gmt":"2018-11-25T08:23:05","slug":"nain-syntyi-saimaan-kanava-elava-muisti","status":"publish","type":"page","link":"https:\/\/kylat.meitadev.fi\/kanava\/historia\/nain-syntyi-saimaan-kanava-elava-muisti\/","title":{"rendered":"N\u00e4in syntyi Saimaan kanava | El\u00e4v\u00e4 muisti"},"content":{"rendered":"<header>\n<blockquote>\n<p class=\"node__title node-title\">&#8221;1800-luvun puoliv\u00e4liss\u00e4 avattu kanava sai uuden el\u00e4m\u00e4n kun Suomi ja Neuvostoliitto sopivat kanavan aluevuokrista vuonna 1963. Valentin Vaalan ja Niilo Heinon elokuva kertoo elokuussa 1968 avatun uudistetun kanavan rakennusvaiheista.&#8221;<\/p>\n<\/blockquote>\n<\/header>\n<p style=\"padding-left: 30px\">Linkki elokuvaan:\u00a0<a href=\"https:\/\/www.elavamuisti.fi\/aikajana\/nain-syntyi-saimaan-kanava\" target=\"_blank\" rel=\"noopener\">N\u00e4in syntyi Saimaan kanava<\/a><\/p>\n","protected":false},"excerpt":{"rendered":"<p>&#8221;1800-luvun puoliv\u00e4liss\u00e4 avattu kanava sai uuden el\u00e4m\u00e4n kun Suomi ja Neuvostoliitto sopivat kanavan aluevuokrista vuonna 1963. Valentin Vaalan ja Niilo Heinon elokuva kertoo elokuussa 1968 avatun uudistetun kanavan rakennusvaiheista.&#8221; Linkki elokuvaan:\u00a0N\u00e4in syntyi Saimaan kanava<\/p>\n","protected":false},"author":10,"featured_media":0,"parent":332,"menu_order":0,"comment_status":"closed","ping_status":"closed","template":"","meta":{"footnotes":""},"_links":{"self":[{"href":"https:\/\/kylat.meitadev.fi\/kanava\/wp-json\/wp\/v2\/pages\/2481"}],"collection":[{"href":"https:\/\/kylat.meitadev.fi\/kanava\/wp-json\/wp\/v2\/pages"}],"about":[{"href":"https:\/\/kylat.meitadev.fi\/kanava\/wp-json\/wp\/v2\/types\/page"}],"author":[{"embeddable":true,"href":"https:\/\/kylat.meitadev.fi\/kanava\/wp-json\/wp\/v2\/users\/10"}],"replies":[{"embeddable":true,"href":"https:\/\/kylat.meitadev.fi\/kanava\/wp-json\/wp\/v2\/comments?post=2481"}],"version-history":[{"count":7,"href":"https:\/\/kylat.meitadev.fi\/kanava\/wp-json\/wp\/v2\/pages\/2481\/revisions"}],"predecessor-version":[{"id":2492,"href":"https:\/\/kylat.meitadev.fi\/kanava\/wp-json\/wp\/v2\/pages\/2481\/revisions\/2492"}],"up":[{"embeddable":true,"href":"https:\/\/kylat.meitadev.fi\/kanava\/wp-json\/wp\/v2\/pages\/332"}],"wp:attachment":[{"href":"https:\/\/kylat.meitadev.fi\/kanava\/wp-json\/wp\/v2\/media?parent=2481"}],"curies":[{"name":"wp","href":"https:\/\/api.w.org\/{rel}","templated":true}]}}