{"id":2574,"date":"2019-08-27T15:54:16","date_gmt":"2019-08-27T12:54:16","guid":{"rendered":"https:\/\/kylat.meitadev.fi\/kanava\/?page_id=2574"},"modified":"2019-08-27T15:54:16","modified_gmt":"2019-08-27T12:54:16","slug":"onkikisat-2019","status":"publish","type":"page","link":"https:\/\/kylat.meitadev.fi\/kanava\/tapahtumat\/onkikisat-2019\/","title":{"rendered":"Onkikisat 2019"},"content":{"rendered":"<table width=\"320\">\n<tbody>\n<tr>\n<td colspan=\"3\" width=\"192\"><strong>ONKIKILPAILUT 13.8.2019<\/strong><\/td>\n<td width=\"64\"><\/td>\n<td width=\"64\"><\/td>\n<\/tr>\n<tr>\n<td><\/td>\n<td><\/td>\n<td><\/td>\n<td><\/td>\n<td><\/td>\n<\/tr>\n<tr>\n<td>Naiset<\/td>\n<td><\/td>\n<td><\/td>\n<td><\/td>\n<td>paino g<\/td>\n<\/tr>\n<tr>\n<td>1.<\/td>\n<td colspan=\"2\">Mari Ikonen<\/td>\n<td><\/td>\n<td>492<\/td>\n<\/tr>\n<tr>\n<td>2.<\/td>\n<td colspan=\"2\">Eveliina Kansonen<\/td>\n<td><\/td>\n<td>346<\/td>\n<\/tr>\n<tr>\n<td>3.<\/td>\n<td colspan=\"2\">P\u00e4ivi Kansonen<\/td>\n<td><\/td>\n<td>107<\/td>\n<\/tr>\n<tr>\n<td>4.<\/td>\n<td colspan=\"2\">Seija Kansonen<\/td>\n<td><\/td>\n<td>89<\/td>\n<\/tr>\n<tr>\n<td>5.<\/td>\n<td colspan=\"2\">Anita Lahtinen<\/td>\n<td><\/td>\n<td>31<\/td>\n<\/tr>\n<tr>\n<td>6.<\/td>\n<td colspan=\"2\">Ulla Hellman<\/td>\n<td><\/td>\n<td>12<\/td>\n<\/tr>\n<tr>\n<td><\/td>\n<td><\/td>\n<td><\/td>\n<td><\/td>\n<td><\/td>\n<\/tr>\n<tr>\n<td>Miehet<\/td>\n<td><\/td>\n<td><\/td>\n<td><\/td>\n<td><\/td>\n<\/tr>\n<tr>\n<td>1.<\/td>\n<td colspan=\"2\">Risto Kansonen<\/td>\n<td><\/td>\n<td>229<\/td>\n<\/tr>\n<tr>\n<td>2.<\/td>\n<td colspan=\"2\">Mikki From<\/td>\n<td><\/td>\n<td>179<\/td>\n<\/tr>\n<tr>\n<td>3.<\/td>\n<td colspan=\"2\">Jussi Lankinen<\/td>\n<td><\/td>\n<td>150<\/td>\n<\/tr>\n<tr>\n<td>4.<\/td>\n<td colspan=\"2\">Joonas Kansonen<\/td>\n<td><\/td>\n<td>103<\/td>\n<\/tr>\n<tr>\n<td>5.<\/td>\n<td colspan=\"2\">Osmo Mikonsaari<\/td>\n<td><\/td>\n<td>78<\/td>\n<\/tr>\n<tr>\n<td>6.<\/td>\n<td colspan=\"2\">Pekka Heimala<\/td>\n<td><\/td>\n<td>77<\/td>\n<\/tr>\n<tr>\n<td>7.<\/td>\n<td colspan=\"2\">Tuomas Talonpoika<\/td>\n<td><\/td>\n<td>64<\/td>\n<\/tr>\n<tr>\n<td>8.<\/td>\n<td colspan=\"2\">Jarno Kosunen<\/td>\n<td><\/td>\n<td>54<\/td>\n<\/tr>\n<tr>\n<td>9.<\/td>\n<td colspan=\"2\">Kalevi Lyytik\u00e4inen<\/td>\n<td><\/td>\n<td>52<\/td>\n<\/tr>\n<tr>\n<td>10.<\/td>\n<td colspan=\"2\">Petri Piiparinen<\/td>\n<td><\/td>\n<td>50<\/td>\n<\/tr>\n<tr>\n<td>11.<\/td>\n<td colspan=\"2\">Aimo Hellman<\/td>\n<td><\/td>\n<td>19<\/td>\n<\/tr>\n<tr>\n<td>12.<\/td>\n<td colspan=\"2\">Simo Heimala<\/td>\n<td><\/td>\n<td>16<\/td>\n<\/tr>\n<tr>\n<td>13.<\/td>\n<td colspan=\"2\">Olli Kuukka<\/td>\n<td><\/td>\n<td>13<\/td>\n<\/tr>\n<tr>\n<td>14.<\/td>\n<td colspan=\"2\">Kari Lempi\u00e4inen<\/td>\n<td><\/td>\n<td>12<\/td>\n<\/tr>\n<tr>\n<td><\/td>\n<td><\/td>\n<td><\/td>\n<td><\/td>\n<td><\/td>\n<\/tr>\n<tr>\n<td>Tyt\u00f6t<\/td>\n<td><\/td>\n<td><\/td>\n<td><\/td>\n<td><\/td>\n<\/tr>\n<tr>\n<td>1.<\/td>\n<td colspan=\"2\">Aino Talonpoika<\/td>\n<td><\/td>\n<td>575<\/td>\n<\/tr>\n<tr>\n<td>2.<\/td>\n<td colspan=\"2\">Sini Talonpoika<\/td>\n<td><\/td>\n<td>80<\/td>\n<\/tr>\n<tr>\n<td>3.<\/td>\n<td colspan=\"2\">Veera Kosunen<\/td>\n<td><\/td>\n<td>63<\/td>\n<\/tr>\n<tr>\n<td>4.<\/td>\n<td colspan=\"2\">Vilma Kosunen<\/td>\n<td><\/td>\n<td>49<\/td>\n<\/tr>\n<tr>\n<td>5.<\/td>\n<td colspan=\"2\">Venla Lankinen<\/td>\n<td><\/td>\n<td>35<\/td>\n<\/tr>\n<tr>\n<td>6.<\/td>\n<td colspan=\"2\">Toini Mikonsaari<\/td>\n<td><\/td>\n<td>12<\/td>\n<\/tr>\n<tr>\n<td>7.<\/td>\n<td colspan=\"2\">Elsa Mikonsaari<\/td>\n<td><\/td>\n<td>11<\/td>\n<\/tr>\n<tr>\n<td><\/td>\n<td><\/td>\n<td><\/td>\n<td><\/td>\n<td><\/td>\n<\/tr>\n<tr>\n<td>Pojat<\/td>\n<td><\/td>\n<td><\/td>\n<td><\/td>\n<td><\/td>\n<\/tr>\n<tr>\n<td>1.<\/td>\n<td colspan=\"2\">Arttu Talonpoika<\/td>\n<td><\/td>\n<td>358<\/td>\n<\/tr>\n<tr>\n<td>2.<\/td>\n<td colspan=\"2\">Eetu Lankinen<\/td>\n<td><\/td>\n<td>182<\/td>\n<\/tr>\n<tr>\n<td>3.<\/td>\n<td colspan=\"2\">Samu Talonpoika<\/td>\n<td><\/td>\n<td>93<\/td>\n<\/tr>\n<tr>\n<td>4.<\/td>\n<td colspan=\"2\">Ilari Heimala<\/td>\n<td><\/td>\n<td>63<\/td>\n<\/tr>\n<tr>\n<td>5.<\/td>\n<td colspan=\"2\">Akseli Talonpoika<\/td>\n<td><\/td>\n<td>52<\/td>\n<\/tr>\n<tr>\n<td>6.<\/td>\n<td colspan=\"2\">Antti Lempi\u00e4inen<\/td>\n<td><\/td>\n<td>40<\/td>\n<\/tr>\n<tr>\n<td>7.<\/td>\n<td colspan=\"2\">V\u00e4in\u00f6 Kym\u00e4l\u00e4inen<\/td>\n<td><\/td>\n<td>36<\/td>\n<\/tr>\n<tr>\n<td>8.<\/td>\n<td colspan=\"2\">Leevi Mikonsaari<\/td>\n<td><\/td>\n<td>27<\/td>\n<\/tr>\n<tr>\n<td>9.<\/td>\n<td colspan=\"2\">Aarne Mikonsaari<\/td>\n<td><\/td>\n<td>16<\/td>\n<\/tr>\n<tr>\n<td>10.<\/td>\n<td colspan=\"2\">Oskari Kosunen<\/td>\n<td><\/td>\n<td>15<\/td>\n<\/tr>\n<tr>\n<td>11.<\/td>\n<td colspan=\"2\">Lenni Kuukka<\/td>\n<td><\/td>\n<td>12<\/td>\n<\/tr>\n<tr>\n<td><\/td>\n<td colspan=\"2\">Viljo Mikonsaari<\/td>\n<td><\/td>\n<td>12<\/td>\n<\/tr>\n<tr>\n<td>13.<\/td>\n<td colspan=\"2\">Viljami Piiparinen<\/td>\n<td><\/td>\n<td>4<\/td>\n<\/tr>\n<tr>\n<td><\/td>\n<td><\/td>\n<td><\/td>\n<td><\/td>\n<td><\/td>\n<\/tr>\n<tr>\n<td colspan=\"2\">Suurin kala<\/td>\n<td><\/td>\n<td><\/td>\n<td><\/td>\n<\/tr>\n<tr>\n<td><\/td>\n<td colspan=\"2\">Mari Ikonen<\/td>\n<td><\/td>\n<td>467<\/td>\n<\/tr>\n<\/tbody>\n<\/table>\n","protected":false},"excerpt":{"rendered":"<p>ONKIKILPAILUT 13.8.2019 Naiset paino g 1. Mari Ikonen 492 2. Eveliina Kansonen 346 3. P\u00e4ivi Kansonen 107 4. Seija Kansonen 89 5. Anita Lahtinen 31 6. Ulla Hellman 12 Miehet 1. Risto Kansonen 229 2. Mikki From 179 3. Jussi &hellip; <a href=\"https:\/\/kylat.meitadev.fi\/kanava\/tapahtumat\/onkikisat-2019\/\">Lue loppuun <span class=\"meta-nav\">&rarr;<\/span><\/a><\/p>\n","protected":false},"author":10,"featured_media":0,"parent":592,"menu_order":0,"comment_status":"closed","ping_status":"closed","template":"","meta":{"footnotes":""},"_links":{"self":[{"href":"https:\/\/kylat.meitadev.fi\/kanava\/wp-json\/wp\/v2\/pages\/2574"}],"collection":[{"href":"https:\/\/kylat.meitadev.fi\/kanava\/wp-json\/wp\/v2\/pages"}],"about":[{"href":"https:\/\/kylat.meitadev.fi\/kanava\/wp-json\/wp\/v2\/types\/page"}],"author":[{"embeddable":true,"href":"https:\/\/kylat.meitadev.fi\/kanava\/wp-json\/wp\/v2\/users\/10"}],"replies":[{"embeddable":true,"href":"https:\/\/kylat.meitadev.fi\/kanava\/wp-json\/wp\/v2\/comments?post=2574"}],"version-history":[{"count":2,"href":"https:\/\/kylat.meitadev.fi\/kanava\/wp-json\/wp\/v2\/pages\/2574\/revisions"}],"predecessor-version":[{"id":2576,"href":"https:\/\/kylat.meitadev.fi\/kanava\/wp-json\/wp\/v2\/pages\/2574\/revisions\/2576"}],"up":[{"embeddable":true,"href":"https:\/\/kylat.meitadev.fi\/kanava\/wp-json\/wp\/v2\/pages\/592"}],"wp:attachment":[{"href":"https:\/\/kylat.meitadev.fi\/kanava\/wp-json\/wp\/v2\/media?parent=2574"}],"curies":[{"name":"wp","href":"https:\/\/api.w.org\/{rel}","templated":true}]}}