{"id":423,"date":"2011-05-23T20:00:19","date_gmt":"2011-05-23T17:00:19","guid":{"rendered":"https:\/\/kylat.meitadev.fi\/kanava\/?page_id=423"},"modified":"2017-02-04T11:07:43","modified_gmt":"2017-02-04T09:07:43","slug":"kylatoiminta","status":"publish","type":"page","link":"https:\/\/kylat.meitadev.fi\/kanava\/kylatoiminta\/","title":{"rendered":"KYL\u00c4TOIMINTA"},"content":{"rendered":"<p>Kyl\u00e4yhdistyksen piiriss\u00e4 toimivat yritykset ja yhdistykset sek\u00e4 liikuntamahdollisuudet on esitelty t\u00e4ss\u00e4 osiossa.<\/p>\n<p>Jos huomaat puuttuvan yrityksen tai yhdistyksen, ilmoita siit\u00e4 yll\u00e4pit\u00e4jillle yhteydenottolomakkeella!<\/p>\n<p>&nbsp;<\/p>\n","protected":false},"excerpt":{"rendered":"<p>Kyl\u00e4yhdistyksen piiriss\u00e4 toimivat yritykset ja yhdistykset sek\u00e4 liikuntamahdollisuudet on esitelty t\u00e4ss\u00e4 osiossa. Jos huomaat puuttuvan yrityksen tai yhdistyksen, ilmoita siit\u00e4 yll\u00e4pit\u00e4jillle yhteydenottolomakkeella! &nbsp;<\/p>\n","protected":false},"author":10,"featured_media":0,"parent":0,"menu_order":3,"comment_status":"closed","ping_status":"closed","template":"","meta":{"footnotes":""},"_links":{"self":[{"href":"https:\/\/kylat.meitadev.fi\/kanava\/wp-json\/wp\/v2\/pages\/423"}],"collection":[{"href":"https:\/\/kylat.meitadev.fi\/kanava\/wp-json\/wp\/v2\/pages"}],"about":[{"href":"https:\/\/kylat.meitadev.fi\/kanava\/wp-json\/wp\/v2\/types\/page"}],"author":[{"embeddable":true,"href":"https:\/\/kylat.meitadev.fi\/kanava\/wp-json\/wp\/v2\/users\/10"}],"replies":[{"embeddable":true,"href":"https:\/\/kylat.meitadev.fi\/kanava\/wp-json\/wp\/v2\/comments?post=423"}],"version-history":[{"count":13,"href":"https:\/\/kylat.meitadev.fi\/kanava\/wp-json\/wp\/v2\/pages\/423\/revisions"}],"predecessor-version":[{"id":2166,"href":"https:\/\/kylat.meitadev.fi\/kanava\/wp-json\/wp\/v2\/pages\/423\/revisions\/2166"}],"wp:attachment":[{"href":"https:\/\/kylat.meitadev.fi\/kanava\/wp-json\/wp\/v2\/media?parent=423"}],"curies":[{"name":"wp","href":"https:\/\/api.w.org\/{rel}","templated":true}]}}