{"id":760,"date":"2011-10-19T23:19:59","date_gmt":"2011-10-19T20:19:59","guid":{"rendered":"https:\/\/kylat.meitadev.fi\/kanava\/?page_id=760"},"modified":"2017-02-04T12:48:55","modified_gmt":"2017-02-04T10:48:55","slug":"kaukalon-pystytystalkoot","status":"publish","type":"page","link":"https:\/\/kylat.meitadev.fi\/kanava\/hankkeet\/urheilukentan-kehittaminen\/kaukalon-pystytystalkoot\/","title":{"rendered":"Kaukalon pystytystalkoot"},"content":{"rendered":"<p>Lauantaina 8.10.2011 pidettiin viidennet isommat talkoot, jossa pystytettiin j\u00e4\u00e4kiekkokaukalon laidat ja muut asiaan kuuluvat rakenteet.<\/p>\n<p>Edellisen\u00e4 iltana saapuivat j\u00e4\u00e4kiekkokaukalon laita-, ynn\u00e4 muut tarvikkeet tehtaalta kent\u00e4lle, kuudessa eri paketissa oli kasaamisohjeet mukana ja lauantaina kokoontuivat talkoolaiset kent\u00e4lle pystytt\u00e4m\u00e4\u00e4n kaukaloa. Tarvikekasa n\u00e4ytti melko suurelta ja urakka tuntui haasteelliselta, mutta meill\u00e4 talkoov\u00e4ki ei s\u00e4ik\u00e4hd\u00e4 talkoiden suuruutta eik\u00e4 vaikeutta, vaan ty\u00f6h\u00f6n tartutaan sill\u00e4 asenteella, ett\u00e4 valmista kyll\u00e4 tulee, kun tehd\u00e4\u00e4n. Ja se tulikin taas todistettua.<\/p>\n<p><a href=\"https:\/\/kylat.meitadev.fi\/kanava\/wp-content\/uploads\/sites\/7\/2011\/10\/5_talkoot_1_1.jpg\" target=\"_blank\"><img loading=\"lazy\" decoding=\"async\" class=\"alignleft wp-image-768\" style=\"border: 1px solid black;margin-top: 1px;margin-bottom: 1px\" src=\"https:\/\/kylat.meitadev.fi\/kanava\/wp-content\/uploads\/sites\/7\/2011\/10\/5_talkoot_1_1.jpg\" width=\"288\" height=\"386\" \/><\/a>Ohjeita luettiin, mittauksia tehtiin ja kun alkuun p\u00e4\u00e4stiin, alkoi kaukalon laidat nousta pystyyn. Osa porukasta jakoi kuljetusautolla tarvikkeet paikoilleen ja toinen porukka kasasi laitaelementti\u00e4 yhteen.<\/p>\n<p>N\u00e4m\u00e4 olivat siin\u00e4 mieless\u00e4 kaikkein mukavimmat talkoot, ett\u00e4 p\u00e4\u00e4stiin tekem\u00e4\u00e4n sit\u00e4 mit\u00e4 oli koko kes\u00e4 valmisteltu useammilla talkoilla: p\u00e4\u00e4tavoite oli saada j\u00e4\u00e4kiekkokaukalo pystyyn talveksi. Kymmenen talkoolaista ahersi koko p\u00e4iv\u00e4n, yhdet kahvit juotiin v\u00e4lill\u00e4 ja taas jatkettiin.<\/p>\n<p><a href=\"https:\/\/kylat.meitadev.fi\/kanava\/wp-content\/uploads\/sites\/7\/2011\/10\/5_talkoot_2_1.jpg\" target=\"_blank\"><img loading=\"lazy\" decoding=\"async\" class=\"wp-image-770 alignleft\" style=\"border: 1px solid black;margin-top: 1px;margin-bottom: 1px\" src=\"https:\/\/kylat.meitadev.fi\/kanava\/wp-content\/uploads\/sites\/7\/2011\/10\/5_talkoot_2_1.jpg\" width=\"288\" height=\"386\" \/><\/a>Homma oli mielenkiintoista ja innostavaa, kaarteet olivat mittatarkkaa ty\u00f6t\u00e4 eli piti olla just eik\u00e4 melkein. Samoin piti olla tarkkana reunamerkint\u00f6jen eli puna-, sini- ja maaliviivojen kanssa. S\u00e4\u00e4 suosi talkoolaisia ja vaikka ohjeet olivat hyv\u00e4t ja kaikki tuli kohdilleen, ilta tuli vastaan ja homma j\u00e4i v\u00e4h\u00e4n kesken. Siksi talkoita p\u00e4\u00e4tettiin jatkaa keskiviikkoiltana 12.10.2011 klo 17, jolloin teht\u00e4isiin loput.<\/p>\n<p>Keskiviikkona illansuussa palattiin taas kaukalolle 10 talkoolaisen voimin. Laitettiin p\u00e4\u00e4tyverkot paikoilleen ja asennettiin huoltoportti kohdilleen. Laidat oikaistiin ja tuettiin murskeella, loput murskeet tasattiin. J\u00e4\u00e4kiekkokaukalo on nyt valmis saamaan ensi j\u00e4\u00e4ns\u00e4! T\u00e4m\u00e4n lis\u00e4ksi rakennettiin viel\u00e4 uudet raput tulevan huoltorakennuksen eteen.<\/p>\n<h3>S\u00e4hk\u00f6hommia ja ojankaivuuta<\/h3>\n<p><a href=\"https:\/\/kylat.meitadev.fi\/kanava\/wp-content\/uploads\/sites\/7\/2011\/10\/5_talkoot_3_1.jpg\" target=\"_blank\"><img loading=\"lazy\" decoding=\"async\" class=\"wp-image-774 alignright\" style=\"border: 1px solid black;margin-top: 1px;margin-bottom: 1px\" src=\"https:\/\/kylat.meitadev.fi\/kanava\/wp-content\/uploads\/sites\/7\/2011\/10\/5_talkoot_3_1.jpg\" width=\"277\" height=\"371\" \/><\/a><a href=\"https:\/\/kylat.meitadev.fi\/kanava\/wp-content\/uploads\/sites\/7\/2011\/10\/5_talkoot_4_1.jpg\" target=\"_blank\"><img loading=\"lazy\" decoding=\"async\" class=\"wp-image-775 alignright\" style=\"border: 1px solid black;margin-top: 1px;margin-bottom: 1px\" src=\"https:\/\/kylat.meitadev.fi\/kanava\/wp-content\/uploads\/sites\/7\/2011\/10\/5_talkoot_4_1.jpg\" width=\"277\" height=\"371\" \/><\/a>Meid\u00e4n talkooty\u00f6t alkavat olla kohta tehty, mutta viel\u00e4 on kaivon kopilla putkimiehill\u00e4 asennus- ja eristyshommia sek\u00e4 s\u00e4hk\u00f6- ja valaistuspuolella kaapeliojan kaivuut, jotka kuuluvat kyl\u00e4yhdistykselle. Varsinaiset s\u00e4hk\u00f6- ja valaistusasennukset hoitaa Lappeenrannan Verkonrakennus Oy, kulut maksaa Lappeenrannan liikuntatoimi.<\/p>\n<p>Verkonrakennustiimin vet\u00e4j\u00e4 Petri Kankaanranta saapui urheilukent\u00e4lle keskiviikkona 19.10.2011. Silloin katsottiin valaisinpylv\u00e4iden sijainnit ja kaapeliojien paikat sek\u00e4 tarkemmat ty\u00f6aikataulut. Kankaanranta tilasi kaapelit seuraavaksi p\u00e4iv\u00e4ksi, joten kaapeliojien kaivuuty\u00f6 oli valmis aloitettavaksi. Illansuussa iski kaivuri kuokkansa urheilukent\u00e4n hiekkaan ja ojaa alkoi synty\u00e4 tasaiseen tahtiin.<\/p>\n<p>Seuraavana p\u00e4iv\u00e4n\u00e4 jatkettiin. S\u00e4hk\u00f6urakoitsija toi kaapelit ja mittasi ne valmiiksi ojiin laitettavaksi. Illalla ojat olivat valmiit ja kaapelit varttuivat ojien pohjilla t\u00e4ytt\u00e4mist\u00e4. Seuraavana p\u00e4iv\u00e4n\u00e4 traktorimies k\u00e4vi t\u00e4ytt\u00e4m\u00e4ss\u00e4 ja tasaamassa ojat, hommassa oli mukana my\u00f6s kolme rivakkaa lapiomiest\u00e4.<\/p>\n<h3>\u00a0Syyskylv\u00f6j\u00e4<\/h3>\n<p>Nyt kun laidat oli saatu paikoilleen ja ilmatkin antoivat my\u00f6ten, p\u00e4\u00e4tettiin my\u00f6s hein\u00e4nsiemen kylv\u00e4\u00e4 jalkapallokent\u00e4lle valmiiksi kev\u00e4tt\u00e4 varten it\u00e4m\u00e4\u00e4n ja hy\u00f6dynt\u00e4m\u00e4\u00e4n kev\u00e4tkosteus. Kylv\u00f6aika oli aika my\u00f6h\u00e4inen johtuen sateisesta syys- ja lokakuusta (yht. 180 mm). Kylvetty hein\u00e4nsiemen ei ehdi orastamaan ennen talven tuloa, toisaalta talvikaan ei p\u00e4\u00e4se h\u00e4vitt\u00e4m\u00e4\u00e4n nuorta hein\u00e4nalkua, kun hein\u00e4nsiemen ei ehdi maan pinnalle. Kolmen miehen vakkaryhm\u00e4 hoiti homman tyylill\u00e4 ja taidolla.<\/p>\n<p style=\"text-align: center\"><a href=\"https:\/\/kylat.meitadev.fi\/kanava\/wp-content\/uploads\/sites\/7\/2011\/10\/kylvo.jpg\" target=\"_blank\"><img loading=\"lazy\" decoding=\"async\" class=\"aligncenter wp-image-801\" style=\"border: 1px solid black;margin-top: 1px;margin-bottom: 1px\" src=\"https:\/\/kylat.meitadev.fi\/kanava\/wp-content\/uploads\/sites\/7\/2011\/10\/kylvo.jpg\" width=\"432\" height=\"288\" \/><\/a><\/p>\n<p>Hein\u00e4nsiement\u00e4 oli saatu 30 kiloa lahjoituksena. Kev\u00e4\u00e4ll\u00e4 sitten sekin asia n\u00e4hd\u00e4\u00e4n, vaikuttiko my\u00f6h\u00e4inen kylv\u00f6ajankohta ty\u00f6n tulokseen. Ja ainahan voi korjata tilanteen, jos asia sit\u00e4 vaatii. N\u00e4in olemme sopineet H\u00e4nen kanssaan, joka antaa kasvun kaikille, kuten hein\u00e4llekin.<\/p>\n<h3>Yhteenveto<\/h3>\n<p>Nyt talkoohommat ovat t\u00e4m\u00e4n ensimm\u00e4isen vaiheen osalta tehty. Putkimiehet hoitavat viel\u00e4 vesihommat ja kun saadaan s\u00e4hk\u00f6t marraskuun 2. viikolla (kuten on luvattu), homma on valmis.<\/p>\n<p>Mit\u00e4 t\u00e4st\u00e4 voisi vet\u00e4\u00e4 yhteen? Eri talkootapahtumia on ollut 23, ty\u00f6tunteja on karttunut yhteens\u00e4 1000, josta traktority\u00f6t\u00e4 on noin 510 ja miesty\u00f6t\u00e4 490 tuntia &#8211; huikea m\u00e4\u00e4r\u00e4! T\u00e4m\u00e4 on osoitus hyv\u00e4st\u00e4 yhteishengest\u00e4 ja osoitus siit\u00e4, mit\u00e4 voidaan saada my\u00f6s t\u00e4nne haja-asutusalueen kylille, kun halutaan ja uskalletaan.<\/p>\n<p>Kiitokset meille kaikille kyl\u00e4l\u00e4isille hyv\u00e4st\u00e4 ja onnistuneesta hankkeesta! Suurkiitos my\u00f6s kaikille talkoolaisille ja muuten hengess\u00e4 mukanaolleille! Ilman teit\u00e4 t\u00e4m\u00e4 ei olisi ollut mahdollista \ud83d\ude42<\/p>\n<p>Terveisin, Puheenjohtaja<\/p>\n<div id=\"attachment_764\" style=\"width: 522px\" class=\"wp-caption aligncenter\"><a href=\"https:\/\/kylat.meitadev.fi\/kanava\/wp-content\/uploads\/sites\/7\/2011\/10\/valmis_kaukalo1.jpg\" target=\"_blank\"><img loading=\"lazy\" decoding=\"async\" aria-describedby=\"caption-attachment-764\" class=\"wp-image-764\" style=\"border: 1px solid black;margin-top: 1px;margin-bottom: 1px\" src=\"https:\/\/kylat.meitadev.fi\/kanava\/wp-content\/uploads\/sites\/7\/2011\/10\/valmis_kaukalo1.jpg\" width=\"512\" height=\"288\" \/><\/a><p id=\"caption-attachment-764\" class=\"wp-caption-text\">Valmis kaukalo &#8211; vain j\u00e4\u00e4 puuttuu!<\/p><\/div>\n","protected":false},"excerpt":{"rendered":"<p>Lauantaina 8.10.2011 pidettiin viidennet isommat talkoot, jossa pystytettiin j\u00e4\u00e4kiekkokaukalon laidat ja muut asiaan kuuluvat rakenteet. Edellisen\u00e4 iltana saapuivat j\u00e4\u00e4kiekkokaukalon laita-, ynn\u00e4 muut tarvikkeet tehtaalta kent\u00e4lle, kuudessa eri paketissa oli kasaamisohjeet mukana ja lauantaina kokoontuivat talkoolaiset kent\u00e4lle pystytt\u00e4m\u00e4\u00e4n kaukaloa. Tarvikekasa n\u00e4ytti &hellip; <a href=\"https:\/\/kylat.meitadev.fi\/kanava\/hankkeet\/urheilukentan-kehittaminen\/kaukalon-pystytystalkoot\/\">Lue loppuun <span class=\"meta-nav\">&rarr;<\/span><\/a><\/p>\n","protected":false},"author":10,"featured_media":0,"parent":538,"menu_order":5,"comment_status":"closed","ping_status":"closed","template":"","meta":{"footnotes":""},"_links":{"self":[{"href":"https:\/\/kylat.meitadev.fi\/kanava\/wp-json\/wp\/v2\/pages\/760"}],"collection":[{"href":"https:\/\/kylat.meitadev.fi\/kanava\/wp-json\/wp\/v2\/pages"}],"about":[{"href":"https:\/\/kylat.meitadev.fi\/kanava\/wp-json\/wp\/v2\/types\/page"}],"author":[{"embeddable":true,"href":"https:\/\/kylat.meitadev.fi\/kanava\/wp-json\/wp\/v2\/users\/10"}],"replies":[{"embeddable":true,"href":"https:\/\/kylat.meitadev.fi\/kanava\/wp-json\/wp\/v2\/comments?post=760"}],"version-history":[{"count":22,"href":"https:\/\/kylat.meitadev.fi\/kanava\/wp-json\/wp\/v2\/pages\/760\/revisions"}],"predecessor-version":[{"id":2182,"href":"https:\/\/kylat.meitadev.fi\/kanava\/wp-json\/wp\/v2\/pages\/760\/revisions\/2182"}],"up":[{"embeddable":true,"href":"https:\/\/kylat.meitadev.fi\/kanava\/wp-json\/wp\/v2\/pages\/538"}],"wp:attachment":[{"href":"https:\/\/kylat.meitadev.fi\/kanava\/wp-json\/wp\/v2\/media?parent=760"}],"curies":[{"name":"wp","href":"https:\/\/api.w.org\/{rel}","templated":true}]}}