{"id":138,"date":"2012-04-09T18:46:33","date_gmt":"2012-04-09T18:16:33","guid":{"rendered":"https:\/\/kylat.meitadev.fi\/kannuskoski\/?page_id=138"},"modified":"2012-04-09T19:17:43","modified_gmt":"2012-04-09T18:47:43","slug":"maisemakuvia","status":"publish","type":"page","link":"https:\/\/kylat.meitadev.fi\/kannuskoski\/kuvagalleria\/maisemakuvia\/","title":{"rendered":"Maisemakuvia"},"content":{"rendered":"<div id=\"attachment_140\" style=\"width: 170px\" class=\"wp-caption alignleft\"><a href=\"https:\/\/kylat.meitadev.fi\/kannuskoski\/wp-content\/uploads\/sites\/24\/2012\/04\/17a_maisema.jpg\"><img loading=\"lazy\" decoding=\"async\" aria-describedby=\"caption-attachment-140\" class=\"size-full wp-image-140\" src=\"https:\/\/kylat.meitadev.fi\/kannuskoski\/wp-content\/uploads\/sites\/24\/2012\/04\/17a_maisema.jpg\" alt=\"\" width=\"160\" height=\"120\" \/><\/a><p id=\"caption-attachment-140\" class=\"wp-caption-text\">Voimalaitoksen silta<\/p><\/div>\n<div id=\"attachment_141\" style=\"width: 410px\" class=\"wp-caption alignleft\"><a href=\"https:\/\/kylat.meitadev.fi\/kannuskoski\/wp-content\/uploads\/sites\/24\/2012\/04\/17b_maisema.jpg\"><img loading=\"lazy\" decoding=\"async\" aria-describedby=\"caption-attachment-141\" class=\"size-full wp-image-141\" src=\"https:\/\/kylat.meitadev.fi\/kannuskoski\/wp-content\/uploads\/sites\/24\/2012\/04\/17b_maisema.jpg\" alt=\"\" width=\"400\" height=\"300\" \/><\/a><p id=\"caption-attachment-141\" class=\"wp-caption-text\">Sillan yl\u00e4juoksulta<\/p><\/div>\n<div class=\"mceTemp\"><\/div>\n<div id=\"attachment_143\" style=\"width: 170px\" class=\"wp-caption alignleft\"><a href=\"https:\/\/kylat.meitadev.fi\/kannuskoski\/wp-content\/uploads\/sites\/24\/2012\/04\/17d_maisema.jpg\"><img loading=\"lazy\" decoding=\"async\" aria-describedby=\"caption-attachment-143\" class=\"size-full wp-image-143\" src=\"https:\/\/kylat.meitadev.fi\/kannuskoski\/wp-content\/uploads\/sites\/24\/2012\/04\/17d_maisema.jpg\" alt=\"\" width=\"160\" height=\"120\" \/><\/a><p id=\"caption-attachment-143\" class=\"wp-caption-text\">V\u00e4liv\u00e4yl\u00e4<\/p><\/div>\n<p>&nbsp;<\/p>\n<div class=\"mceTemp\"><\/div>\n<div id=\"attachment_142\" style=\"width: 170px\" class=\"wp-caption alignleft\"><a href=\"https:\/\/kylat.meitadev.fi\/kannuskoski\/wp-content\/uploads\/sites\/24\/2012\/04\/17c_maisema.jpg\"><img loading=\"lazy\" decoding=\"async\" aria-describedby=\"caption-attachment-142\" class=\"size-full wp-image-142\" src=\"https:\/\/kylat.meitadev.fi\/kannuskoski\/wp-content\/uploads\/sites\/24\/2012\/04\/17c_maisema.jpg\" alt=\"\" width=\"160\" height=\"120\" \/><\/a><p id=\"caption-attachment-142\" class=\"wp-caption-text\">V\u00e4liv\u00e4yl\u00e4<\/p><\/div>\n","protected":false},"excerpt":{"rendered":"<p>&nbsp;<\/p>\n","protected":false},"author":43,"featured_media":0,"parent":28,"menu_order":0,"comment_status":"open","ping_status":"open","template":"","meta":{"footnotes":""},"_links":{"self":[{"href":"https:\/\/kylat.meitadev.fi\/kannuskoski\/wp-json\/wp\/v2\/pages\/138"}],"collection":[{"href":"https:\/\/kylat.meitadev.fi\/kannuskoski\/wp-json\/wp\/v2\/pages"}],"about":[{"href":"https:\/\/kylat.meitadev.fi\/kannuskoski\/wp-json\/wp\/v2\/types\/page"}],"author":[{"embeddable":true,"href":"https:\/\/kylat.meitadev.fi\/kannuskoski\/wp-json\/wp\/v2\/users\/43"}],"replies":[{"embeddable":true,"href":"https:\/\/kylat.meitadev.fi\/kannuskoski\/wp-json\/wp\/v2\/comments?post=138"}],"version-history":[{"count":11,"href":"https:\/\/kylat.meitadev.fi\/kannuskoski\/wp-json\/wp\/v2\/pages\/138\/revisions"}],"predecessor-version":[{"id":146,"href":"https:\/\/kylat.meitadev.fi\/kannuskoski\/wp-json\/wp\/v2\/pages\/138\/revisions\/146"}],"up":[{"embeddable":true,"href":"https:\/\/kylat.meitadev.fi\/kannuskoski\/wp-json\/wp\/v2\/pages\/28"}],"wp:attachment":[{"href":"https:\/\/kylat.meitadev.fi\/kannuskoski\/wp-json\/wp\/v2\/media?parent=138"}],"curies":[{"name":"wp","href":"https:\/\/api.w.org\/{rel}","templated":true}]}}