{"id":35,"date":"2012-03-22T17:03:59","date_gmt":"2012-03-22T17:33:59","guid":{"rendered":"https:\/\/kylat.meitadev.fi\/kannuskoski\/?page_id=35"},"modified":"2012-03-22T17:03:59","modified_gmt":"2012-03-22T17:33:59","slug":"kannuskosken-kylanraitti","status":"publish","type":"page","link":"https:\/\/kylat.meitadev.fi\/kannuskoski\/kylan-esittely\/kannuskosken-kylanraitti\/","title":{"rendered":"Kannuskosken kyl\u00e4nraitti"},"content":{"rendered":"<p><a href=\"https:\/\/kylat.meitadev.fi\/kannuskoski\/wp-content\/uploads\/sites\/24\/2012\/03\/retkikohteita.jpg\"><img loading=\"lazy\" decoding=\"async\" class=\"size-full wp-image-36 alignright\" src=\"https:\/\/kylat.meitadev.fi\/kannuskoski\/wp-content\/uploads\/sites\/24\/2012\/03\/retkikohteita.jpg\" alt=\"\" width=\"207\" height=\"156\" \/><\/a>Kannuskosken kyl\u00e4 on el\u00e4v\u00e4 maalaiskyl\u00e4 koskineen V\u00e4liv\u00e4yl\u00e4n-virran rannalla. Kyl\u00e4nraitti perehdytt\u00e4\u00e4 kulkijansa maalaiskyl\u00e4n nykyiseen ja menneeseen el\u00e4m\u00e4\u00e4n. Opasvihkonen kertoo koskenpartaan massatehtaasta, myllyist\u00e4, tukinuitosta ja kaikesta siit\u00e4, mit\u00e4 virta on mukanaan kyl\u00e4\u00e4n kuljettanut.<\/p>\n<p>Ohessa 16 sivuinen kyl\u00e4nraitti-esite pdf-tiedostona. Tiedoston koko on 3,4 Mt, joten lataus kest\u00e4\u00e4 jonkin aikaa.<\/p>\n<p><a href=\"https:\/\/kylat.meitadev.fi\/kannuskoski\/wp-content\/uploads\/sites\/24\/2012\/03\/Kyl%C3%A4nraitti-esite.pdf\">Kyl\u00e4nraitti-esite pdf-tiedostona<\/a><\/p>\n<p>&nbsp;<\/p>\n","protected":false},"excerpt":{"rendered":"<p>Kannuskosken kyl\u00e4 on el\u00e4v\u00e4 maalaiskyl\u00e4 koskineen V\u00e4liv\u00e4yl\u00e4n-virran rannalla. Kyl\u00e4nraitti perehdytt\u00e4\u00e4 kulkijansa maalaiskyl\u00e4n nykyiseen ja menneeseen el\u00e4m\u00e4\u00e4n. Opasvihkonen kertoo koskenpartaan massatehtaasta, myllyist\u00e4, tukinuitosta ja kaikesta siit\u00e4, mit\u00e4 virta on mukanaan kyl\u00e4\u00e4n kuljettanut. Ohessa 16 sivuinen kyl\u00e4nraitti-esite pdf-tiedostona. Tiedoston koko on 3,4 &hellip; <a href=\"https:\/\/kylat.meitadev.fi\/kannuskoski\/kylan-esittely\/kannuskosken-kylanraitti\/\">Lue loppuun <span class=\"meta-nav\">&rarr;<\/span><\/a><\/p>\n","protected":false},"author":43,"featured_media":0,"parent":20,"menu_order":0,"comment_status":"open","ping_status":"open","template":"","meta":{"footnotes":""},"_links":{"self":[{"href":"https:\/\/kylat.meitadev.fi\/kannuskoski\/wp-json\/wp\/v2\/pages\/35"}],"collection":[{"href":"https:\/\/kylat.meitadev.fi\/kannuskoski\/wp-json\/wp\/v2\/pages"}],"about":[{"href":"https:\/\/kylat.meitadev.fi\/kannuskoski\/wp-json\/wp\/v2\/types\/page"}],"author":[{"embeddable":true,"href":"https:\/\/kylat.meitadev.fi\/kannuskoski\/wp-json\/wp\/v2\/users\/43"}],"replies":[{"embeddable":true,"href":"https:\/\/kylat.meitadev.fi\/kannuskoski\/wp-json\/wp\/v2\/comments?post=35"}],"version-history":[{"count":1,"href":"https:\/\/kylat.meitadev.fi\/kannuskoski\/wp-json\/wp\/v2\/pages\/35\/revisions"}],"predecessor-version":[{"id":38,"href":"https:\/\/kylat.meitadev.fi\/kannuskoski\/wp-json\/wp\/v2\/pages\/35\/revisions\/38"}],"up":[{"embeddable":true,"href":"https:\/\/kylat.meitadev.fi\/kannuskoski\/wp-json\/wp\/v2\/pages\/20"}],"wp:attachment":[{"href":"https:\/\/kylat.meitadev.fi\/kannuskoski\/wp-json\/wp\/v2\/media?parent=35"}],"curies":[{"name":"wp","href":"https:\/\/api.w.org\/{rel}","templated":true}]}}