{"id":79,"date":"2011-04-11T06:22:31","date_gmt":"2011-04-11T06:22:31","guid":{"rendered":"https:\/\/kylat.meitadev.fi\/kasukkala\/?page_id=79"},"modified":"2011-04-18T13:08:16","modified_gmt":"2011-04-18T13:08:16","slug":"kylatoimikunta-2","status":"publish","type":"page","link":"https:\/\/kylat.meitadev.fi\/kasukkala\/kylatoimikunta-2\/","title":{"rendered":"Kyl\u00e4toimikunta"},"content":{"rendered":"<p>Kasukkalan kyl\u00e4toimikunta<\/p>\n<p>Kyl\u00e4toimikunnan teht\u00e4v\u00e4n\u00e4 on kyl\u00e4n edunvalvonta ja yhteyksien pito eri viranomaisten kesken. Vuosittaisia tapahtumia ovat mm: siivoustalkoot, kyl\u00e4py\u00f6r\u00e4ily Vainikkalan kyl\u00e4toimikunnan kanssa, kyl\u00e4lehti, yhteiset uuden vuoden vastaanottajaiset sek\u00e4 kyl\u00e4kokoukset ja erilaiset koulutustapahtumat.<br \/>\nKyl\u00e4toimikunnan yhteystiedot:<br \/>\nJukka Porali pj. jukkaporali(at)luukku.com ja Marianne Viinikainen siht. marianne.viinikainen(at)pp.inet.fi.<\/p>\n","protected":false},"excerpt":{"rendered":"<p>Kasukkalan kyl\u00e4toimikunta Kyl\u00e4toimikunnan teht\u00e4v\u00e4n\u00e4 on kyl\u00e4n edunvalvonta ja yhteyksien pito eri viranomaisten kesken. Vuosittaisia tapahtumia ovat mm: siivoustalkoot, kyl\u00e4py\u00f6r\u00e4ily Vainikkalan kyl\u00e4toimikunnan kanssa, kyl\u00e4lehti, yhteiset uuden vuoden vastaanottajaiset sek\u00e4 kyl\u00e4kokoukset ja erilaiset koulutustapahtumat. Kyl\u00e4toimikunnan yhteystiedot: Jukka Porali pj. jukkaporali(at)luukku.com ja Marianne &hellip; <a href=\"https:\/\/kylat.meitadev.fi\/kasukkala\/kylatoimikunta-2\/\">Continue reading <span class=\"meta-nav\">&rarr;<\/span><\/a><\/p>\n","protected":false},"author":12,"featured_media":0,"parent":0,"menu_order":1,"comment_status":"open","ping_status":"open","template":"","meta":{"footnotes":""},"jetpack_sharing_enabled":true,"_links":{"self":[{"href":"https:\/\/kylat.meitadev.fi\/kasukkala\/wp-json\/wp\/v2\/pages\/79"}],"collection":[{"href":"https:\/\/kylat.meitadev.fi\/kasukkala\/wp-json\/wp\/v2\/pages"}],"about":[{"href":"https:\/\/kylat.meitadev.fi\/kasukkala\/wp-json\/wp\/v2\/types\/page"}],"author":[{"embeddable":true,"href":"https:\/\/kylat.meitadev.fi\/kasukkala\/wp-json\/wp\/v2\/users\/12"}],"replies":[{"embeddable":true,"href":"https:\/\/kylat.meitadev.fi\/kasukkala\/wp-json\/wp\/v2\/comments?post=79"}],"version-history":[{"count":4,"href":"https:\/\/kylat.meitadev.fi\/kasukkala\/wp-json\/wp\/v2\/pages\/79\/revisions"}],"predecessor-version":[{"id":214,"href":"https:\/\/kylat.meitadev.fi\/kasukkala\/wp-json\/wp\/v2\/pages\/79\/revisions\/214"}],"wp:attachment":[{"href":"https:\/\/kylat.meitadev.fi\/kasukkala\/wp-json\/wp\/v2\/media?parent=79"}],"curies":[{"name":"wp","href":"https:\/\/api.w.org\/{rel}","templated":true}]}}