{"id":77,"date":"2012-03-28T13:29:09","date_gmt":"2012-03-28T12:59:09","guid":{"rendered":"https:\/\/kylat.meitadev.fi\/levanen\/?page_id=77"},"modified":"2020-09-13T19:58:35","modified_gmt":"2020-09-13T19:28:35","slug":"palvelut","status":"publish","type":"page","link":"https:\/\/kylat.meitadev.fi\/levanen\/palvelut\/","title":{"rendered":"Palvelut"},"content":{"rendered":"<p><strong>Maatilamajoitus<\/strong><br \/>\n<a href=\"https:\/\/kylat.meitadev.fi\/levanen\/wp-content\/uploads\/sites\/22\/2012\/03\/pa3.jpg\"><img loading=\"lazy\" decoding=\"async\" class=\"size-full wp-image-78 alignright\" src=\"https:\/\/kylat.meitadev.fi\/levanen\/wp-content\/uploads\/sites\/22\/2012\/03\/pa3.jpg\" alt=\"\" width=\"288\" height=\"199\" \/><\/a>Askon ja Maijan Maatilamajoitus tarjoaa m\u00f6kkien vuokrausta Pien-Saimaan<br \/>\nrannalla Peltoin kyl\u00e4ss\u00e4. Suur-Saimaan rannalla Rantatuvalla j\u00e4rjest\u00e4mme kokous- ja juhlatilaisuuksia toiveiden mukaan.<\/p>\n<p>Asko ja Maija Saikko<br \/>\nSuolahdentie 461<br \/>\np. 040-5075842, 040-5762632<br \/>\n<a href=\"http:\/\/www.rantatupa.net\">www.rantatupa.net<\/a><\/p>\n","protected":false},"excerpt":{"rendered":"<p>Maatilamajoitus Askon ja Maijan Maatilamajoitus tarjoaa m\u00f6kkien vuokrausta Pien-Saimaan rannalla Peltoin kyl\u00e4ss\u00e4. Suur-Saimaan rannalla Rantatuvalla j\u00e4rjest\u00e4mme kokous- ja juhlatilaisuuksia toiveiden mukaan. Asko ja Maija Saikko Suolahdentie 461 p. 040-5075842, 040-5762632 www.rantatupa.net<\/p>\n","protected":false},"author":36,"featured_media":0,"parent":0,"menu_order":2,"comment_status":"closed","ping_status":"closed","template":"","meta":{"footnotes":""},"_links":{"self":[{"href":"https:\/\/kylat.meitadev.fi\/levanen\/wp-json\/wp\/v2\/pages\/77"}],"collection":[{"href":"https:\/\/kylat.meitadev.fi\/levanen\/wp-json\/wp\/v2\/pages"}],"about":[{"href":"https:\/\/kylat.meitadev.fi\/levanen\/wp-json\/wp\/v2\/types\/page"}],"author":[{"embeddable":true,"href":"https:\/\/kylat.meitadev.fi\/levanen\/wp-json\/wp\/v2\/users\/36"}],"replies":[{"embeddable":true,"href":"https:\/\/kylat.meitadev.fi\/levanen\/wp-json\/wp\/v2\/comments?post=77"}],"version-history":[{"count":6,"href":"https:\/\/kylat.meitadev.fi\/levanen\/wp-json\/wp\/v2\/pages\/77\/revisions"}],"predecessor-version":[{"id":4089,"href":"https:\/\/kylat.meitadev.fi\/levanen\/wp-json\/wp\/v2\/pages\/77\/revisions\/4089"}],"wp:attachment":[{"href":"https:\/\/kylat.meitadev.fi\/levanen\/wp-json\/wp\/v2\/media?parent=77"}],"curies":[{"name":"wp","href":"https:\/\/api.w.org\/{rel}","templated":true}]}}