{"id":30,"date":"2011-12-16T20:06:08","date_gmt":"2011-12-16T20:06:08","guid":{"rendered":"https:\/\/kylat.meitadev.fi\/lpretela\/?page_id=30"},"modified":"2013-02-17T12:01:31","modified_gmt":"2013-02-17T10:01:31","slug":"vpk-toiminta","status":"publish","type":"page","link":"https:\/\/kylat.meitadev.fi\/lpretela\/vpk-toiminta\/","title":{"rendered":"VPK toiminta"},"content":{"rendered":"<table id=\"TiedoteOtsikkoTaulu\" cellspacing=\"0\">\n<tbody>\n<tr>\n<td colspan=\"2\">\n<h1>Reipasta meininki\u00e4 VPK:ssa<\/h1>\n<\/td>\n<\/tr>\n<\/tbody>\n<\/table>\n<table cellspacing=\"0\">\n<tbody>\n<tr>\n<td colspan=\"2\">\n<div>\n\n\t\t<style type=\"text\/css\">\n\t\t\t#gallery-1 {\n\t\t\t\tmargin: auto;\n\t\t\t}\n\t\t\t#gallery-1 .gallery-item {\n\t\t\t\tfloat: left;\n\t\t\t\tmargin-top: 10px;\n\t\t\t\ttext-align: center;\n\t\t\t\twidth: 33%;\n\t\t\t}\n\t\t\t#gallery-1 img {\n\t\t\t\tborder: 2px solid #cfcfcf;\n\t\t\t}\n\t\t\t#gallery-1 .gallery-caption {\n\t\t\t\tmargin-left: 0;\n\t\t\t}\n\t\t\t\/* see gallery_shortcode() in wp-includes\/media.php *\/\n\t\t<\/style>\n\t\t<div id='gallery-1' class='gallery galleryid-30 gallery-columns-3 gallery-size-thumbnail'><dl class='gallery-item'>\n\t\t\t<dt class='gallery-icon landscape'>\n\t\t\t\t<a href='https:\/\/kylat.meitadev.fi\/lpretela\/vpk-toiminta\/armilan_vpk\/'><img loading=\"lazy\" decoding=\"async\" width=\"150\" height=\"113\" src=\"https:\/\/kylat.meitadev.fi\/lpretela\/wp-content\/uploads\/sites\/32\/2011\/12\/Armilan_VPK.jpg\" class=\"attachment-thumbnail size-thumbnail\" alt=\"Armilan_ja Kourulanm\u00e4en VPK\" aria-describedby=\"gallery-1-39\" \/><\/a>\n\t\t\t<\/dt>\n\t\t\t\t<dd class='wp-caption-text gallery-caption' id='gallery-1-39'>\n\t\t\t\tArmilan_ja Kourulanm\u00e4en VPK\n\t\t\t\t<\/dd><\/dl><dl class='gallery-item'>\n\t\t\t<dt class='gallery-icon landscape'>\n\t\t\t\t<a href='https:\/\/kylat.meitadev.fi\/lpretela\/vpk-toiminta\/thumbs_anu-helkala%e2%80%93pollari-armila-kourulan-vpk-sisakuva-nayttamolle-pain\/'><img loading=\"lazy\" decoding=\"async\" width=\"150\" height=\"100\" src=\"https:\/\/kylat.meitadev.fi\/lpretela\/wp-content\/uploads\/sites\/32\/2011\/12\/thumbs_Anu-Helkala\u2013Pollari-Armila-Kourulan-VPK-sisakuva-nayttamolle-pain.jpg\" class=\"attachment-thumbnail size-thumbnail\" alt=\"\" \/><\/a>\n\t\t\t<\/dt><\/dl><dl class='gallery-item'>\n\t\t\t<dt class='gallery-icon landscape'>\n\t\t\t\t<a href='https:\/\/kylat.meitadev.fi\/lpretela\/vpk-toiminta\/thumbs_anu-helkala%e2%80%93pollari-armila-kourulan-vpk-sisakuva-nayttamolta-pain\/'><img loading=\"lazy\" decoding=\"async\" width=\"150\" height=\"100\" src=\"https:\/\/kylat.meitadev.fi\/lpretela\/wp-content\/uploads\/sites\/32\/2011\/12\/thumbs_Anu-Helkala\u2013Pollari-Armila-Kourulan-VPK-sisakuva-nayttamolta-pain.jpg\" class=\"attachment-thumbnail size-thumbnail\" alt=\"\" \/><\/a>\n\t\t\t<\/dt><\/dl><br style=\"clear: both\" \/><dl class='gallery-item'>\n\t\t\t<dt class='gallery-icon landscape'>\n\t\t\t\t<a href='https:\/\/kylat.meitadev.fi\/lpretela\/vpk-toiminta\/thumbs_anu-helkala%e2%80%93pollari-armila-kourulan-vpk-sisakuva-respa\/'><img loading=\"lazy\" decoding=\"async\" width=\"150\" height=\"100\" src=\"https:\/\/kylat.meitadev.fi\/lpretela\/wp-content\/uploads\/sites\/32\/2011\/12\/thumbs_Anu-Helkala\u2013Pollari-Armila-Kourulan-VPK-sisakuva-respa.jpg\" class=\"attachment-thumbnail size-thumbnail\" alt=\"\" \/><\/a>\n\t\t\t<\/dt><\/dl><dl class='gallery-item'>\n\t\t\t<dt class='gallery-icon landscape'>\n\t\t\t\t<a href='https:\/\/kylat.meitadev.fi\/lpretela\/vpk-toiminta\/thumbs_anu-helkala%e2%80%93pollari-armila-kourulan-vpk-ulkokuva\/'><img loading=\"lazy\" decoding=\"async\" width=\"150\" height=\"100\" src=\"https:\/\/kylat.meitadev.fi\/lpretela\/wp-content\/uploads\/sites\/32\/2011\/12\/thumbs_Anu-Helkala\u2013Pollari-Armila-Kourulan-VPK-ulkokuva.jpg\" class=\"attachment-thumbnail size-thumbnail\" alt=\"\" \/><\/a>\n\t\t\t<\/dt><\/dl><dl class='gallery-item'>\n\t\t\t<dt class='gallery-icon landscape'>\n\t\t\t\t<a href='https:\/\/kylat.meitadev.fi\/lpretela\/vpk-toiminta\/thumbs_anu-helkala%e2%80%93pollari-vpk-henkilosto-kuva-etalainen-asukastiedote-2008\/'><img loading=\"lazy\" decoding=\"async\" width=\"150\" height=\"113\" src=\"https:\/\/kylat.meitadev.fi\/lpretela\/wp-content\/uploads\/sites\/32\/2011\/12\/thumbs_Anu-Helkala\u2013Pollari-VPK-henkilosto-kuva-etalainen-asukastiedote-2008.jpg\" class=\"attachment-thumbnail size-thumbnail\" alt=\"\" \/><\/a>\n\t\t\t<\/dt><\/dl><br style=\"clear: both\" \/>\n\t\t<\/div>\n\n<p>Armilan ja Kourulanm\u00e4en VPK<\/p>\n<\/div>\n<p>Myllym\u00e4en puiden siimeksess\u00e4 toimii vire\u00e4 vapaapalokunta. Armilan ja Kourulanm\u00e4en VPK perustettiin jo vuonna 1897. Se on siit\u00e4 l\u00e4htien toiminut samassa paikassa Myllym\u00e4ell\u00e4, osoitteessa Myllykallionkatu 16.<\/p>\n<p>Palokunta toimii Etel\u00e4-Karjalan Pelastuslaitoksen sopimuspalokuntana. J\u00e4seni\u00e4 palokunnassa on noin 25. VPK on erikoistunut mets\u00e4palojen sammuttamiseen.<\/p>\n<p>Palokunnan harjoitusilta on maanantai. Harjoituksissa k\u00e4yd\u00e4\u00e4n l\u00e4pi mm. erilaisia tilanteita, joihin palokunnan on mahdollista joutua sek\u00e4 palokunnan varusteiden ja kaluston k\u00e4ytt\u00f6\u00e4.<\/p>\n<p>Uudet j\u00e4senet ovat tervetulleita toimintaan mukaan. Uudet j\u00e4senet perehdytet\u00e4\u00e4n ja koulutetaan aina alan kursseilla.<\/p>\n<p>VPK tilat Myllym\u00e4ell\u00e4 soveltuvat hyvin esim. erilaisten juhlien k\u00e4ytt\u00f6\u00f6n.<\/p>\n<p><strong>Kysy lis\u00e4tietoja:<br \/>\n<\/strong>VPK:n toiminnasta: Lasse P\u00e4\u00e4kk\u00f6nen puh. 0400-655 717<br \/>\nVPK:n talon varauksista: talonmies puh. 05-416 1151<\/td>\n<\/tr>\n<\/tbody>\n<\/table>\n","protected":false},"excerpt":{"rendered":"<p>Reipasta meininki\u00e4 VPK:ssa Armilan ja Kourulanm\u00e4en VPK Myllym\u00e4en puiden siimeksess\u00e4 toimii vire\u00e4 vapaapalokunta. Armilan ja Kourulanm\u00e4en VPK perustettiin jo vuonna 1897. Se on siit\u00e4 l\u00e4htien toiminut samassa paikassa Myllym\u00e4ell\u00e4, osoitteessa Myllykallionkatu 16. Palokunta toimii Etel\u00e4-Karjalan Pelastuslaitoksen sopimuspalokuntana. J\u00e4seni\u00e4 palokunnassa on &hellip; <a href=\"https:\/\/kylat.meitadev.fi\/lpretela\/vpk-toiminta\/\">Lue loppuun <span class=\"meta-nav\">&rarr;<\/span><\/a><\/p>\n","protected":false},"author":66,"featured_media":39,"parent":0,"menu_order":0,"comment_status":"closed","ping_status":"closed","template":"","meta":{"footnotes":""},"_links":{"self":[{"href":"https:\/\/kylat.meitadev.fi\/lpretela\/wp-json\/wp\/v2\/pages\/30"}],"collection":[{"href":"https:\/\/kylat.meitadev.fi\/lpretela\/wp-json\/wp\/v2\/pages"}],"about":[{"href":"https:\/\/kylat.meitadev.fi\/lpretela\/wp-json\/wp\/v2\/types\/page"}],"author":[{"embeddable":true,"href":"https:\/\/kylat.meitadev.fi\/lpretela\/wp-json\/wp\/v2\/users\/66"}],"replies":[{"embeddable":true,"href":"https:\/\/kylat.meitadev.fi\/lpretela\/wp-json\/wp\/v2\/comments?post=30"}],"version-history":[{"count":14,"href":"https:\/\/kylat.meitadev.fi\/lpretela\/wp-json\/wp\/v2\/pages\/30\/revisions"}],"predecessor-version":[{"id":138,"href":"https:\/\/kylat.meitadev.fi\/lpretela\/wp-json\/wp\/v2\/pages\/30\/revisions\/138"}],"wp:featuredmedia":[{"embeddable":true,"href":"https:\/\/kylat.meitadev.fi\/lpretela\/wp-json\/wp\/v2\/media\/39"}],"wp:attachment":[{"href":"https:\/\/kylat.meitadev.fi\/lpretela\/wp-json\/wp\/v2\/media?parent=30"}],"curies":[{"name":"wp","href":"https:\/\/api.w.org\/{rel}","templated":true}]}}