{"id":27,"date":"2014-02-24T11:23:53","date_gmt":"2014-02-24T09:23:53","guid":{"rendered":"https:\/\/kylat.meitadev.fi\/mattilamantylakuusela\/?page_id=27"},"modified":"2014-09-29T14:40:12","modified_gmt":"2014-09-29T11:40:12","slug":"uusille-asukkaille","status":"publish","type":"page","link":"https:\/\/kylat.meitadev.fi\/mattilamantylakuusela\/uusille-asukkaille\/","title":{"rendered":"PALVELUT ALUEELLAMME"},"content":{"rendered":"<p><strong>Kaupalliset palvelut, esim.:<\/strong><\/p>\n<ul>\n<li><a href=\"http:\/\/www.siwa.fi\/fi\/kaupat-ja-aukioloajat\/?id=797\" target=\"blank\">Siwa-l\u00e4hikauppa <\/a>Mattilassa<\/li>\n<li>Postin palvelut toimivat Siwassa<\/li>\n<li>Mattilan Maja<\/li>\n<li><a href=\"http:\/\/www.parturikampaamokurjensulka.fi\/\" target=\"blank\">Parturi-Kampaamo Kurjen-Sulka<\/a><\/li>\n<\/ul>\n<p><strong>Julkiset palvelut:<\/strong><\/p>\n<ul>\n<li>M\u00e4ntyl\u00e4n p\u00e4iv\u00e4koti\u00a0(<a href=\"http:\/\/kartta.lappeenranta.fi\/IMS\/?layers=Opaskartta&amp;cp=6768765,28508655&amp;z=2&amp;title=P%C3%A4iv%C3%A4koti\" target=\"_blank\">kartalla<\/a>)<\/li>\n<li>M\u00e4ntyl\u00e4n koulu (<a href=\"http:\/\/kartta.lappeenranta.fi\/IMS\/?layers=Opaskartta&amp;cp=6768569,28508423&amp;z=2&amp;title=M%C3%A4ntyl%C3%A4n%20koulu\" target=\"_blank\">kartalla<\/a>)<\/li>\n<li>Seurakunnan p\u00e4iv\u00e4kerho (Mehil\u00e4isentien kerrostalo, <a href=\"http:\/\/kartta.lappeenranta.fi\/IMS\/?layers=Opaskartta&amp;cp=6768329,28508595&amp;z=2&amp;title=Srk%20iltap%C3%A4iv%C3%A4kerho\" target=\"_blank\">kartalla<\/a>)<\/li>\n<li>Vesaisten j\u00e4rjest\u00e4m\u00e4 iltap\u00e4iv\u00e4kerhotoiminta koululaisille\u00a0M\u00e4ntyl\u00e4n koululla<\/li>\n<\/ul>\n<p><strong>Muut palvelut:<\/strong><\/p>\n<ul>\n<li>J\u00e4tehuoltopiste on l\u00e4hikauppa Siwan vieress\u00e4 Simolantien puolella. Pisteell\u00e4 on paperin- ja lasinker\u00e4ys\u00a0(<a href=\"http:\/\/kartta.lappeenranta.fi\/IMS\/?layers=Ilmakuva&amp;cp=6768876,28508913&amp;z=0.25&amp;title=J%C3%A4tepiste\" target=\"_blank\">kartalla<\/a>).<\/li>\n<\/ul>\n<p><strong>Linkkej\u00e4:<\/strong><\/p>\n<p><img loading=\"lazy\" decoding=\"async\" alt=\"\" src=\"http:\/\/194.251.35.222\/Kuvat\/World_go.png\" width=\"16\" height=\"16\" \/>\u00a0<a href=\"http:\/\/www.lappeenranta.fi\/Suomeksi\/Palvelut\/Varhaiskasvatus\/Paivakodit\/Paivakotien-yhteystiedot\/Mantylan-paivakoti\" target=\"_blank\">M\u00e4ntyl\u00e4n p\u00e4iv\u00e4koti<\/a><\/p>\n<p><img loading=\"lazy\" decoding=\"async\" alt=\"\" src=\"http:\/\/194.251.35.222\/Kuvat\/World_go.png\" width=\"16\" height=\"16\" \/>\u00a0<a title=\"\" href=\"http:\/\/www.lappeenranta.fi\/Suomeksi\/Palvelut\/Koulutus_ja_opiskelu\/Perusopetus\/Koulut\/Mantylan_koulu.iw3\" target=\"_new\">M\u00e4ntyl\u00e4n koulu<\/a><\/p>\n<p><img loading=\"lazy\" decoding=\"async\" alt=\"\" src=\"http:\/\/194.251.35.222\/Kuvat\/World_go.png\" width=\"16\" height=\"16\" \/>\u00a0<a title=\"\" href=\"http:\/\/www.lappeenranta.fi\/Suomeksi\/Palvelut\/Koulutus_ja_opiskelu\/Koululaisten_iltapaivatoiminta.iw3\" target=\"_new\">Lappeenrannan kaupunki: koululaisten iltap\u00e4iv\u00e4toiminta<\/a><\/p>\n<p><img loading=\"lazy\" decoding=\"async\" alt=\"\" src=\"http:\/\/194.251.35.222\/Kuvat\/World_go.png\" width=\"16\" height=\"16\" \/>\u00a0<a href=\"http:\/\/www.lappeenrannanseurakunnat.fi\/yhteiset_tyomuodot\/lapsityo__\/koululaisten_iltapaivatoiminta\/\" target=\"_blank\">Seurakunnan iltap\u00e4iv\u00e4kerho<\/a><\/p>\n<p><img loading=\"lazy\" decoding=\"async\" alt=\"\" src=\"http:\/\/194.251.35.222\/Kuvat\/World_go.png\" width=\"16\" height=\"16\" \/>\u00a0<a title=\"\" href=\"http:\/\/www.keskusta.fi\/Suomeksi\/Piirit\/Karjala\/Suomeksi\/Kunnat\/Lappeenranta\/Keskusta_Lappeenrannassa\/Vesaiset.iw3\" target=\"_new\">Vesaiset<\/a><\/p>\n<p><img loading=\"lazy\" decoding=\"async\" alt=\"\" src=\"http:\/\/194.251.35.222\/Kuvat\/World_go.png\" width=\"16\" height=\"16\" \/>\u00a0<a title=\"\" href=\"http:\/\/www.ekjh.fi\/\" target=\"_new\">Etel\u00e4-Karjalan j\u00e4tehuolto<\/a><\/p>\n<p><img loading=\"lazy\" decoding=\"async\" alt=\"\" src=\"http:\/\/194.251.35.222\/Kuvat\/World_go.png\" width=\"16\" height=\"16\" \/>\u00a0<a title=\"\" href=\"http:\/\/www.lappeenranta.fi\/Suomeksi\/Palvelut\/Jatehuolto_ja_kierratys.iw3\" target=\"_new\">J\u00e4tehuolto ja kierr\u00e4tys<\/a><\/p>\n<p>&nbsp;<\/p>\n<p>Palvelujen tuottajat, jos haluatte olla esill\u00e4 yhdistyksen kotisivulla, ottakaa yhteytt\u00e4 sivujen yll\u00e4pit\u00e4j\u00e4\u00e4n Palautteen alta &#8221;Terveisi\u00e4 yhdistykselle&#8221;-linkin kautta.<\/p>\n","protected":false},"excerpt":{"rendered":"<p>Kaupalliset palvelut, esim.: Siwa-l\u00e4hikauppa Mattilassa Postin palvelut toimivat Siwassa Mattilan Maja Parturi-Kampaamo Kurjen-Sulka Julkiset palvelut: M\u00e4ntyl\u00e4n p\u00e4iv\u00e4koti\u00a0(kartalla) M\u00e4ntyl\u00e4n koulu (kartalla) Seurakunnan p\u00e4iv\u00e4kerho (Mehil\u00e4isentien kerrostalo, kartalla) Vesaisten j\u00e4rjest\u00e4m\u00e4 iltap\u00e4iv\u00e4kerhotoiminta koululaisille\u00a0M\u00e4ntyl\u00e4n koululla Muut palvelut: J\u00e4tehuoltopiste on l\u00e4hikauppa Siwan vieress\u00e4 Simolantien puolella. Pisteell\u00e4 on paperin- ja lasinker\u00e4ys\u00a0(kartalla). Linkkej\u00e4: \u00a0M\u00e4ntyl\u00e4n p\u00e4iv\u00e4koti \u00a0M\u00e4ntyl\u00e4n koulu \u00a0Lappeenrannan kaupunki: koululaisten iltap\u00e4iv\u00e4toiminta \u00a0Seurakunnan iltap\u00e4iv\u00e4kerho &hellip; <a href=\"https:\/\/kylat.meitadev.fi\/mattilamantylakuusela\/uusille-asukkaille\/\" class=\"more-link\">Continue reading <span class=\"screen-reader-text\">PALVELUT ALUEELLAMME<\/span><\/a><\/p>\n","protected":false},"author":1,"featured_media":0,"parent":0,"menu_order":0,"comment_status":"closed","ping_status":"closed","template":"","meta":{"footnotes":""},"_links":{"self":[{"href":"https:\/\/kylat.meitadev.fi\/mattilamantylakuusela\/wp-json\/wp\/v2\/pages\/27"}],"collection":[{"href":"https:\/\/kylat.meitadev.fi\/mattilamantylakuusela\/wp-json\/wp\/v2\/pages"}],"about":[{"href":"https:\/\/kylat.meitadev.fi\/mattilamantylakuusela\/wp-json\/wp\/v2\/types\/page"}],"author":[{"embeddable":true,"href":"https:\/\/kylat.meitadev.fi\/mattilamantylakuusela\/wp-json\/wp\/v2\/users\/1"}],"replies":[{"embeddable":true,"href":"https:\/\/kylat.meitadev.fi\/mattilamantylakuusela\/wp-json\/wp\/v2\/comments?post=27"}],"version-history":[{"count":24,"href":"https:\/\/kylat.meitadev.fi\/mattilamantylakuusela\/wp-json\/wp\/v2\/pages\/27\/revisions"}],"predecessor-version":[{"id":213,"href":"https:\/\/kylat.meitadev.fi\/mattilamantylakuusela\/wp-json\/wp\/v2\/pages\/27\/revisions\/213"}],"wp:attachment":[{"href":"https:\/\/kylat.meitadev.fi\/mattilamantylakuusela\/wp-json\/wp\/v2\/media?parent=27"}],"curies":[{"name":"wp","href":"https:\/\/api.w.org\/{rel}","templated":true}]}}