{"id":102,"date":"2011-08-23T17:42:00","date_gmt":"2011-08-23T17:42:00","guid":{"rendered":"https:\/\/kylat.meitadev.fi\/rautio\/?page_id=102"},"modified":"2013-02-27T18:42:04","modified_gmt":"2013-02-27T18:42:04","slug":"rantahanke","status":"publish","type":"page","link":"https:\/\/kylat.meitadev.fi\/rautio\/harrastukset\/rantahanke\/","title":{"rendered":"Venepaikat"},"content":{"rendered":"<p><strong>Venepaikat <strong>Rautionkyl\u00e4ss\u00e4<\/strong>\u00a0Immolanj\u00e4rven rannassa<\/strong><\/p>\n<p>Raution kaupunginosayhdistys yll\u00e4pit\u00e4\u00e4 venepaikkoja Rautionkadun, Karpuksenkadun, Myllyksenkadun ja Kohonkujan p\u00e4\u00e4ss\u00e4. Imatran kaupungin kanssa tehdyn sopimuksen nojalla venepaikat kunnostettiin ja rakennettiin veneiden s\u00e4ilytt\u00e4mist\u00e4 varten venetelat. Samalla kunnostettiin Rautionkadun rannalla vanha kivilaituri ja Myllyksenkadun rannan laituri muutettiin liikuntaesteisille soveltuvaksi monitoimilaituriksi.<\/p>\n<p>Ranta-alueen omistaa Imatran kaupunki, jonka kanssa Raution kaupunginosayhdistys on tehnyt sopimuksen rannan k\u00e4ytt\u00f6oikeudesta. Kaupunginosasyhdistys sai hankkeelle Leader-hankerahoituksen 50 % kustannuksista. Loppu rahoituksesta tuli kaupunginosayhdistykselt\u00e4 ja Satakielen Laulu ry:lt\u00e4. My\u00f6s talkooty\u00f6ll\u00e4 katettiin omarahoitusosuutta.<\/p>\n<p><strong>Kuvia hankkeen toteutuksesta<\/strong><\/p>\n<div id=\"attachment_469\" style=\"width: 3018px\" class=\"wp-caption aligncenter\"><a href=\"https:\/\/kylat.meitadev.fi\/rautio\/wp-content\/uploads\/sites\/17\/2011\/08\/DSC_0360.jpg\"><img loading=\"lazy\" decoding=\"async\" aria-describedby=\"caption-attachment-469\" class=\"size-full wp-image-469\" alt=\"\" src=\"https:\/\/kylat.meitadev.fi\/rautio\/wp-content\/uploads\/sites\/17\/2011\/08\/DSC_0360.jpg\" width=\"3008\" height=\"2000\" \/><\/a><p id=\"caption-attachment-469\" class=\"wp-caption-text\">Rautionkadun ranta 2011<\/p><\/div>\n<div id=\"attachment_194\" style=\"width: 490px\" class=\"wp-caption alignleft\"><a href=\"https:\/\/kylat.meitadev.fi\/rautio\/wp-content\/uploads\/sites\/17\/2011\/08\/venetelitalkoot1-12.5.11.jpg\"><img loading=\"lazy\" decoding=\"async\" aria-describedby=\"caption-attachment-194\" class=\"size-full wp-image-194\" alt=\"\" src=\"https:\/\/kylat.meitadev.fi\/rautio\/wp-content\/uploads\/sites\/17\/2011\/08\/venetelitalkoot1-12.5.11.jpg\" width=\"480\" height=\"360\" \/><\/a><p id=\"caption-attachment-194\" class=\"wp-caption-text\">Venetelej\u00e4 rakennetaan taltooty\u00f6n\u00e4 toukokuussa 2011.<\/p><\/div>\n<div id=\"attachment_474\" style=\"width: 2058px\" class=\"wp-caption aligncenter\"><a href=\"https:\/\/kylat.meitadev.fi\/rautio\/wp-content\/uploads\/sites\/17\/2011\/08\/955.jpg\"><img loading=\"lazy\" decoding=\"async\" aria-describedby=\"caption-attachment-474\" class=\"size-full wp-image-474\" alt=\"\" src=\"https:\/\/kylat.meitadev.fi\/rautio\/wp-content\/uploads\/sites\/17\/2011\/08\/955.jpg\" width=\"2048\" height=\"1536\" \/><\/a><p id=\"caption-attachment-474\" class=\"wp-caption-text\">Myllyksenkadun laituria rakennetaan<\/p><\/div>\n<div id=\"attachment_475\" style=\"width: 2058px\" class=\"wp-caption aligncenter\"><a href=\"https:\/\/kylat.meitadev.fi\/rautio\/wp-content\/uploads\/sites\/17\/2011\/08\/10211.jpg\"><img loading=\"lazy\" decoding=\"async\" aria-describedby=\"caption-attachment-475\" class=\"size-full wp-image-475\" alt=\"\" src=\"https:\/\/kylat.meitadev.fi\/rautio\/wp-content\/uploads\/sites\/17\/2011\/08\/10211.jpg\" width=\"2048\" height=\"1536\" \/><\/a><p id=\"caption-attachment-475\" class=\"wp-caption-text\">Laiturin kulkuluiskan kiinnitys<\/p><\/div>\n<div id=\"attachment_478\" style=\"width: 2266px\" class=\"wp-caption aligncenter\"><a href=\"https:\/\/kylat.meitadev.fi\/rautio\/wp-content\/uploads\/sites\/17\/2011\/08\/DSC_06201.jpg\"><img loading=\"lazy\" decoding=\"async\" aria-describedby=\"caption-attachment-478\" class=\"size-full wp-image-478\" alt=\"\" src=\"https:\/\/kylat.meitadev.fi\/rautio\/wp-content\/uploads\/sites\/17\/2011\/08\/DSC_06201.jpg\" width=\"2256\" height=\"1496\" \/><\/a><p id=\"caption-attachment-478\" class=\"wp-caption-text\">Kohonkujan rantaa, taustalla syksyll\u00e4 2012 rakennettu pukusuoja<\/p><\/div>\n<p>&nbsp;<\/p>\n<div id=\"attachment_484\" style=\"width: 2058px\" class=\"wp-caption aligncenter\"><a href=\"https:\/\/kylat.meitadev.fi\/rautio\/wp-content\/uploads\/sites\/17\/2011\/08\/959.jpg\"><img loading=\"lazy\" decoding=\"async\" aria-describedby=\"caption-attachment-484\" class=\"size-full wp-image-484\" alt=\"\" src=\"https:\/\/kylat.meitadev.fi\/rautio\/wp-content\/uploads\/sites\/17\/2011\/08\/959.jpg\" width=\"2048\" height=\"1536\" \/><\/a><p id=\"caption-attachment-484\" class=\"wp-caption-text\">Rantahankep\u00e4\u00e4llikk\u00f6 puomin teossa<\/p><\/div>\n<p style=\"text-align: justify\"><strong>Lis\u00e4\u00e4 kuvia liitteiss\u00e4<\/strong><\/p>\n<p style=\"text-align: justify\"><a href=\"https:\/\/kylat.meitadev.fi\/rautio\/wp-content\/uploads\/sites\/17\/2011\/08\/kuvaliite1-2011.pdf\">kuvaliite1-2011<\/a><\/p>\n<p style=\"text-align: justify\"><a href=\"https:\/\/kylat.meitadev.fi\/rautio\/wp-content\/uploads\/sites\/17\/2011\/08\/kuvaliite2-2011.pdf\">kuvaliite2-2011<\/a><\/p>\n<p style=\"text-align: justify\"><a href=\"https:\/\/kylat.meitadev.fi\/rautio\/wp-content\/uploads\/sites\/17\/2011\/08\/Kuvaliite2012.pdf\">kuvaliite-2012<\/a><\/p>\n<p><strong>Rantahankkeen kustannukset ja rahoitus<\/strong><\/p>\n<ul>\n<li>Leader -hankeavustus\u00a0\u00a0\u00a0\u00a0 18 750 \u20ac<\/li>\n<li>Oma rahoitus\u00a0\u00a0\u00a0\u00a0\u00a0\u00a0\u00a0\u00a0\u00a0\u00a0\u00a0\u00a0\u00a0\u00a0\u00a0\u00a0 \u00a0 \u00a0 \u00a0 \u00a0 8 250 \u20ac (sis. Satakielen Laulun osuuden)<\/li>\n<li>Vastikkeeton ty\u00f6\u00a0\u00a0\u00a0\u00a0\u00a0\u00a0\u00a0\u00a0\u00a0 \u00a0\u00a0\u00a0 10 500 \u20ac Rahoitus yhteens\u00e4\u00a0\u00a0\u00a0\u00a0 \u00a0 \u00a0 \u00a0 37 500 \u20ac<\/li>\n<\/ul>\n<p>Rahallisesta omarahoituksesta vastasi p\u00e4\u00e4siassa\u00a0Raution kaupunginosayhdistys ry, my\u00f6s Satakielen Laulu ry:lta saatiin rahoitusta ja talkooty\u00f6apua. Hanke saatiin l\u00e4hes toteutettua suunnitellulla rahoituksella. Talkooty\u00f6tunteja kirjattiin yhteens\u00e4 n. 1500 tuntia!<strong><\/strong><\/p>\n<p><a href=\"https:\/\/kylat.meitadev.fi\/rautio\/wp-content\/uploads\/sites\/17\/2011\/08\/Logot.jpg\"><img loading=\"lazy\" decoding=\"async\" class=\"alignleft size-full wp-image-196\" alt=\"\" src=\"https:\/\/kylat.meitadev.fi\/rautio\/wp-content\/uploads\/sites\/17\/2011\/08\/Logot.jpg\" width=\"1926\" height=\"400\" \/><\/a><\/p>\n","protected":false},"excerpt":{"rendered":"<p>Venepaikat Rautionkyl\u00e4ss\u00e4\u00a0Immolanj\u00e4rven rannassa Raution kaupunginosayhdistys yll\u00e4pit\u00e4\u00e4 venepaikkoja Rautionkadun, Karpuksenkadun, Myllyksenkadun ja Kohonkujan p\u00e4\u00e4ss\u00e4. Imatran kaupungin kanssa tehdyn sopimuksen nojalla venepaikat kunnostettiin ja rakennettiin veneiden s\u00e4ilytt\u00e4mist\u00e4 varten venetelat. Samalla kunnostettiin Rautionkadun rannalla vanha kivilaituri ja Myllyksenkadun rannan laituri muutettiin liikuntaesteisille soveltuvaksi &hellip; <a href=\"https:\/\/kylat.meitadev.fi\/rautio\/harrastukset\/rantahanke\/\">Continue reading <span class=\"meta-nav\">&rarr;<\/span><\/a><\/p>\n","protected":false},"author":28,"featured_media":0,"parent":38,"menu_order":6,"comment_status":"open","ping_status":"open","template":"","meta":{"footnotes":""},"_links":{"self":[{"href":"https:\/\/kylat.meitadev.fi\/rautio\/wp-json\/wp\/v2\/pages\/102"}],"collection":[{"href":"https:\/\/kylat.meitadev.fi\/rautio\/wp-json\/wp\/v2\/pages"}],"about":[{"href":"https:\/\/kylat.meitadev.fi\/rautio\/wp-json\/wp\/v2\/types\/page"}],"author":[{"embeddable":true,"href":"https:\/\/kylat.meitadev.fi\/rautio\/wp-json\/wp\/v2\/users\/28"}],"replies":[{"embeddable":true,"href":"https:\/\/kylat.meitadev.fi\/rautio\/wp-json\/wp\/v2\/comments?post=102"}],"version-history":[{"count":16,"href":"https:\/\/kylat.meitadev.fi\/rautio\/wp-json\/wp\/v2\/pages\/102\/revisions"}],"predecessor-version":[{"id":193,"href":"https:\/\/kylat.meitadev.fi\/rautio\/wp-json\/wp\/v2\/pages\/102\/revisions\/193"}],"up":[{"embeddable":true,"href":"https:\/\/kylat.meitadev.fi\/rautio\/wp-json\/wp\/v2\/pages\/38"}],"wp:attachment":[{"href":"https:\/\/kylat.meitadev.fi\/rautio\/wp-json\/wp\/v2\/media?parent=102"}],"curies":[{"name":"wp","href":"https:\/\/api.w.org\/{rel}","templated":true}]}}