{"id":11,"date":"2011-08-23T10:15:27","date_gmt":"2011-08-23T10:15:27","guid":{"rendered":"https:\/\/kylat.meitadev.fi\/rautio\/?page_id=11"},"modified":"2011-08-23T10:21:06","modified_gmt":"2011-08-23T10:21:06","slug":"saannot","status":"publish","type":"page","link":"https:\/\/kylat.meitadev.fi\/rautio\/yhdistys\/saannot\/","title":{"rendered":"S\u00e4\u00e4nn\u00f6t"},"content":{"rendered":"<p>Yhdistyksen s\u00e4\u00e4nt\u00f6muutos hyv\u00e4ksyttiin vuosikokouksessa 22.2.08.<\/p>\n<p>1 \u00a7\u00a0\u00a0\u00a0\u00a0 NIMI JA KOTIPAIKKA<br \/>\nRaution kaupunginosayhdistys ja sen kotikunta on Imatra.<br \/>\nYhdistyksen toimialueena on Imatran kaupungin Raution(kyl\u00e4n) kaupunginosa l\u00e4hiymp\u00e4rist\u00f6ineen, Immolanj\u00e4rven \u2013 golfkent\u00e4n \u2013 R\u00f6nk\u00e4ntien \u2013 Kaukop\u00e4\u00e4n tehdasalueen rajaama alue mukaan luettuna Petsamon ja Rajavartioston alue.<br \/>\n2 \u00a7\u00a0\u00a0\u00a0 TARKOITUS JA TOIMINTA<br \/>\nYhdistyksen tarkoituksena on:<br \/>\n-Ty\u00f6skennell\u00e4 toimialueensa henkisten, sosiaalisten ja taloudellisten olojen kehitt\u00e4miseksi.<br \/>\n-Toimia viihtyvyyden ja turvallisuuden lis\u00e4\u00e4miseksi vanhojen perinteiden ja uusien ajatusten pohjalta.<br \/>\n-Toimia kokonaisvaltaisen yhdyskuntaty\u00f6n kehitt\u00e4misess\u00e4 yhteisty\u00f6ss\u00e4 asukkaiden, j\u00e4rjest\u00f6jen ja Imatran kaupungin kanssa paikallisten erityispiirteiden pohjalta osallistumalla aluetta koskevaan suunnitteluun ja p\u00e4\u00e4t\u00f6ksentekoon.<br \/>\n-Edist\u00e4\u00e4 asukkaiden omatoimisuutta sek\u00e4 eri ik\u00e4- ja sosiaaliryhmien vuorovaikutusta.<br \/>\n-Edist\u00e4\u00e4 toiminta-alueen ymp\u00e4rist\u00f6n viihtyisyyden kehitt\u00e4mist\u00e4.<br \/>\n3 \u00a7 TARKOITUKSENSA TOTEUTTAMISEKSI YHDISTYS<br \/>\n-Tekee aloitteita ja esityksi\u00e4 sek\u00e4 tarvittaessa antaa lausuntoja viranomaisille.<br \/>\n-On yhteisty\u00f6ss\u00e4 kaupungin sek\u00e4 muiden samoja p\u00e4\u00e4m\u00e4\u00e4ri\u00e4 toteuttavien yhteis\u00f6jen kanssa.<br \/>\n-Tukee kotiseutua koskevaa tallennus-, tutkimus- ja julkaisutoimintaa.<br \/>\n-Harjoittaa teatteri- ja orkesteritoimintaa.<br \/>\n-J\u00e4rjest\u00e4\u00e4 kokouksia sek\u00e4 teema- ja esitelm\u00e4tilaisuuksia.<br \/>\n-J\u00e4rjest\u00e4\u00e4 liikunta- ja harrastustoimintaa.<br \/>\n-J\u00e4rjest\u00e4\u00e4 talkoita, retki\u00e4, n\u00e4yttelyit\u00e4 ja juhla- ja viihdetilaisuuksia<br \/>\n-Voi yll\u00e4pit\u00e4\u00e4 nuoriso- ja muuta toimitilaa.<br \/>\n4 \u00a7 TOIMINTANSA TUKEMISEKSI YHDISTYS<br \/>\n-J\u00e4rjest\u00e4\u00e4 juhlia, teatteriesityksi\u00e4 ja muita kyl\u00e4tapahtumia sek\u00e4 erilaisia kilpailuja, n\u00e4yttelyit\u00e4, myyj\u00e4isi\u00e4 ja arpajaisia.<br \/>\n-Vuokraa hallitsemaansa Kyl\u00e4tupaa ja harrastetiloja.<br \/>\n-Ottaa vastaan avustuksia ja lahjoituksia.<br \/>\n-Yhdistyksell\u00e4 on oikeus omistaa ja hallita toimintaansa varten irtainta omaisuutta.<br \/>\n-Yhdistys voi j\u00e4rjest\u00e4\u00e4 asukaspalvelutoimintaa, esimerkiksi korttelitalonmiehen palveluja, lastenhoitoa ja puutarhanhoitov\u00e4lineiden vuokrausta.<\/p>\n<p>5 \u00a7 J\u00c4SENET<br \/>\nYhdistyksen j\u00e4seneksi voi kuulua toiminta-alueella asuva yksityinen henkil\u00f6. Kunniaj\u00e4seneksi voidaan hallituksen esityksest\u00e4 yhdistyksen kokouksessa kutsua henkil\u00f6, joka on huomattavasti edist\u00e4nyt ja tukenut yhdistyksen toimintaa.<br \/>\n6 \u00a7 HALLITUS<br \/>\nYhdistyksen asioita hoitaa hallitus, johon kuuluu vuosikokouksessa valittu puheenjohtaja ja 10 muuta j\u00e4sent\u00e4.<br \/>\nHallitus valitsee keskuudestaan varapuheenjohtajan sek\u00e4 ottaa keskuudestaan tai ulkopuoleltaan sihteerin, rahastonhoitajan ja muut tarvittavat toimihenkil\u00f6t.<br \/>\nPuheenjohtajan toimiaika kest\u00e4\u00e4 yhden kalenterivuoden kerrallaan, kuitenkin kerrallaan yhteens\u00e4 enint\u00e4\u00e4n 4 vuotta. Muiden j\u00e4senten toimiaika kest\u00e4\u00e4 kaksi kalenterivuotta siten, ett\u00e4 ensimm\u00e4isen\u00e4 vuonna valitaan arvalla erovuoroiset ja sitten kunakin vuonna hallituksesta eroaa puolet j\u00e4senist\u00e4.<br \/>\nHallitus voi asettaa keskuudestaan juoksevien asioiden hoitamista ja asioiden valmistelua varten tarvittavia toimikuntia.<br \/>\nHallitus kokoontuu puheenjohtajan tai h\u00e4nen estyneen\u00e4 ollessaan varapuheenjohtajan kutsusta, kun he katsovat siihen olevan aihetta tai kun v\u00e4hint\u00e4\u00e4n 5 hallituksen j\u00e4sent\u00e4 sit\u00e4 kirjallisesti puheenjohtajalta nimetty\u00e4 aihetta varten vaatii.<br \/>\nHallitus on p\u00e4\u00e4t\u00f6svaltainen, kun v\u00e4hint\u00e4\u00e4n puolet sen j\u00e4senist\u00e4 puheenjohtaja tai varapuheenjohtaja mukaan luettuna on l\u00e4sn\u00e4.<br \/>\nAsiat ratkaistaan yksinkertaisella \u00e4\u00e4nten enemmist\u00f6ll\u00e4. \u00c4\u00e4nten menness\u00e4 tasan ratkaisee puheenjohtajan mielipide, vaalissa kuitenkin arpa.<br \/>\nHallituksen kokouksista laaditaan p\u00f6yt\u00e4kirja, joka monistetaan hallituksen j\u00e4senille ja hyv\u00e4ksyt\u00e4\u00e4n seuraavassa kokouksessa.<br \/>\n7 \u00a7 YHDISTYKSEN NIMEN KIRJOITTAMINEN<br \/>\nYhdistyksen nimen kirjoittavat puheenjohtaja ja varapuheenjohtaja yhdess\u00e4 tai jompikumpi heist\u00e4 sihteerin tai rahastonhoitajan kanssa, kaksi yhdess\u00e4.<br \/>\n8 \u00a7 TILIT<br \/>\nYhdistyksen tilikausi on kalenterivuosi.<\/p>\n<p>Tilinp\u00e4\u00e4t\u00f6s tarvittavine asiakirjoineen ja hallituksen vuosikertomus on annettava tilintarkastajille viimeist\u00e4\u00e4n kolme viikkoa ennen kev\u00e4tkokousta. Tilintarkastajien tulee antaa kirjallinen lausuntonsa hallitukselle viimeist\u00e4\u00e4n viikko ennen kev\u00e4tkokousta.<br \/>\n9 \u00a7 YHDISTYKSEN KOKOUKSET<br \/>\nYhdistys pit\u00e4\u00e4 vuosittain kaksi varsinaista kokousta.<br \/>\nYhdistyksen kev\u00e4tkokous pidet\u00e4\u00e4n tammi-toukokuussa ja syyskokous syys-joulukuussa hallituksen m\u00e4\u00e4r\u00e4\u00e4m\u00e4n\u00e4 p\u00e4iv\u00e4n\u00e4.<br \/>\nYlim\u00e4\u00e4r\u00e4inen kokous pidet\u00e4\u00e4n, kun yhdistyksen kokous p\u00e4\u00e4tt\u00e4\u00e4 ylim\u00e4\u00e4r\u00e4isen kokouksen pit\u00e4misest\u00e4, tai kun hallitus katsoo siihen olevan aihetta tai kun v\u00e4hint\u00e4\u00e4n kymmenesosa (1\/10) \u00e4\u00e4nioikeutetuista j\u00e4senist\u00e4 sit\u00e4 hallitukselta erityisesti ilmoitettua asiaa varten kirjallisesti vaatii.<br \/>\nYhdistyksen kokoukset kutsuu koolle hallitus. Kokouskutsu on toimitettava viimeist\u00e4\u00e4n seitsem\u00e4n p\u00e4iv\u00e4\u00e4 ennen kokousta asukastiedotteessa tai julkaisemalla kutsu yhdistyksen kotipaikkakunnalla ilmestyv\u00e4ss\u00e4 sanomalehdess\u00e4. Kokouskutsussa on mainittava k\u00e4sitelt\u00e4v\u00e4n\u00e4 olevat asiat.<br \/>\nYhdistyksen kokous on p\u00e4\u00e4t\u00f6svaltainen, kun se on laillisesti koolle kutsuttu.<br \/>\nYhdistyksen kokouksissa on jokaisella 18 vuotta t\u00e4ytt\u00e4neell\u00e4 j\u00e4senell\u00e4 yksi \u00e4\u00e4ni. P\u00e4\u00e4t\u00f6kset tehd\u00e4\u00e4n yksinkertaisella \u00e4\u00e4nten enemmist\u00f6ll\u00e4. \u00c4\u00e4nten menness\u00e4 tasan ratkaistaan vaalit arvalla, mutta muissa asioissa tulee p\u00e4\u00e4t\u00f6kseksi kokouksen puheenjohtajan mielipide.<br \/>\nMik\u00e4li yhdistyksen j\u00e4sen haluaa saada jonkin asian yhdistyksen kokouksen k\u00e4sitelt\u00e4v\u00e4ksi, on h\u00e4nen siit\u00e4 kirjallisesti ilmoitettava hallitukselle niin hyviss\u00e4 ajoin, ett\u00e4 asia voidaan sis\u00e4llytt\u00e4\u00e4 kokouskutsuun.<\/p>\n<p>KEV\u00c4TKOKOUS<br \/>\nYhdistyksen kev\u00e4tkokouksessa k\u00e4sitell\u00e4\u00e4n seuraavat asiat:<br \/>\n1. Kokouksen avaus<br \/>\n2. Valitaan kokouksen puheenjohtaja, sihteeri, kaksi p\u00f6yt\u00e4kirjantarkastajaa ja kaksi \u00e4\u00e4ntenlaskijaa<br \/>\n3. Todetaan kokouksen laillisuus ja p\u00e4\u00e4t\u00f6svaltaisuus<br \/>\n4. Hyv\u00e4ksyt\u00e4\u00e4n kokouksen ty\u00f6j\u00e4rjestys<br \/>\n5. Esitet\u00e4\u00e4n tilinp\u00e4\u00e4t\u00f6s, vuosikertomus ja tilintarkastajan lausunto<br \/>\n6. P\u00e4\u00e4tet\u00e4\u00e4n tilinp\u00e4\u00e4t\u00f6ksen vahvistamisesta ja vastuuvapauden my\u00f6nt\u00e4misest\u00e4 hallitukselle ja muille vastuuvelvollisille<br \/>\n7. K\u00e4sitell\u00e4\u00e4n muut kokouskutsussa mainitut asiat<br \/>\n8. Kokouksen p\u00e4\u00e4tt\u00e4minen<\/p>\n<p>SYYSKOKOUS<br \/>\nYhdistyksen syyskokouksessa k\u00e4sitell\u00e4\u00e4n seuraavat asiat:<br \/>\n1. Kokouksen avaus<br \/>\n2. Valitaan kokouksen puheenjohtaja, sihteeri, kaksi p\u00f6yt\u00e4kirjantarkastajaa ja tarvittaessa kaksi \u00e4\u00e4ntenlaskijaa\u00a0\u00a0\u00a0\u00a0\u00a0\u00a0\u00a0\u00a0\u00a0\u00a0\u00a0\u00a0\u00a0<br \/>\n3. Todetaan kokouksen laillisuus ja p\u00e4\u00e4t\u00f6svaltaisuus<br \/>\n4. Hyv\u00e4ksyt\u00e4\u00e4n kokouksen ty\u00f6j\u00e4rjestys<br \/>\n5. Vahvistetaan toimintasuunnitelma ja tulo- ja menoarvio seuraavalle kalenterivuodelle<br \/>\n6. P\u00e4\u00e4tet\u00e4\u00e4n sek\u00e4 liittymis- ja j\u00e4senmaksujen suuruudet sek\u00e4 toimihenkil\u00f6iden kulukorvaukset.<br \/>\n7. Valitaan hallituksen puheenjohtaja ja muut j\u00e4senet<br \/>\n8. Valitaan kaksi tilintarkastajaa ja kaksi varatilintarkastajaa<br \/>\n9. K\u00e4sitell\u00e4\u00e4n muut kokouskutsussa mainitut asiat.<br \/>\n10. Kokouksen p\u00e4\u00e4tt\u00e4minen<br \/>\n10 \u00a7 MUUT ASIAT<br \/>\nMuutoksia n\u00e4ihin s\u00e4\u00e4nt\u00f6ihin voidaan tehd\u00e4 ainoastaan yhdistyksen kokouksessa. Muutosehdotuksen on t\u00e4ll\u00f6in hyv\u00e4ksytyksi tullakseen saatava v\u00e4hint\u00e4\u00e4n kolme nelj\u00e4sosaa (3\/4) annetuista \u00e4\u00e4nist\u00e4. S\u00e4\u00e4nt\u00f6muutosasia on mainittava kokouskutsussa.<br \/>\nYhdistyksen purkamisesta p\u00e4\u00e4tt\u00e4\u00e4 yhdistyksen kokous. Ehdotuksen on hyv\u00e4ksytyksi tullakseen saatava v\u00e4hint\u00e4\u00e4n kolme nelj\u00e4sosaa (3\/4) annetuista \u00e4\u00e4nist\u00e4.<br \/>\nYhdistyksen purkautumisesta p\u00e4\u00e4tt\u00e4v\u00e4 kokous p\u00e4\u00e4tt\u00e4\u00e4 j\u00e4ljell\u00e4 olevien varojen k\u00e4yt\u00f6st\u00e4 yhdistyksen toimintaperiaatteiden edist\u00e4miseen.<br \/>\nNiilt\u00e4 osin kuin n\u00e4iss\u00e4 s\u00e4\u00e4nn\u00f6iss\u00e4 ei ole m\u00e4\u00e4r\u00e4yst\u00e4, noudatetaan yhdistyslakia.<\/p>\n","protected":false},"excerpt":{"rendered":"<p>Yhdistyksen s\u00e4\u00e4nt\u00f6muutos hyv\u00e4ksyttiin vuosikokouksessa 22.2.08. 1 \u00a7\u00a0\u00a0\u00a0\u00a0 NIMI JA KOTIPAIKKA Raution kaupunginosayhdistys ja sen kotikunta on Imatra. Yhdistyksen toimialueena on Imatran kaupungin Raution(kyl\u00e4n) kaupunginosa l\u00e4hiymp\u00e4rist\u00f6ineen, Immolanj\u00e4rven \u2013 golfkent\u00e4n \u2013 R\u00f6nk\u00e4ntien \u2013 Kaukop\u00e4\u00e4n tehdasalueen rajaama alue mukaan luettuna Petsamon ja Rajavartioston &hellip; <a href=\"https:\/\/kylat.meitadev.fi\/rautio\/yhdistys\/saannot\/\">Continue reading <span class=\"meta-nav\">&rarr;<\/span><\/a><\/p>\n","protected":false},"author":28,"featured_media":0,"parent":5,"menu_order":0,"comment_status":"open","ping_status":"open","template":"","meta":{"footnotes":""},"_links":{"self":[{"href":"https:\/\/kylat.meitadev.fi\/rautio\/wp-json\/wp\/v2\/pages\/11"}],"collection":[{"href":"https:\/\/kylat.meitadev.fi\/rautio\/wp-json\/wp\/v2\/pages"}],"about":[{"href":"https:\/\/kylat.meitadev.fi\/rautio\/wp-json\/wp\/v2\/types\/page"}],"author":[{"embeddable":true,"href":"https:\/\/kylat.meitadev.fi\/rautio\/wp-json\/wp\/v2\/users\/28"}],"replies":[{"embeddable":true,"href":"https:\/\/kylat.meitadev.fi\/rautio\/wp-json\/wp\/v2\/comments?post=11"}],"version-history":[{"count":3,"href":"https:\/\/kylat.meitadev.fi\/rautio\/wp-json\/wp\/v2\/pages\/11\/revisions"}],"predecessor-version":[{"id":14,"href":"https:\/\/kylat.meitadev.fi\/rautio\/wp-json\/wp\/v2\/pages\/11\/revisions\/14"}],"up":[{"embeddable":true,"href":"https:\/\/kylat.meitadev.fi\/rautio\/wp-json\/wp\/v2\/pages\/5"}],"wp:attachment":[{"href":"https:\/\/kylat.meitadev.fi\/rautio\/wp-json\/wp\/v2\/media?parent=11"}],"curies":[{"name":"wp","href":"https:\/\/api.w.org\/{rel}","templated":true}]}}