{"id":131,"date":"2011-08-23T18:31:48","date_gmt":"2011-08-23T18:31:48","guid":{"rendered":"https:\/\/kylat.meitadev.fi\/rautio\/?page_id=131"},"modified":"2022-01-18T18:44:23","modified_gmt":"2022-01-18T18:44:23","slug":"liity-jaseneksi","status":"publish","type":"page","link":"https:\/\/kylat.meitadev.fi\/rautio\/yhdistys\/liity-jaseneksi\/","title":{"rendered":"Liity j\u00e4seneksi\/J\u00e4senmaksut"},"content":{"rendered":"<p>J\u00e4seneksi Raution kaupunginosayhdistykseen<br \/>\nRaution kaupunginosayhdistyksen j\u00e4seneksi voi kuulua toiminta-alueella asuva yksityinen henkil\u00f6. Kaikki perheenj\u00e4senet voivat liitty\u00e4 j\u00e4seneksi.<\/p>\n<p>J\u00e4seneksi voi ilmoittautua parhaiten s\u00e4hk\u00f6postilla yhdistyksen osoitteeseen <a href=\"mailto:raution.kaupunginosayhdistys@gmail.com\">raution.kaupunginosayhdistys@gmail.com<\/a><\/p>\n<p><strong>Ilmoita j\u00e4senrekisteriin seuraavat tiedot<\/strong> :<\/p>\n<ul>\n<li>Nimi<\/li>\n<li>Osoite<\/li>\n<li>S\u00e4hk\u00f6posti<\/li>\n<li>Syntym\u00e4vuosi<\/li>\n<\/ul>\n<p><strong>J\u00e4senmaksun maksaminen:<\/strong><br \/>\nYhdistyksen j\u00e4senmaksu vuonna 2021 on <strong>10 \u20ac\/hl\u00f6<\/strong> (j\u00e4senmaksu perit\u00e4\u00e4n vain t\u00e4ysi-ik\u00e4isilt\u00e4).<\/p>\n<p>J\u00e4senmaksu maksetaan yhdistyksen tilille<br \/>\nOP &#8211; Pohjola \u00a0<strong>FI4550940020136376 <\/strong><\/p>\n<p>Merkitse j\u00e4senmaksua maksaessasi viitteeksi <strong>559108<\/strong><\/p>\n<p>Jos tarvitset kuitin j\u00e4senmaksusta, voit tulostaa sen t\u00e4st\u00e4:\u00a0<a href=\"https:\/\/kylat.meitadev.fi\/rautio\/wp-content\/uploads\/sites\/17\/2021\/01\/Tilisiirtolomake_jasenmaksu_Raution.kaup_.os_.yhdistys.docx\" target=\"_blank\" rel=\"noopener noreferrer\">Tilisiirtolomake_jasenmaksulle<\/a><\/p>\n<p><strong>YHDISTYKSEN J\u00c4SENET HUOMIO!<\/strong><\/p>\n<p>Maksathan j\u00e4senmaksun yll\u00e4 olevan ohjeen mukaisesti. Yhdistyksell\u00e4 ei ole resursseja laskuttaa j\u00e4senmaksuja j\u00e4senilt\u00e4 henkil\u00f6kohtaisesti. Maksamalla j\u00e4senmaksun ilmaiset tukesi Raution kaupunginosayhdistykselle ja voit osallistua p\u00e4\u00e4t\u00f6ksentekoon yhdistyksen kokouksissa. J\u00e4senist\u00f6 tuo voimaa vaikuttamiseen!<\/p>\n<p><em>Yhdistyksen tilaisuuksiin osallistuminen ei edellyt\u00e4 j\u00e4senyytt\u00e4.<\/em><\/p>\n","protected":false},"excerpt":{"rendered":"<p>J\u00e4seneksi Raution kaupunginosayhdistykseen Raution kaupunginosayhdistyksen j\u00e4seneksi voi kuulua toiminta-alueella asuva yksityinen henkil\u00f6. Kaikki perheenj\u00e4senet voivat liitty\u00e4 j\u00e4seneksi. J\u00e4seneksi voi ilmoittautua parhaiten s\u00e4hk\u00f6postilla yhdistyksen osoitteeseen raution.kaupunginosayhdistys@gmail.com Ilmoita j\u00e4senrekisteriin seuraavat tiedot : Nimi Osoite S\u00e4hk\u00f6posti Syntym\u00e4vuosi J\u00e4senmaksun maksaminen: Yhdistyksen j\u00e4senmaksu vuonna 2021 &hellip; <a href=\"https:\/\/kylat.meitadev.fi\/rautio\/yhdistys\/liity-jaseneksi\/\">Continue reading <span class=\"meta-nav\">&rarr;<\/span><\/a><\/p>\n","protected":false},"author":28,"featured_media":0,"parent":5,"menu_order":5,"comment_status":"open","ping_status":"open","template":"","meta":{"footnotes":""},"_links":{"self":[{"href":"https:\/\/kylat.meitadev.fi\/rautio\/wp-json\/wp\/v2\/pages\/131"}],"collection":[{"href":"https:\/\/kylat.meitadev.fi\/rautio\/wp-json\/wp\/v2\/pages"}],"about":[{"href":"https:\/\/kylat.meitadev.fi\/rautio\/wp-json\/wp\/v2\/types\/page"}],"author":[{"embeddable":true,"href":"https:\/\/kylat.meitadev.fi\/rautio\/wp-json\/wp\/v2\/users\/28"}],"replies":[{"embeddable":true,"href":"https:\/\/kylat.meitadev.fi\/rautio\/wp-json\/wp\/v2\/comments?post=131"}],"version-history":[{"count":17,"href":"https:\/\/kylat.meitadev.fi\/rautio\/wp-json\/wp\/v2\/pages\/131\/revisions"}],"predecessor-version":[{"id":1392,"href":"https:\/\/kylat.meitadev.fi\/rautio\/wp-json\/wp\/v2\/pages\/131\/revisions\/1392"}],"up":[{"embeddable":true,"href":"https:\/\/kylat.meitadev.fi\/rautio\/wp-json\/wp\/v2\/pages\/5"}],"wp:attachment":[{"href":"https:\/\/kylat.meitadev.fi\/rautio\/wp-json\/wp\/v2\/media?parent=131"}],"curies":[{"name":"wp","href":"https:\/\/api.w.org\/{rel}","templated":true}]}}