{"id":164,"date":"2011-08-24T17:27:31","date_gmt":"2011-08-24T17:27:31","guid":{"rendered":"https:\/\/kylat.meitadev.fi\/rautio\/?page_id=164"},"modified":"2021-01-06T18:42:36","modified_gmt":"2021-01-06T18:42:36","slug":"rautionkyla","status":"publish","type":"page","link":"https:\/\/kylat.meitadev.fi\/rautio\/historiikki\/rautionkyla\/","title":{"rendered":"Ymp\u00e4rist\u00f6"},"content":{"rendered":"<p><strong>Rautionkyl\u00e4 on Imatran kaupungin osa<\/strong><\/p>\n<p><strong>Salpausselk\u00e4 ja Immolanj\u00e4rvi<\/strong><br \/>\nRaution kaupunginosa \u2013 perinteisemmin Rautionkyl\u00e4 \u2013 sijaitsee Salpaussel\u00e4n kankailla ja Immolanj\u00e4rven rantaan laskevalla etel\u00e4rinteell\u00e4. Asutus sijoittuu p\u00e4\u00e4osin pohjoistuulilta suojaiselle auringonpaisterinteelle, jonka maiseman keskeinen elementti on Immalanj\u00e4rvi.<\/p>\n<p><a title=\"Lis\u00e4tietoja Immalanj\u00e4rvest\u00e4\" href=\"https:\/\/kylat.meitadev.fi\/rautio\/historiikki\/immolanjarvi-vai-immalanjarvi\/\"><strong>Immalanj\u00e4rvi<\/strong><\/a><br \/>\nImmalanj\u00e4rvi on kirkasvetinen j\u00e4rvi, joka on ollut merkitt\u00e4v\u00e4 raakavesil\u00e4hde Imatran kaupungin vesihuollossa. J\u00e4rven vesi on per\u00e4isin suurelta osalta l\u00e4hteist\u00e4 ja\u00a0 pohjavesipuroista. J\u00e4rven pinta-ala on 19 neli\u00f6kilometri\u00e4 ja syvin kohta on n. 40 m. Immalanj\u00e4rven pinta on n. 6 m Saimaan pintaa alempana. Rautionkyl\u00e4n alueella on useita uimarantoja.<\/p>\n<p><strong>Museotie alkaa Rautiosta<\/strong><br \/>\nRautionkyl\u00e4 sijaitsee Imatran pohjoisosassa 2-3 km p\u00e4\u00e4ss\u00e4 Vuoksenniskalta. Mansikkalaan on 8 km ja Imatrankoskelle 11 km.\u00a0 Kyl\u00e4 on Museotieksi nimetyn, Viipurista Savonlinnaan viev\u00e4n Niskapietil\u00e4ntien varrella.\u00a0 Via Karelia<\/p>\n<div id=\"attachment_176\" style=\"width: 128px\" class=\"wp-caption alignleft\"><a href=\"https:\/\/kylat.meitadev.fi\/rautio\/wp-content\/uploads\/sites\/17\/2011\/08\/Runonjarajantie.gif\"><img loading=\"lazy\" decoding=\"async\" aria-describedby=\"caption-attachment-176\" class=\"size-full wp-image-176\" src=\"https:\/\/kylat.meitadev.fi\/rautio\/wp-content\/uploads\/sites\/17\/2011\/08\/Runonjarajantie.gif\" alt=\"\" width=\"118\" height=\"134\" \/><\/a><p id=\"caption-attachment-176\" class=\"wp-caption-text\">Via Karelian varrella on Runon ja rajan tien merkit<\/p><\/div>\n<p>matkailureitti on viitoitettu kulkemaan Niskapietil\u00e4ntiet\u00e4 Rautionkyl\u00e4n l\u00e4pi. Imatran kaupungin paikallisliikenteen bussilinja nro 1 ajaa t\u00e4t\u00e4 kautta. Py\u00f6r\u00e4tiet viev\u00e4t Vuoksenniskalle ja Mansikkalaan.<\/p>\n<p><a href=\"https:\/\/viakarelia.fi\/\" target=\"_blank\" rel=\"noopener noreferrer\"><strong>Via Karelia<\/strong><\/a><\/p>\n","protected":false},"excerpt":{"rendered":"<p>Rautionkyl\u00e4 on Imatran kaupungin osa Salpausselk\u00e4 ja Immolanj\u00e4rvi Raution kaupunginosa \u2013 perinteisemmin Rautionkyl\u00e4 \u2013 sijaitsee Salpaussel\u00e4n kankailla ja Immolanj\u00e4rven rantaan laskevalla etel\u00e4rinteell\u00e4. Asutus sijoittuu p\u00e4\u00e4osin pohjoistuulilta suojaiselle auringonpaisterinteelle, jonka maiseman keskeinen elementti on Immalanj\u00e4rvi. Immalanj\u00e4rvi Immalanj\u00e4rvi on kirkasvetinen j\u00e4rvi, joka &hellip; <a href=\"https:\/\/kylat.meitadev.fi\/rautio\/historiikki\/rautionkyla\/\">Continue reading <span class=\"meta-nav\">&rarr;<\/span><\/a><\/p>\n","protected":false},"author":33,"featured_media":0,"parent":45,"menu_order":1,"comment_status":"open","ping_status":"open","template":"","meta":{"footnotes":""},"_links":{"self":[{"href":"https:\/\/kylat.meitadev.fi\/rautio\/wp-json\/wp\/v2\/pages\/164"}],"collection":[{"href":"https:\/\/kylat.meitadev.fi\/rautio\/wp-json\/wp\/v2\/pages"}],"about":[{"href":"https:\/\/kylat.meitadev.fi\/rautio\/wp-json\/wp\/v2\/types\/page"}],"author":[{"embeddable":true,"href":"https:\/\/kylat.meitadev.fi\/rautio\/wp-json\/wp\/v2\/users\/33"}],"replies":[{"embeddable":true,"href":"https:\/\/kylat.meitadev.fi\/rautio\/wp-json\/wp\/v2\/comments?post=164"}],"version-history":[{"count":9,"href":"https:\/\/kylat.meitadev.fi\/rautio\/wp-json\/wp\/v2\/pages\/164\/revisions"}],"predecessor-version":[{"id":1378,"href":"https:\/\/kylat.meitadev.fi\/rautio\/wp-json\/wp\/v2\/pages\/164\/revisions\/1378"}],"up":[{"embeddable":true,"href":"https:\/\/kylat.meitadev.fi\/rautio\/wp-json\/wp\/v2\/pages\/45"}],"wp:attachment":[{"href":"https:\/\/kylat.meitadev.fi\/rautio\/wp-json\/wp\/v2\/media?parent=164"}],"curies":[{"name":"wp","href":"https:\/\/api.w.org\/{rel}","templated":true}]}}