{"id":738,"date":"2013-12-03T05:12:58","date_gmt":"2013-12-03T05:12:58","guid":{"rendered":"https:\/\/kylat.meitadev.fi\/rautio\/?page_id=738"},"modified":"2022-03-01T19:04:37","modified_gmt":"2022-03-01T19:04:37","slug":"rampsala-mielessain","status":"publish","type":"page","link":"https:\/\/kylat.meitadev.fi\/rautio\/historiikki-2\/rampsala-mielessain\/","title":{"rendered":"R\u00e4mps\u00e4l\u00e4 mieless\u00e4in"},"content":{"rendered":"<p><a href=\"https:\/\/kylat.meitadev.fi\/rautio\/wp-content\/uploads\/sites\/17\/2013\/11\/rampsalaotsikko.jpg\"><img loading=\"lazy\" decoding=\"async\" class=\"aligncenter size-medium wp-image-725\" src=\"https:\/\/kylat.meitadev.fi\/rautio\/wp-content\/uploads\/sites\/17\/2013\/11\/rampsalaotsikko-300x188.jpg\" alt=\"rampsalaotsikko\" width=\"300\" height=\"188\" srcset=\"https:\/\/kylat.meitadev.fi\/rautio\/wp-content\/uploads\/sites\/17\/2013\/11\/rampsalaotsikko-300x188.jpg 300w, https:\/\/kylat.meitadev.fi\/rautio\/wp-content\/uploads\/sites\/17\/2013\/11\/rampsalaotsikko-1024x641.jpg 1024w, https:\/\/kylat.meitadev.fi\/rautio\/wp-content\/uploads\/sites\/17\/2013\/11\/rampsalaotsikko.jpg 1404w\" sizes=\"(max-width: 300px) 100vw, 300px\" \/><\/a><\/p>\n<p><strong>Kirjan sis\u00e4llysluettelo<\/strong><\/p>\n<ol>\n<li>Raution tarinat talteen<\/li>\n<li>Hieno paikka ihmisen asua<\/li>\n<li>Immalanj\u00e4rven kyl\u00e4 historian lehdill\u00e4<\/li>\n<li>Rautionkyl\u00e4n maalaistalot ja hovit<\/li>\n<li>Teollinen kehitys ja muutosten aika<\/li>\n<li>R\u00e4mps\u00e4l\u00e4 rakennetaan<\/li>\n<li>Rautionkyl\u00e4 kaupallisena keskuksena<\/li>\n<li>Opinahjot sek\u00e4 terveys- ja asumispalvelut<\/li>\n<li>Sota-aika<\/li>\n<li>El\u00e4m\u00e4\u00e4 R\u00e4mps\u00e4l\u00e4ss\u00e4, M\u00f6rk\u00f6l\u00e4ss\u00e4 ja Kaukop\u00e4\u00e4ss\u00e4<\/li>\n<li>Immola<\/li>\n<li>Yll\u00e4tysvieraita ja mieliin j\u00e4\u00e4neit\u00e4 tapahtumia<\/li>\n<li>Vaikuttajia Rautionkyl\u00e4st\u00e4<\/li>\n<li>Raution kaupunginosayhdistys 25 vuotta<\/li>\n<li>J\u00e4lkikirjoitus historiaty\u00f6ryhm\u00e4lt\u00e4<\/li>\n<\/ol>\n<p><b>Rautio<\/b><strong>n \u00a0kaupunginosayhdistys<\/strong>\u00a0ker\u00e4\u00e4 edelleen talteen Rautionkyl\u00e4\u00e4 ja rautionkyl\u00e4isi\u00e4 koskevaa aineistoa, joka voi olla muistelmatekstej\u00e4, valokuvia tai muita dokumentteja.<\/p>\n<p>Kirjan julkaisun j\u00e4lkeen mahdollisesti esille tulevat oikaisutarpeet ja t\u00e4ydennykset voi toimittaa ty\u00f6ryhm\u00e4n j\u00e4senille tai s\u00e4hk\u00f6postilla.<\/p>\n<p><strong>Historiaty\u00f6ryhm\u00e4n yhteystiedot<\/strong><\/p>\n<p>Ty\u00f6ryhm\u00e4ll\u00e4 on s\u00e4hk\u00f6postiosoite:\u00a0<a href=\"mailto:raution.historia@gmail.com\">raution.historia@gmail.com<\/a>. Sinne voi l\u00e4hett\u00e4\u00e4 my\u00f6s valokuvia skannattuna<\/p>\n<p>Hanna Ollikainen 050-4301270<br \/>\nSeppo Skytt\u00e4 040-5509179<\/p>\n","protected":false},"excerpt":{"rendered":"<p>Kirjan sis\u00e4llysluettelo Raution tarinat talteen Hieno paikka ihmisen asua Immalanj\u00e4rven kyl\u00e4 historian lehdill\u00e4 Rautionkyl\u00e4n maalaistalot ja hovit Teollinen kehitys ja muutosten aika R\u00e4mps\u00e4l\u00e4 rakennetaan Rautionkyl\u00e4 kaupallisena keskuksena Opinahjot sek\u00e4 terveys- ja asumispalvelut Sota-aika El\u00e4m\u00e4\u00e4 R\u00e4mps\u00e4l\u00e4ss\u00e4, M\u00f6rk\u00f6l\u00e4ss\u00e4 ja Kaukop\u00e4\u00e4ss\u00e4 Immola Yll\u00e4tysvieraita &hellip; <a href=\"https:\/\/kylat.meitadev.fi\/rautio\/historiikki-2\/rampsala-mielessain\/\">Continue reading <span class=\"meta-nav\">&rarr;<\/span><\/a><\/p>\n","protected":false},"author":28,"featured_media":0,"parent":105,"menu_order":0,"comment_status":"open","ping_status":"closed","template":"","meta":{"footnotes":""},"_links":{"self":[{"href":"https:\/\/kylat.meitadev.fi\/rautio\/wp-json\/wp\/v2\/pages\/738"}],"collection":[{"href":"https:\/\/kylat.meitadev.fi\/rautio\/wp-json\/wp\/v2\/pages"}],"about":[{"href":"https:\/\/kylat.meitadev.fi\/rautio\/wp-json\/wp\/v2\/types\/page"}],"author":[{"embeddable":true,"href":"https:\/\/kylat.meitadev.fi\/rautio\/wp-json\/wp\/v2\/users\/28"}],"replies":[{"embeddable":true,"href":"https:\/\/kylat.meitadev.fi\/rautio\/wp-json\/wp\/v2\/comments?post=738"}],"version-history":[{"count":3,"href":"https:\/\/kylat.meitadev.fi\/rautio\/wp-json\/wp\/v2\/pages\/738\/revisions"}],"predecessor-version":[{"id":1406,"href":"https:\/\/kylat.meitadev.fi\/rautio\/wp-json\/wp\/v2\/pages\/738\/revisions\/1406"}],"up":[{"embeddable":true,"href":"https:\/\/kylat.meitadev.fi\/rautio\/wp-json\/wp\/v2\/pages\/105"}],"wp:attachment":[{"href":"https:\/\/kylat.meitadev.fi\/rautio\/wp-json\/wp\/v2\/media?parent=738"}],"curies":[{"name":"wp","href":"https:\/\/api.w.org\/{rel}","templated":true}]}}