{"id":87,"date":"2011-08-23T17:24:25","date_gmt":"2011-08-23T17:24:25","guid":{"rendered":"https:\/\/kylat.meitadev.fi\/rautio\/?page_id=87"},"modified":"2011-08-30T15:06:41","modified_gmt":"2011-08-30T15:06:41","slug":"kuntoraitti","status":"publish","type":"page","link":"https:\/\/kylat.meitadev.fi\/rautio\/harrastukset\/kuntoraitti\/","title":{"rendered":"Kuntoraitti"},"content":{"rendered":"<p>Kuntoraitti sijaitsee matonpesupisteen vieress\u00e4, k\u00e4ynti Myllyksenkadun p\u00e4\u00e4st\u00e4 k\u00e4velyraittia pitkin k\u00e4vellen tai py\u00f6r\u00e4illen. Kuntoraitilla voi tehd\u00e4 voimaa kehitt\u00e4vi\u00e4 liikkeit\u00e4 p\u00e4\u00e4s\u00e4\u00e4nt\u00f6isin kev\u00e4\u00e4st\u00e4 pitk\u00e4lle syksyyn. <a href=\"https:\/\/kylat.meitadev.fi\/rautio\/wp-content\/uploads\/sites\/17\/2011\/08\/kuntoraitti1.pdf\">kuntoraitin laitteidenohjeet<\/a><\/p>\n<p><a href=\"https:\/\/kylat.meitadev.fi\/rautio\/wp-content\/uploads\/sites\/17\/2011\/08\/kuntoraitin-avaus-14.8.07-8.jpg\"><img loading=\"lazy\" decoding=\"async\" class=\"alignleft size-full wp-image-212\" src=\"https:\/\/kylat.meitadev.fi\/rautio\/wp-content\/uploads\/sites\/17\/2011\/08\/kuntoraitin-avaus-14.8.07-8.jpg\" alt=\"\" width=\"1704\" height=\"2272\" \/><\/a><\/p>\n","protected":false},"excerpt":{"rendered":"<p>Kuntoraitti sijaitsee matonpesupisteen vieress\u00e4, k\u00e4ynti Myllyksenkadun p\u00e4\u00e4st\u00e4 k\u00e4velyraittia pitkin k\u00e4vellen tai py\u00f6r\u00e4illen. Kuntoraitilla voi tehd\u00e4 voimaa kehitt\u00e4vi\u00e4 liikkeit\u00e4 p\u00e4\u00e4s\u00e4\u00e4nt\u00f6isin kev\u00e4\u00e4st\u00e4 pitk\u00e4lle syksyyn. kuntoraitin laitteidenohjeet<\/p>\n","protected":false},"author":28,"featured_media":0,"parent":38,"menu_order":1,"comment_status":"open","ping_status":"open","template":"","meta":{"footnotes":""},"_links":{"self":[{"href":"https:\/\/kylat.meitadev.fi\/rautio\/wp-json\/wp\/v2\/pages\/87"}],"collection":[{"href":"https:\/\/kylat.meitadev.fi\/rautio\/wp-json\/wp\/v2\/pages"}],"about":[{"href":"https:\/\/kylat.meitadev.fi\/rautio\/wp-json\/wp\/v2\/types\/page"}],"author":[{"embeddable":true,"href":"https:\/\/kylat.meitadev.fi\/rautio\/wp-json\/wp\/v2\/users\/28"}],"replies":[{"embeddable":true,"href":"https:\/\/kylat.meitadev.fi\/rautio\/wp-json\/wp\/v2\/comments?post=87"}],"version-history":[{"count":4,"href":"https:\/\/kylat.meitadev.fi\/rautio\/wp-json\/wp\/v2\/pages\/87\/revisions"}],"predecessor-version":[{"id":89,"href":"https:\/\/kylat.meitadev.fi\/rautio\/wp-json\/wp\/v2\/pages\/87\/revisions\/89"}],"up":[{"embeddable":true,"href":"https:\/\/kylat.meitadev.fi\/rautio\/wp-json\/wp\/v2\/pages\/38"}],"wp:attachment":[{"href":"https:\/\/kylat.meitadev.fi\/rautio\/wp-json\/wp\/v2\/media?parent=87"}],"curies":[{"name":"wp","href":"https:\/\/api.w.org\/{rel}","templated":true}]}}