{"id":24,"date":"2014-12-05T09:45:56","date_gmt":"2014-12-05T07:45:56","guid":{"rendered":"https:\/\/kylat.meitadev.fi\/rautjarvenkylat\/?page_id=24"},"modified":"2014-12-05T09:45:56","modified_gmt":"2014-12-05T07:45:56","slug":"miettila","status":"publish","type":"page","link":"https:\/\/kylat.meitadev.fi\/rautjarvenkylat\/miettila\/","title":{"rendered":"Miettil\u00e4"},"content":{"rendered":"<p><a href=\"https:\/\/kylat.meitadev.fi\/rautjarvenkylat\/wp-content\/uploads\/sites\/77\/2014\/12\/miettila3.jpg\"><img loading=\"lazy\" decoding=\"async\" class=\"size-thumbnail wp-image-25 alignright\" src=\"https:\/\/kylat.meitadev.fi\/rautjarvenkylat\/wp-content\/uploads\/sites\/77\/2014\/12\/miettila3-150x150.jpg\" alt=\"miettila3\" width=\"150\" height=\"150\" \/><\/a> \u00a0Miettil\u00e4 oli Rautj\u00e4rven pit\u00e4j\u00e4n suurin kyl\u00e4 ja varsinainen keskus aina vuoteen 1973, jolloin kuntakeskus siirtyi Simpeleelle. Nyky\u00e4\u00e4n Miettil\u00e4ss\u00e4 on vajaat 200 asukasta.<\/p>\n<p>Simpeleen kuntakeskukseen Miettil\u00e4st\u00e4 on matkaa 20 km ja Imatralle 30 km. Rautj\u00e4rven kirkolle matkaa on 5 km ja kouluun ja liikuntasalille 8 km.<\/p>\n<p><strong>Harrastuksia joogasta hakkuupalloon<\/strong><\/p>\n<p><img loading=\"lazy\" decoding=\"async\" class=\"size-thumbnail wp-image-27 alignright\" src=\"https:\/\/kylat.meitadev.fi\/rautjarvenkylat\/wp-content\/uploads\/sites\/77\/2014\/12\/miettila2-150x150.jpg\" alt=\"miettila2\" width=\"150\" height=\"150\" \/>Hakkuupalloa Muham\u00e4ell\u00e4<br \/>\nLuonnossa liikkuminen, mets\u00e4stys ja kalastus ovat monen miettil\u00e4l\u00e4isen harrastuksia. Lenkkeilymahdollisuudet ovat hyv\u00e4t ja talvisin kyl\u00e4n keskell\u00e4 olevan Muham\u00e4en ymp\u00e4ri kiert\u00e4\u00e4 hiihtolatu. Lenkkeilij\u00f6iden taukopaikkoina ovat laavu ja kota, joita voi k\u00e4ytt\u00e4\u00e4 my\u00f6s illanistujaisissa. Vekarusj\u00e4rvi on kyl\u00e4l\u00e4isten t\u00e4rke\u00e4 virkistyskohde. Nuorisoseuran talolla voi harrastaa s\u00e4hly\u00e4 ja koronaa. Kyl\u00e4ss\u00e4 on my\u00f6s tenniskentt\u00e4 ja uimaranta. Kansalaisopiston piireiss\u00e4 voi maalata posliinia tai tauluja ja joogata.<\/p>\n<p>Yhdistystoiminta on vire\u00e4\u00e4. Kyl\u00e4ss\u00e4 toimivat martat, nuorisoseura, kaksi mets\u00e4stysseuraa, vpk sek\u00e4 vire\u00e4 kyl\u00e4toimikunta, joka j\u00e4rjest\u00e4\u00e4 erilaisia tapahtumia rantakalailloista siivoustalkoisiin. Nuorisoseuran tilat keitti\u00f6ineen ovat k\u00e4ytett\u00e4viss\u00e4 eri tilaisuuksiin. Suuretkin juhlat onnistuvat, sill\u00e4 k\u00e4yt\u00f6ss\u00e4 on seuratalon pihassa olevat mets\u00e4stysseuran kylm\u00e4s\u00e4ilytystilat.<\/p>\n<p>Miettil\u00e4l\u00e4iset ovat kehitelleet oman urheilumuotonsa, hakkuupallon. Lajin maailmanmestaruudesta taistellaan vuosittain hiihtoloman aikaan Muham\u00e4ell\u00e4 j\u00e4rjestett\u00e4viss\u00e4 kilpailuissa.<\/p>\n<p><strong>Kuntalan reservikasarmialue<\/strong><\/p>\n<p><img loading=\"lazy\" decoding=\"async\" class=\"size-thumbnail wp-image-26 alignright\" src=\"https:\/\/kylat.meitadev.fi\/rautjarvenkylat\/wp-content\/uploads\/sites\/77\/2014\/12\/miettila-150x150.jpg\" alt=\"miettila\" width=\"150\" height=\"150\" \/>Ruutikellari<br \/>\nMiettil\u00e4\u00e4n rakennettiin 1880-luvulla reservikasarmialue, jonka milj\u00f6\u00f6seen kannattaa k\u00e4yd\u00e4 tutustumassa. Vanhoista rakennuksista on j\u00e4ljell\u00e4 mm. huvimaja ja komppaniap\u00e4\u00e4llik\u00f6n asunto, jossa toimi Rautj\u00e4rven kunnantoimisto vuoteen 1972. Entisess\u00e4 sairaalarakennuksessa toimii Kollaa-museo ja alueella on my\u00f6s kotiseutun\u00e4yttely. Reservikasarmialueen taloissa on nykyisin asuntoja.<\/p>\n<p>Luonnon n\u00e4ht\u00e4vyyksist\u00e4 maininnan arvoisia ovat Kilvuoren luola ja Kukonharju<\/p>\n","protected":false},"excerpt":{"rendered":"<p>\u00a0Miettil\u00e4 oli Rautj\u00e4rven pit\u00e4j\u00e4n suurin kyl\u00e4 ja varsinainen keskus aina vuoteen 1973, jolloin kuntakeskus siirtyi Simpeleelle. Nyky\u00e4\u00e4n Miettil\u00e4ss\u00e4 on vajaat 200 asukasta. Simpeleen kuntakeskukseen Miettil\u00e4st\u00e4 on matkaa 20 km ja Imatralle 30 km. Rautj\u00e4rven kirkolle matkaa on 5 km ja &hellip; <a href=\"https:\/\/kylat.meitadev.fi\/rautjarvenkylat\/miettila\/\">Lue loppuun <span class=\"meta-nav\">&rarr;<\/span><\/a><\/p>\n","protected":false},"author":1,"featured_media":0,"parent":0,"menu_order":0,"comment_status":"open","ping_status":"closed","template":"","meta":{"footnotes":""},"_links":{"self":[{"href":"https:\/\/kylat.meitadev.fi\/rautjarvenkylat\/wp-json\/wp\/v2\/pages\/24"}],"collection":[{"href":"https:\/\/kylat.meitadev.fi\/rautjarvenkylat\/wp-json\/wp\/v2\/pages"}],"about":[{"href":"https:\/\/kylat.meitadev.fi\/rautjarvenkylat\/wp-json\/wp\/v2\/types\/page"}],"author":[{"embeddable":true,"href":"https:\/\/kylat.meitadev.fi\/rautjarvenkylat\/wp-json\/wp\/v2\/users\/1"}],"replies":[{"embeddable":true,"href":"https:\/\/kylat.meitadev.fi\/rautjarvenkylat\/wp-json\/wp\/v2\/comments?post=24"}],"version-history":[{"count":1,"href":"https:\/\/kylat.meitadev.fi\/rautjarvenkylat\/wp-json\/wp\/v2\/pages\/24\/revisions"}],"predecessor-version":[{"id":28,"href":"https:\/\/kylat.meitadev.fi\/rautjarvenkylat\/wp-json\/wp\/v2\/pages\/24\/revisions\/28"}],"wp:attachment":[{"href":"https:\/\/kylat.meitadev.fi\/rautjarvenkylat\/wp-json\/wp\/v2\/media?parent=24"}],"curies":[{"name":"wp","href":"https:\/\/api.w.org\/{rel}","templated":true}]}}