{"id":33,"date":"2014-12-05T09:47:06","date_gmt":"2014-12-05T07:47:06","guid":{"rendered":"https:\/\/kylat.meitadev.fi\/rautjarvenkylat\/?page_id=33"},"modified":"2014-12-05T09:47:06","modified_gmt":"2014-12-05T07:47:06","slug":"purnujarvi","status":"publish","type":"page","link":"https:\/\/kylat.meitadev.fi\/rautjarvenkylat\/purnujarvi\/","title":{"rendered":"Purnuj\u00e4rvi"},"content":{"rendered":"<p>Purnuj\u00e4rven ja Korpj\u00e4rven maatalousvaltaiset kyl\u00e4t sijaitsevat Rautj\u00e4rvell\u00e4 Miettil\u00e4n ja V\u00e4hikk\u00e4l\u00e4n kylien v\u00e4liss\u00e4. Matkaa Imatralle on noin 25 km ja kuntakeskukseen Simpeleelle 30-35 km.<\/p>\n<p>Kumpuilevassa maisemassa on metsien ja peltojen ohella runsaasti vesist\u00f6\u00e4. Perinteisen kulttuurimaiseman aistii hyvin kyl\u00e4n l\u00e4pi kulkevalta museotielt\u00e4. Purnuj\u00e4rven l\u00e4hist\u00f6ll\u00e4 sijaitsevat Purnu- ja Hiij\u00e4rvet, Korpj\u00e4rven helmi on Korpj\u00e4rvi.<\/p>\n<p>200 vakituisen asukkaan lis\u00e4ksi kyl\u00e4ss\u00e4 on runsaasti kes\u00e4asutusta. Suurin osa ty\u00f6ik\u00e4isist\u00e4 k\u00e4y t\u00f6iss\u00e4 Imatralla tai Simpeleell\u00e4. Kyl\u00e4ss\u00e4 toimii jonkun verran yritt\u00e4ji\u00e4, mm. er\u00e4- ja luonto-opas, autokorjaamo ja mets\u00e4koneurakoitsija.<\/p>\n<p>Korpj\u00e4rven nuorison vanhalle kokoontumispaikalle kyl\u00e4l\u00e4iset rakensivat entisaikojen esikuvien mukaan nelis\u00e4\u00e4risen kiikun ja tanssilavan. Viereen kyl\u00e4l\u00e4iset entis\u00f6iv\u00e4t tykkipatterin komentokorsun, jonka viereen hankkivat 152 mm:n haupitsin. Korsussa pidet\u00e4\u00e4n mm. yhdistysten kokouksia ja erilaisia tilaisuuksia.<\/p>\n<p>Purnupirtin yksityismuseossa voi tutustua tuhansiin esineisiin, joista suuri osa on erilaisia ty\u00f6kaluja.<\/p>\n<p>Asukkaat harrastavat mets\u00e4styst\u00e4, kalastusta ja liikuntaa. Martat, mets\u00e4stysseura ja kyl\u00e4toimiunta j\u00e4rjest\u00e4v\u00e4t erilaisia tapahtumia, mm. yhteisen talvitapahtuman.<\/p>\n","protected":false},"excerpt":{"rendered":"<p>Purnuj\u00e4rven ja Korpj\u00e4rven maatalousvaltaiset kyl\u00e4t sijaitsevat Rautj\u00e4rvell\u00e4 Miettil\u00e4n ja V\u00e4hikk\u00e4l\u00e4n kylien v\u00e4liss\u00e4. Matkaa Imatralle on noin 25 km ja kuntakeskukseen Simpeleelle 30-35 km. Kumpuilevassa maisemassa on metsien ja peltojen ohella runsaasti vesist\u00f6\u00e4. Perinteisen kulttuurimaiseman aistii hyvin kyl\u00e4n l\u00e4pi kulkevalta museotielt\u00e4. &hellip; <a href=\"https:\/\/kylat.meitadev.fi\/rautjarvenkylat\/purnujarvi\/\">Lue loppuun <span class=\"meta-nav\">&rarr;<\/span><\/a><\/p>\n","protected":false},"author":1,"featured_media":0,"parent":0,"menu_order":0,"comment_status":"open","ping_status":"closed","template":"","meta":{"footnotes":""},"_links":{"self":[{"href":"https:\/\/kylat.meitadev.fi\/rautjarvenkylat\/wp-json\/wp\/v2\/pages\/33"}],"collection":[{"href":"https:\/\/kylat.meitadev.fi\/rautjarvenkylat\/wp-json\/wp\/v2\/pages"}],"about":[{"href":"https:\/\/kylat.meitadev.fi\/rautjarvenkylat\/wp-json\/wp\/v2\/types\/page"}],"author":[{"embeddable":true,"href":"https:\/\/kylat.meitadev.fi\/rautjarvenkylat\/wp-json\/wp\/v2\/users\/1"}],"replies":[{"embeddable":true,"href":"https:\/\/kylat.meitadev.fi\/rautjarvenkylat\/wp-json\/wp\/v2\/comments?post=33"}],"version-history":[{"count":1,"href":"https:\/\/kylat.meitadev.fi\/rautjarvenkylat\/wp-json\/wp\/v2\/pages\/33\/revisions"}],"predecessor-version":[{"id":34,"href":"https:\/\/kylat.meitadev.fi\/rautjarvenkylat\/wp-json\/wp\/v2\/pages\/33\/revisions\/34"}],"wp:attachment":[{"href":"https:\/\/kylat.meitadev.fi\/rautjarvenkylat\/wp-json\/wp\/v2\/media?parent=33"}],"curies":[{"name":"wp","href":"https:\/\/api.w.org\/{rel}","templated":true}]}}