{"id":8,"date":"2014-12-05T09:41:14","date_gmt":"2014-12-05T07:41:14","guid":{"rendered":"https:\/\/kylat.meitadev.fi\/rautjarvenkylat\/?page_id=8"},"modified":"2014-12-05T09:41:46","modified_gmt":"2014-12-05T07:41:46","slug":"asemanseutu","status":"publish","type":"page","link":"https:\/\/kylat.meitadev.fi\/rautjarvenkylat\/asemanseutu\/","title":{"rendered":"Asemanseutu"},"content":{"rendered":"<p><a href=\"https:\/\/kylat.meitadev.fi\/rautjarvenkylat\/wp-content\/uploads\/sites\/77\/2014\/12\/asemanseutu2.jpg\"><img loading=\"lazy\" decoding=\"async\" class=\"size-thumbnail wp-image-9 alignright\" src=\"https:\/\/kylat.meitadev.fi\/rautjarvenkylat\/wp-content\/uploads\/sites\/77\/2014\/12\/asemanseutu2-150x150.jpg\" alt=\"asemanseutu2\" width=\"150\" height=\"150\" \/><\/a> Rautj\u00e4rven Asemanseutu l\u00e4hikylineen on poikkeuksellisen toimiva kyl\u00e4. Koulun, p\u00e4iv\u00e4kodin, kaupan, kirjaston, apteekin ja pankin lis\u00e4ksi 800 asukkaan kyl\u00e4toiminta-alueella on kirkko, seurakuntakoti ja vanhusten palvelutalo. Posti- ja veikkausasioiden ohella kyl\u00e4ll\u00e4 voi leikkauttaa tukkansa ja ostaa vaikkapa kukkia. Palveluiden per\u00e4ss\u00e4 ei siis tarvitse l\u00e4hte\u00e4 kaupunkiin. Tarvittaessa Imatran kaupunki ja Simpeleen taajama ovat vain 15 minuutin ajomatkan p\u00e4\u00e4ss\u00e4.<\/p>\n<p>Liikuntahalli, urheilukentt\u00e4, j\u00e4\u00e4kiekkokaukalo, valaistu latu\/kuntopolku ja uimaranta tarjoavat hyv\u00e4t harrastusmahdollisuudet. Kyl\u00e4l\u00e4iset ovat rakentaneet lasten ja nuorten tarpeisiin leikkikent\u00e4n ja skeittiradan.<\/p>\n<p>Rautj\u00e4rven Asemanseutu on suhteellisen nuori kyl\u00e4. Ensimm\u00e4iset Korjolan kyl\u00e4n talot ovat 1810-luvulta. Maaseutukyl\u00e4st\u00e4 tuli liikepaikka 1930-luvun lopulla, jolloin asema ja rautatie Vuoksenniskalta Elisenvaaraan valmistuivat. Rautj\u00e4rven Asemanseutu nimitys tuli k\u00e4ytt\u00f6\u00f6n vuonna 1971, sit\u00e4 ennen kyl\u00e4 oli nimelt\u00e4\u00e4n Korjola.<\/p>\n<p style=\"text-align: left;\"><img loading=\"lazy\" decoding=\"async\" class=\"alignnone size-thumbnail wp-image-10\" src=\"https:\/\/kylat.meitadev.fi\/rautjarvenkylat\/wp-content\/uploads\/sites\/77\/2014\/12\/asemanseutu-150x150.jpg\" alt=\"asemanseutu\" width=\"150\" height=\"150\" \/>Luonnonkaunista kyl\u00e4\u00e4 ymp\u00e4r\u00f6iv\u00e4t hyv\u00e4t marjamaat ja sienimets\u00e4t. Tulilampi, Konnanlampi, Rautj\u00e4rvi, Her\u00e4j\u00e4rvi sek\u00e4 Helisev\u00e4njoki ja Vaaherjoki tuovat asukkaille virkistyst\u00e4 ja iloa.<\/p>\n<p>Uusille asukkaille Asemanseutu tarjoaa edullisia tontteja kauniilta paikoilta.<\/p>\n<p>Rikkautena Asemanseudulla on 12 erilaista j\u00e4rjest\u00f6\u00e4 ja yhdistyst\u00e4, jotka tarjoavat vapaa-ajan harrastustoimintaa. Kyl\u00e4ss\u00e4 toimii mm. kyl\u00e4yhdistys, martat, mets\u00e4stysseura, urheiluseura, 4H-kerho, el\u00e4keliitto, vpk, kotiseutuyhdistys, mopokerho ja srk:n piirej\u00e4.Yhdistykset j\u00e4rjest\u00e4v\u00e4t yhteisty\u00f6n\u00e4 kes\u00e4lauantaisin kes\u00e4torin ja kahvilan sek\u00e4 joulun alla joulumyyj\u00e4iset.<\/p>\n<p><strong>Kyl\u00e4messuilla vuosittain 1000 k\u00e4vij\u00e4\u00e4<\/strong><br \/>\nSuurin voimainponnistus ovat kyl\u00e4messut, joissa kyl\u00e4n yritt\u00e4j\u00e4t ja yhdistykset esittelev\u00e4t toimintaansa ja tuotteitaan. 60-70 n\u00e4ytteille asettajan tarjontaan k\u00e4y vuosittain tutustumassa noin tuhat k\u00e4vij\u00e4\u00e4. Kyl\u00e4messuilla alueen yritt\u00e4j\u00e4t ja yhdistysten toiminta saavat arvostusta. Messut eiv\u00e4t ole pelk\u00e4st\u00e4\u00e4n myyj\u00e4istapahtuma, vaan alusta saakka messujen omaleimaisuus on ollut oheistarjonnassa. Esimerkiksi vuoden 2004 hittin\u00e4 olivat polttomoottorin k\u00e4ynnistys, kotiseutuaiheinen n\u00e4yttely ja Rautj\u00e4rven vuoden 1960 maatalousn\u00e4yttelyn elokuva. Samana vuonna julkaistiin Ristikirkko ja Rautatie- kyl\u00e4kirja.<\/p>\n<p>Kyl\u00e4suunnitelman laatiminen ja valmistuminen saivat maaliskuussa 2004 paljon julkisuutta. Sen my\u00f6t\u00e4 kyl\u00e4l\u00e4iset osaavat arvostaa entist\u00e4 enemm\u00e4n oman kyl\u00e4n palveluja ja toimivuutta. Kyl\u00e4suunnitelman &#8221;lapsena&#8221; valmistuivat leikkikentt\u00e4 ja skeittirata. My\u00f6s kulttuurihistoriallisesti arvokkaan Pit\u00e4j\u00e4ntuvan kunnostus on k\u00e4ynnistynyt. Aktiivisen toimintansa johdosta Asemanseutu valittiin vuoden 2005 etel\u00e4karjalaiseksi kyl\u00e4ksi.<\/p>\n","protected":false},"excerpt":{"rendered":"<p>Rautj\u00e4rven Asemanseutu l\u00e4hikylineen on poikkeuksellisen toimiva kyl\u00e4. Koulun, p\u00e4iv\u00e4kodin, kaupan, kirjaston, apteekin ja pankin lis\u00e4ksi 800 asukkaan kyl\u00e4toiminta-alueella on kirkko, seurakuntakoti ja vanhusten palvelutalo. Posti- ja veikkausasioiden ohella kyl\u00e4ll\u00e4 voi leikkauttaa tukkansa ja ostaa vaikkapa kukkia. Palveluiden per\u00e4ss\u00e4 ei siis &hellip; <a href=\"https:\/\/kylat.meitadev.fi\/rautjarvenkylat\/asemanseutu\/\">Lue loppuun <span class=\"meta-nav\">&rarr;<\/span><\/a><\/p>\n","protected":false},"author":1,"featured_media":0,"parent":0,"menu_order":0,"comment_status":"open","ping_status":"closed","template":"","meta":{"footnotes":""},"_links":{"self":[{"href":"https:\/\/kylat.meitadev.fi\/rautjarvenkylat\/wp-json\/wp\/v2\/pages\/8"}],"collection":[{"href":"https:\/\/kylat.meitadev.fi\/rautjarvenkylat\/wp-json\/wp\/v2\/pages"}],"about":[{"href":"https:\/\/kylat.meitadev.fi\/rautjarvenkylat\/wp-json\/wp\/v2\/types\/page"}],"author":[{"embeddable":true,"href":"https:\/\/kylat.meitadev.fi\/rautjarvenkylat\/wp-json\/wp\/v2\/users\/1"}],"replies":[{"embeddable":true,"href":"https:\/\/kylat.meitadev.fi\/rautjarvenkylat\/wp-json\/wp\/v2\/comments?post=8"}],"version-history":[{"count":3,"href":"https:\/\/kylat.meitadev.fi\/rautjarvenkylat\/wp-json\/wp\/v2\/pages\/8\/revisions"}],"predecessor-version":[{"id":13,"href":"https:\/\/kylat.meitadev.fi\/rautjarvenkylat\/wp-json\/wp\/v2\/pages\/8\/revisions\/13"}],"wp:attachment":[{"href":"https:\/\/kylat.meitadev.fi\/rautjarvenkylat\/wp-json\/wp\/v2\/media?parent=8"}],"curies":[{"name":"wp","href":"https:\/\/api.w.org\/{rel}","templated":true}]}}