{"id":176,"date":"2013-04-06T13:01:42","date_gmt":"2013-04-06T11:01:42","guid":{"rendered":"https:\/\/kylat.meitadev.fi\/suoanttila\/?page_id=176"},"modified":"2020-08-06T13:29:40","modified_gmt":"2020-08-06T11:29:40","slug":"hietalant-yksityistien-tiekunta","status":"publish","type":"page","link":"https:\/\/kylat.meitadev.fi\/suoanttila\/tiekunnat\/hietalant-yksityistien-tiekunta\/","title":{"rendered":"Hietalan yksityistien tiekunta"},"content":{"rendered":"<p><strong>Tienhoitokunta 2019 &#8211; 2020<\/strong><\/p>\n<p>Noora Katainen<br \/>\nHalkiantie 66<br \/>\n37700 S\u00e4\u00e4ksm\u00e4ki<br \/>\np. 040 584 6681<br \/>\nnoora[at]kultaranta.com<\/p>\n<p>Jukka Per\u00e4l\u00e4<br \/>\nHietalantie 46<br \/>\n54550 Suo-Anttila<br \/>\np. 050 308 8340<\/p>\n<p>Mikael Lindstr\u00f6m<br \/>\nNiinanpolku 10<br \/>\nKotka<br \/>\np. 050 340 8347<br \/>\nhml.mikael.lindstrom@gmail.com<\/p>\n<p>Vesa Pylv\u00e4l\u00e4inen<br \/>\nMatolahdentie 9, Luum\u00e4ki<br \/>\np. 0400 555 010<br \/>\nv.pylvalainen@gmail.com<\/p>\n","protected":false},"excerpt":{"rendered":"<p>Tienhoitokunta 2019 &#8211; 2020 Noora Katainen Halkiantie 66 37700 S\u00e4\u00e4ksm\u00e4ki p. 040 584 6681 noora[at]kultaranta.com Jukka Per\u00e4l\u00e4 Hietalantie 46 54550 Suo-Anttila p. 050 308 8340 Mikael Lindstr\u00f6m Niinanpolku 10 Kotka p. 050 340 8347 hml.mikael.lindstrom@gmail.com Vesa Pylv\u00e4l\u00e4inen Matolahdentie 9, Luum\u00e4ki &hellip; <a href=\"https:\/\/kylat.meitadev.fi\/suoanttila\/tiekunnat\/hietalant-yksityistien-tiekunta\/\">Lue loppuun <span class=\"meta-nav\">&rarr;<\/span><\/a><\/p>\n","protected":false},"author":24,"featured_media":0,"parent":30,"menu_order":0,"comment_status":"open","ping_status":"open","template":"","meta":{"footnotes":""},"_links":{"self":[{"href":"https:\/\/kylat.meitadev.fi\/suoanttila\/wp-json\/wp\/v2\/pages\/176"}],"collection":[{"href":"https:\/\/kylat.meitadev.fi\/suoanttila\/wp-json\/wp\/v2\/pages"}],"about":[{"href":"https:\/\/kylat.meitadev.fi\/suoanttila\/wp-json\/wp\/v2\/types\/page"}],"author":[{"embeddable":true,"href":"https:\/\/kylat.meitadev.fi\/suoanttila\/wp-json\/wp\/v2\/users\/24"}],"replies":[{"embeddable":true,"href":"https:\/\/kylat.meitadev.fi\/suoanttila\/wp-json\/wp\/v2\/comments?post=176"}],"version-history":[{"count":17,"href":"https:\/\/kylat.meitadev.fi\/suoanttila\/wp-json\/wp\/v2\/pages\/176\/revisions"}],"predecessor-version":[{"id":369,"href":"https:\/\/kylat.meitadev.fi\/suoanttila\/wp-json\/wp\/v2\/pages\/176\/revisions\/369"}],"up":[{"embeddable":true,"href":"https:\/\/kylat.meitadev.fi\/suoanttila\/wp-json\/wp\/v2\/pages\/30"}],"wp:attachment":[{"href":"https:\/\/kylat.meitadev.fi\/suoanttila\/wp-json\/wp\/v2\/media?parent=176"}],"curies":[{"name":"wp","href":"https:\/\/api.w.org\/{rel}","templated":true}]}}