{"id":344,"date":"2019-09-07T08:27:10","date_gmt":"2019-09-07T08:27:10","guid":{"rendered":"https:\/\/kylat.meitadev.fi\/tarkkola\/?page_id=344"},"modified":"2019-09-10T08:07:14","modified_gmt":"2019-09-10T08:07:14","slug":"ota-yhteytta","status":"publish","type":"page","link":"https:\/\/kylat.meitadev.fi\/tarkkola\/ota-yhteytta\/","title":{"rendered":"Ota yhteytt\u00e4!"},"content":{"rendered":"<p>Olet tervetullut mukaan kyl\u00e4yhdistyksen toimintaan. Lis\u00e4tietoja toiminnastamme saadaksesi voit ottaa yhteytt\u00e4 kyl\u00e4yhdistykseen seuraavilla tavoilla:<\/p>\n<ul>\n<li>Tule mukaan Uutisvuoksen seurapalstalla ilmoitettuihin tapahtumiin!<\/li>\n<li>Pyyd\u00e4 tietoja toiminnasta s\u00e4hk\u00f6postilla tarkkolanseudunkylatry(at)gmail.com<\/li>\n<li>Soita hallituksen j\u00e4senille, joiden puhelinnumerot ovat sivulla Yhdistyksen hallinto<\/li>\n<\/ul>\n","protected":false},"excerpt":{"rendered":"<p>Olet tervetullut mukaan kyl\u00e4yhdistyksen toimintaan. Lis\u00e4tietoja toiminnastamme saadaksesi voit ottaa yhteytt\u00e4 kyl\u00e4yhdistykseen seuraavilla tavoilla: Tule mukaan Uutisvuoksen seurapalstalla ilmoitettuihin tapahtumiin! Pyyd\u00e4 tietoja toiminnasta s\u00e4hk\u00f6postilla tarkkolanseudunkylatry(at)gmail.com Soita hallituksen j\u00e4senille, joiden puhelinnumerot ovat sivulla Yhdistyksen hallinto<\/p>\n","protected":false},"author":177,"featured_media":322,"parent":0,"menu_order":8,"comment_status":"closed","ping_status":"closed","template":"onecolumn-page.php","meta":{"footnotes":""},"_links":{"self":[{"href":"https:\/\/kylat.meitadev.fi\/tarkkola\/wp-json\/wp\/v2\/pages\/344"}],"collection":[{"href":"https:\/\/kylat.meitadev.fi\/tarkkola\/wp-json\/wp\/v2\/pages"}],"about":[{"href":"https:\/\/kylat.meitadev.fi\/tarkkola\/wp-json\/wp\/v2\/types\/page"}],"author":[{"embeddable":true,"href":"https:\/\/kylat.meitadev.fi\/tarkkola\/wp-json\/wp\/v2\/users\/177"}],"replies":[{"embeddable":true,"href":"https:\/\/kylat.meitadev.fi\/tarkkola\/wp-json\/wp\/v2\/comments?post=344"}],"version-history":[{"count":4,"href":"https:\/\/kylat.meitadev.fi\/tarkkola\/wp-json\/wp\/v2\/pages\/344\/revisions"}],"predecessor-version":[{"id":350,"href":"https:\/\/kylat.meitadev.fi\/tarkkola\/wp-json\/wp\/v2\/pages\/344\/revisions\/350"}],"wp:featuredmedia":[{"embeddable":true,"href":"https:\/\/kylat.meitadev.fi\/tarkkola\/wp-json\/wp\/v2\/media\/322"}],"wp:attachment":[{"href":"https:\/\/kylat.meitadev.fi\/tarkkola\/wp-json\/wp\/v2\/media?parent=344"}],"curies":[{"name":"wp","href":"https:\/\/api.w.org\/{rel}","templated":true}]}}