{"id":13,"date":"2012-01-16T12:58:54","date_gmt":"2012-01-16T12:58:54","guid":{"rendered":"https:\/\/kylat.meitadev.fi\/tpkkylayhdistys\/?page_id=13"},"modified":"2019-11-24T16:44:46","modified_gmt":"2019-11-24T16:44:46","slug":"hallitus","status":"publish","type":"page","link":"https:\/\/kylat.meitadev.fi\/tpkkylayhdistys\/kylayhdistys\/hallitus\/","title":{"rendered":"Hallitus"},"content":{"rendered":"<p>Taipalsaaren kyl\u00e4yhdistyksen hallituksen kokoonpano 2016:<\/p>\n<ul>\n<li>Osmo Laine, puheenjohtaja, p.0505547066<\/li>\n<li>Jari Korppas, varapuheenjohtaja<\/li>\n<li>Miia Pirttil\u00e4, sihteeri<\/li>\n<li>Seija Turppo<\/li>\n<li>Kirsti Juvakka<\/li>\n<\/ul>\n<p>&nbsp;<\/p>\n<p>Vuosikokous<a title=\"P\u00f6yt\u00e4kirjat\" href=\"https:\/\/kylat.meitadev.fi\/tpkkylayhdistys\/kylayhdistys\/hallitus\/poytakirjat\/\" target=\"_blank\" rel=\"noopener noreferrer\">p\u00f6yt\u00e4kirjat.<\/a><\/p>\n","protected":false},"excerpt":{"rendered":"<p>Taipalsaaren kyl\u00e4yhdistyksen hallituksen kokoonpano 2016: Osmo Laine, puheenjohtaja, p.0505547066 Jari Korppas, varapuheenjohtaja Miia Pirttil\u00e4, sihteeri Seija Turppo Kirsti Juvakka &nbsp; Vuosikokousp\u00f6yt\u00e4kirjat.<\/p>\n","protected":false},"author":100,"featured_media":0,"parent":11,"menu_order":0,"comment_status":"closed","ping_status":"open","template":"","meta":{"footnotes":""},"_links":{"self":[{"href":"https:\/\/kylat.meitadev.fi\/tpkkylayhdistys\/wp-json\/wp\/v2\/pages\/13"}],"collection":[{"href":"https:\/\/kylat.meitadev.fi\/tpkkylayhdistys\/wp-json\/wp\/v2\/pages"}],"about":[{"href":"https:\/\/kylat.meitadev.fi\/tpkkylayhdistys\/wp-json\/wp\/v2\/types\/page"}],"author":[{"embeddable":true,"href":"https:\/\/kylat.meitadev.fi\/tpkkylayhdistys\/wp-json\/wp\/v2\/users\/100"}],"replies":[{"embeddable":true,"href":"https:\/\/kylat.meitadev.fi\/tpkkylayhdistys\/wp-json\/wp\/v2\/comments?post=13"}],"version-history":[{"count":24,"href":"https:\/\/kylat.meitadev.fi\/tpkkylayhdistys\/wp-json\/wp\/v2\/pages\/13\/revisions"}],"predecessor-version":[{"id":1841,"href":"https:\/\/kylat.meitadev.fi\/tpkkylayhdistys\/wp-json\/wp\/v2\/pages\/13\/revisions\/1841"}],"up":[{"embeddable":true,"href":"https:\/\/kylat.meitadev.fi\/tpkkylayhdistys\/wp-json\/wp\/v2\/pages\/11"}],"wp:attachment":[{"href":"https:\/\/kylat.meitadev.fi\/tpkkylayhdistys\/wp-json\/wp\/v2\/media?parent=13"}],"curies":[{"name":"wp","href":"https:\/\/api.w.org\/{rel}","templated":true}]}}