{"id":25,"date":"2012-01-16T14:51:05","date_gmt":"2012-01-16T14:51:05","guid":{"rendered":"https:\/\/kylat.meitadev.fi\/tpkkylayhdistys\/?page_id=25"},"modified":"2020-04-25T09:40:49","modified_gmt":"2020-04-25T09:40:49","slug":"vuokrataan","status":"publish","type":"page","link":"https:\/\/kylat.meitadev.fi\/tpkkylayhdistys\/vuokrataan\/","title":{"rendered":"Vuokrataan\/myyd\u00e4\u00e4n"},"content":{"rendered":"<p><strong>PITOIHIN JA TILAISUUKSIIN<br \/>\n<\/strong><\/p>\n<p><span style=\"font-size: medium\">Pitoihin ja tilaisuuksiin Taipalsaaren Kirkonkyl\u00e4n kyl\u00e4yhdistys ry vuokraa\u00a0<\/span><\/p>\n<p><span style=\"font-size: medium\">KOOTTAVAT HARJATELTAT \u00a0* 3,5 x 3,5 m. Katto ja sein\u00e4t sateenpit\u00e4v\u00e4\u00e4 vihre\u00e4valkoraitaista kangasta. \u00a0Paino n. 15 kg. Galvanoitu putkisto. Paino n. 30 kg. \u00a0VUOKRA\/VIIKONLOPPU, 40 e \u00a0* 3 x 6 m. Paino kg. 80 e<\/span><\/p>\n<p><span style=\"font-size: medium\">OKSASILPPURI + JATKOJOHTO \u00a0KOTIPUUTARHAK\u00c4YTT\u00d6\u00d6N \u00a0Varustettu py\u00f6rin ja hakepussein. Vaatii 16 A sulakkeen. Teho 150 kg\/h. \u00a0Suurin oksan halkaisija 40 mm. Paino 26 kg. \u00a0VUOKRA 15e\u00a0 \u00a0<strong>Tiedustelut: Aure Niiva 0504030351<\/strong><\/span><\/p>\n<p><span style=\"font-size: medium\">TIEDUSTELUT: \u00a0TPS KIRKONKYL\u00c4N KYL\u00c4YHDISTYS RY. \u00a0Seija Turppo 0400 303742 Osmo Laine 050 5547066<\/span><\/p>\n<p><strong>MYYD\u00c4\u00c4N: H\u00d6YRYLAIVADOKUMENTTI<\/strong><\/p>\n<p><span style=\"font-size: medium\">Kyl\u00e4yhdistys on teett\u00e4nyt videoelokuvan H\u00f6rylaivasta toiseen- laiturista laituriin, jossa kuvataan vanhaa h\u00f6yrylaivakulttuuria, vesiteit\u00e4 ja vesist\u00f6jen merkityst\u00e4 Taipalsaarelle ja Saimaan ymp\u00e4rist\u00f6kunnille ennen ja t\u00e4n\u00e4 p\u00e4iv\u00e4n\u00e4. Dokumentti sis\u00e4lt\u00e4\u00e4 tietoa valokuvin ja kerronnallisesti sek\u00e4 fiktiivisesti n\u00e4yteltyj\u00e4 jaksoja. Matkaan l\u00e4hdet\u00e4\u00e4n pienest\u00e4 Taipalsaaren Lev\u00e4sen kyl\u00e4st\u00e4. Kuvaukset on tehty Saimaalla 2004 &#8211; 05. Laivat ovat t\u00e4m\u00e4n p\u00e4iv\u00e4n asussaan. Dokumentin on k\u00e4sikirjoittanut ja ohjannut Pentti Hulkkonen ja kuvaksen, leikkauksen ja \u00e4\u00e4nity\u00f6n on tehnyt Petri Rapo. Videon kesto on 36 minuuttia.<\/span><\/p>\n<p><span style=\"font-size: medium\">H\u00f6yrylaivasta toiseen &#8211; laiturista laituriin dokumenttielokuvaa voi tilata kyl\u00e4yhdistykselt\u00e4 hintaa 25 euroa kappale. Elokuvaa on saatavilla DVD ja VHS -formaatissa. DVD:t\u00e4 ja VHS:i\u00e4 on my\u00f6s saatavilla kunnantalon info-pisteest\u00e4. <\/span><\/p>\n<p>TIEDUSTELUT: \u00a0TPS KIRKONKYL\u00c4N KYL\u00c4YHDISTYS RY. \u00a0Seija Turppo 0400 303742 Osmo Laine 050 5547066<\/p>\n","protected":false},"excerpt":{"rendered":"<p>PITOIHIN JA TILAISUUKSIIN Pitoihin ja tilaisuuksiin Taipalsaaren Kirkonkyl\u00e4n kyl\u00e4yhdistys ry vuokraa\u00a0 KOOTTAVAT HARJATELTAT \u00a0* 3,5 x 3,5 m. Katto ja sein\u00e4t sateenpit\u00e4v\u00e4\u00e4 vihre\u00e4valkoraitaista kangasta. \u00a0Paino n. 15 kg. Galvanoitu putkisto. Paino n. 30 kg. \u00a0VUOKRA\/VIIKONLOPPU, 40 e \u00a0* 3 x &hellip; <a href=\"https:\/\/kylat.meitadev.fi\/tpkkylayhdistys\/vuokrataan\/\">Lue loppuun <span class=\"meta-nav\">&rarr;<\/span><\/a><\/p>\n","protected":false},"author":100,"featured_media":0,"parent":0,"menu_order":0,"comment_status":"closed","ping_status":"open","template":"","meta":{"footnotes":""},"_links":{"self":[{"href":"https:\/\/kylat.meitadev.fi\/tpkkylayhdistys\/wp-json\/wp\/v2\/pages\/25"}],"collection":[{"href":"https:\/\/kylat.meitadev.fi\/tpkkylayhdistys\/wp-json\/wp\/v2\/pages"}],"about":[{"href":"https:\/\/kylat.meitadev.fi\/tpkkylayhdistys\/wp-json\/wp\/v2\/types\/page"}],"author":[{"embeddable":true,"href":"https:\/\/kylat.meitadev.fi\/tpkkylayhdistys\/wp-json\/wp\/v2\/users\/100"}],"replies":[{"embeddable":true,"href":"https:\/\/kylat.meitadev.fi\/tpkkylayhdistys\/wp-json\/wp\/v2\/comments?post=25"}],"version-history":[{"count":10,"href":"https:\/\/kylat.meitadev.fi\/tpkkylayhdistys\/wp-json\/wp\/v2\/pages\/25\/revisions"}],"predecessor-version":[{"id":1865,"href":"https:\/\/kylat.meitadev.fi\/tpkkylayhdistys\/wp-json\/wp\/v2\/pages\/25\/revisions\/1865"}],"wp:attachment":[{"href":"https:\/\/kylat.meitadev.fi\/tpkkylayhdistys\/wp-json\/wp\/v2\/media?parent=25"}],"curies":[{"name":"wp","href":"https:\/\/api.w.org\/{rel}","templated":true}]}}