{"id":37,"date":"2012-01-16T14:55:22","date_gmt":"2012-01-16T14:55:22","guid":{"rendered":"https:\/\/kylat.meitadev.fi\/tpkkylayhdistys\/?page_id=37"},"modified":"2022-02-07T07:36:05","modified_gmt":"2022-02-07T07:36:05","slug":"vainola","status":"publish","type":"page","link":"https:\/\/kylat.meitadev.fi\/tpkkylayhdistys\/etusivu\/vainola\/","title":{"rendered":"V\u00e4in\u00f6l\u00e4"},"content":{"rendered":"<div id=\"attachment_2040\" style=\"width: 650px\" class=\"wp-caption alignnone\"><a href=\"https:\/\/kylat.meitadev.fi\/tpkkylayhdistys\/wp-content\/uploads\/sites\/40\/2022\/02\/vainola.jpg\"><img loading=\"lazy\" decoding=\"async\" aria-describedby=\"caption-attachment-2040\" class=\"wp-image-2040 size-full\" src=\"https:\/\/kylat.meitadev.fi\/tpkkylayhdistys\/wp-content\/uploads\/sites\/40\/2022\/02\/vainola.jpg\" alt=\"\" width=\"640\" height=\"343\" srcset=\"https:\/\/kylat.meitadev.fi\/tpkkylayhdistys\/wp-content\/uploads\/sites\/40\/2022\/02\/vainola.jpg 640w, https:\/\/kylat.meitadev.fi\/tpkkylayhdistys\/wp-content\/uploads\/sites\/40\/2022\/02\/vainola-300x161.jpg 300w\" sizes=\"(max-width: 640px) 100vw, 640px\" \/><\/a><p id=\"caption-attachment-2040\" class=\"wp-caption-text\">V\u00e4in\u00f6l\u00e4<\/p><\/div>\n<p>Seurantalo V\u00e4in\u00f6l\u00e4, Kirkonrantatie 2, \u00a0sijaitsee kunnantalon alapuolella l\u00e4hell\u00e4 Saimaanrantaa. V\u00e4in\u00f6l\u00e4ss\u00e4 on sali, pukuhuoneet\/suihkutilat ja keitti\u00f6. Paikka toimii liikunta- ja harrastetilana ja siell\u00e4 voi j\u00e4rjest\u00e4\u00e4 erilaisia tapahtumia kuten h\u00e4it\u00e4.<\/p>\n<p>V\u00e4in\u00f6l\u00e4n varaukset: <strong>\u00a0Piia Pouttu<\/strong>, hallintosihteeri, sivistyspalvelut, Taipalsaaren kunta \u00a0 \u00a0 \u00a0 \u00a0 \u00a0 \u00a0 \u00a0 \u00a0 \u00a0 \u00a0 \u00a0 \u00a0 \u00a0 \u00a0 \u00a0 \u00a0 \u00a0 \u00a0 \u00a0 p.<strong> 040 7106096 \u00a0\u00a0<\/strong><strong>\u00a0<\/strong><\/p>\n\n\n<p><\/p>\n","protected":false},"excerpt":{"rendered":"<p>Seurantalo V\u00e4in\u00f6l\u00e4, Kirkonrantatie 2, \u00a0sijaitsee kunnantalon alapuolella l\u00e4hell\u00e4 Saimaanrantaa. V\u00e4in\u00f6l\u00e4ss\u00e4 on sali, pukuhuoneet\/suihkutilat ja keitti\u00f6. Paikka toimii liikunta- ja harrastetilana ja siell\u00e4 voi j\u00e4rjest\u00e4\u00e4 erilaisia tapahtumia kuten h\u00e4it\u00e4. V\u00e4in\u00f6l\u00e4n varaukset: \u00a0Piia Pouttu, hallintosihteeri, sivistyspalvelut, Taipalsaaren kunta \u00a0 \u00a0 \u00a0 \u00a0 &hellip; <a href=\"https:\/\/kylat.meitadev.fi\/tpkkylayhdistys\/etusivu\/vainola\/\">Lue loppuun <span class=\"meta-nav\">&rarr;<\/span><\/a><\/p>\n","protected":false},"author":100,"featured_media":0,"parent":6,"menu_order":0,"comment_status":"closed","ping_status":"open","template":"","meta":{"footnotes":""},"_links":{"self":[{"href":"https:\/\/kylat.meitadev.fi\/tpkkylayhdistys\/wp-json\/wp\/v2\/pages\/37"}],"collection":[{"href":"https:\/\/kylat.meitadev.fi\/tpkkylayhdistys\/wp-json\/wp\/v2\/pages"}],"about":[{"href":"https:\/\/kylat.meitadev.fi\/tpkkylayhdistys\/wp-json\/wp\/v2\/types\/page"}],"author":[{"embeddable":true,"href":"https:\/\/kylat.meitadev.fi\/tpkkylayhdistys\/wp-json\/wp\/v2\/users\/100"}],"replies":[{"embeddable":true,"href":"https:\/\/kylat.meitadev.fi\/tpkkylayhdistys\/wp-json\/wp\/v2\/comments?post=37"}],"version-history":[{"count":11,"href":"https:\/\/kylat.meitadev.fi\/tpkkylayhdistys\/wp-json\/wp\/v2\/pages\/37\/revisions"}],"predecessor-version":[{"id":2047,"href":"https:\/\/kylat.meitadev.fi\/tpkkylayhdistys\/wp-json\/wp\/v2\/pages\/37\/revisions\/2047"}],"up":[{"embeddable":true,"href":"https:\/\/kylat.meitadev.fi\/tpkkylayhdistys\/wp-json\/wp\/v2\/pages\/6"}],"wp:attachment":[{"href":"https:\/\/kylat.meitadev.fi\/tpkkylayhdistys\/wp-json\/wp\/v2\/media?parent=37"}],"curies":[{"name":"wp","href":"https:\/\/api.w.org\/{rel}","templated":true}]}}