{"id":13,"date":"2012-02-10T22:10:48","date_gmt":"2012-02-10T22:10:48","guid":{"rendered":"https:\/\/kylat.meitadev.fi\/uimi\/?page_id=13"},"modified":"2021-11-01T10:24:45","modified_gmt":"2021-11-01T10:24:45","slug":"kotalahti","status":"publish","type":"page","link":"https:\/\/kylat.meitadev.fi\/uimi\/kotalahti\/","title":{"rendered":"Kotalahti"},"content":{"rendered":"<p>Kyl\u00e4yhdistyksen toiminta Kotalahdessa p\u00e4\u00e4ttyi 31.12.2019.<\/p>\n<p>Kotalahti toimi uimilaisten kyl\u00e4talona, Uimin kyl\u00e4yhdistys\u00a0vuokrasi Kotalahden Lemin kunnalta 1.1.2010\u00a0-31.12.2019 &#8221;Koululla&#8221; tai &#8221;leirikeskuksessa&#8221; j\u00e4rjestettiin talviaikaan kaksi kertaa viikossa kansalaisopiston naisten jumppa, kyl\u00e4n miehet pitiv\u00e4t omatoimista voimistelua ja kyl\u00e4yhdistys l\u00e4mmitti saunan avantouimareille sunnuntaisin. Lis\u00e4ksi Kotalahdessa j\u00e4rjestettiin kyl\u00e4yhdistyksen ja muiden lemil\u00e4isten j\u00e4rjest\u00f6jen tapahtumia ja sit\u00e4 vuokrattiin my\u00f6s yksityishenkil\u00f6ille tapahtumien ja juhlien j\u00e4rjest\u00e4mist\u00e4 varten. .<\/p>\n<table cellspacing=\"0\">\n<tbody>\n<tr>\n<td colspan=\"2\"><\/td>\n<\/tr>\n<tr>\n<td colspan=\"2\">\n<div>Kotalahti tarjosi loistavat tilat leirien, koulutusten, tyky-p\u00e4ivien, tapahtumien, saunailtojen, h\u00e4iden ja muiden juhlien j\u00e4rjest\u00e4miseen. M\u00e4en p\u00e4\u00e4ll\u00e4 on kaunis vanha p\u00e4\u00e4rakennus joka on entinen koulu, rannasta l\u00f6ytyy upea hirsinen saunarakennus isolla takkatuvalla ja kahdella saunalla, joista toinen on s\u00e4hk\u00f6l\u00e4mmitteinen ja toinen puul\u00e4mmitteinen.<\/div>\n<div><a href=\"http:\/\/kuvapankki.ekarjala.fi\/main.php?g2_itemId=12033\" target=\"_blank\" rel=\"noopener\"><img loading=\"lazy\" decoding=\"async\" class=\"aligncenter size-full wp-image-168\" src=\"https:\/\/kylat.meitadev.fi\/uimi\/wp-content\/uploads\/sites\/46\/2012\/02\/Kotalahti.png\" alt=\"\" width=\"215\" height=\"59\" \/><\/a><\/div>\n<\/td>\n<\/tr>\n<\/tbody>\n<\/table>\n","protected":false},"excerpt":{"rendered":"<p>Kyl\u00e4yhdistyksen toiminta Kotalahdessa p\u00e4\u00e4ttyi 31.12.2019. Kotalahti toimi uimilaisten kyl\u00e4talona, Uimin kyl\u00e4yhdistys\u00a0vuokrasi Kotalahden Lemin kunnalta 1.1.2010\u00a0-31.12.2019 &#8221;Koululla&#8221; tai &#8221;leirikeskuksessa&#8221; j\u00e4rjestettiin talviaikaan kaksi kertaa viikossa kansalaisopiston naisten jumppa, kyl\u00e4n miehet pitiv\u00e4t omatoimista voimistelua ja kyl\u00e4yhdistys l\u00e4mmitti saunan avantouimareille sunnuntaisin. Lis\u00e4ksi Kotalahdessa j\u00e4rjestettiin &hellip; <a href=\"https:\/\/kylat.meitadev.fi\/uimi\/kotalahti\/\">Lue loppuun <span class=\"meta-nav\">&rarr;<\/span><\/a><\/p>\n","protected":false},"author":114,"featured_media":0,"parent":0,"menu_order":4,"comment_status":"closed","ping_status":"closed","template":"sidebar-page.php","meta":{"footnotes":""},"_links":{"self":[{"href":"https:\/\/kylat.meitadev.fi\/uimi\/wp-json\/wp\/v2\/pages\/13"}],"collection":[{"href":"https:\/\/kylat.meitadev.fi\/uimi\/wp-json\/wp\/v2\/pages"}],"about":[{"href":"https:\/\/kylat.meitadev.fi\/uimi\/wp-json\/wp\/v2\/types\/page"}],"author":[{"embeddable":true,"href":"https:\/\/kylat.meitadev.fi\/uimi\/wp-json\/wp\/v2\/users\/114"}],"replies":[{"embeddable":true,"href":"https:\/\/kylat.meitadev.fi\/uimi\/wp-json\/wp\/v2\/comments?post=13"}],"version-history":[{"count":17,"href":"https:\/\/kylat.meitadev.fi\/uimi\/wp-json\/wp\/v2\/pages\/13\/revisions"}],"predecessor-version":[{"id":638,"href":"https:\/\/kylat.meitadev.fi\/uimi\/wp-json\/wp\/v2\/pages\/13\/revisions\/638"}],"wp:attachment":[{"href":"https:\/\/kylat.meitadev.fi\/uimi\/wp-json\/wp\/v2\/media?parent=13"}],"curies":[{"name":"wp","href":"https:\/\/api.w.org\/{rel}","templated":true}]}}