{"id":59,"date":"2012-02-10T22:55:51","date_gmt":"2012-02-10T22:55:51","guid":{"rendered":"https:\/\/kylat.meitadev.fi\/uimi\/?page_id=59"},"modified":"2012-02-13T22:13:34","modified_gmt":"2012-02-13T22:13:34","slug":"kirkkovenesoutu","status":"publish","type":"page","link":"https:\/\/kylat.meitadev.fi\/uimi\/arkistojen-aarteita\/vuosittaiset-tapahtumat\/kirkkovenesoutu\/","title":{"rendered":"Kirkkovenesoutu"},"content":{"rendered":"<p>Kirkkovenesoutu on soudettu kolme kertaa Uimin Ojansuusta kirkonkyl\u00e4lle uimalan rantaan.<\/p>\n<p><strong>2012 soudetaan sunnuntaina 27.5.<\/strong><\/p>\n<p>&nbsp;<\/p>\n<table id=\"TiedoteOtsikkoTaulu\" cellspacing=\"0\">\n<tbody>\n<tr>\n<td colspan=\"2\">\n<h1>Kyl\u00e4yhdistyksen ensimm\u00e4inen Kirkkovenesoutu su 7.6.2009<\/h1>\n<\/td>\n<\/tr>\n<\/tbody>\n<\/table>\n<table cellspacing=\"0\">\n<tbody>\n<tr>\n<td colspan=\"2\" align=\"center\"><a href=\"http:\/\/194.251.35.222\/KuvaNaytaIkkunassa.asp?KuvaID=26496\" target=\"Kuva26496\"><img loading=\"lazy\" decoding=\"async\" src=\"http:\/\/194.251.35.222\/LataaKuva.asb?KuvaID=26496&amp;Versio=N\" alt=\"\" width=\"450\" height=\"338\" \/><\/a><br \/>\nSoutajat alittamassa Syv\u00e4salmen siltaa (kuva: Mari Haiko)<\/td>\n<\/tr>\n<\/tbody>\n<\/table>\n<p>&nbsp;<\/p>\n<table cellspacing=\"0\">\n<tbody>\n<tr>\n<td colspan=\"2\">Kokoontuminen Ojansuussa klo 7.30.<br \/>\nJumalanpalveluksen ja paluumatkan j\u00e4lkeen kahvitarjoilu Ojansuussa.<br \/>\nKirkkovenesoutuun osallistui 12 soutajaa ja tahdin antaja. Soutumatka suuntautui Uimilta Tuohtj\u00e4rven ja Kivij\u00e4rven v\u00e4lisest\u00e4 Ojansuusta Uiminkapiaa pitkin Syv\u00e4salmen sillan alittaen Kuuksenensel\u00e4lle. Kivij\u00e4rvelt\u00e4 siirryttiin Papinojaa pitkin Lahnaj\u00e4rvelle ja soudettiin uimalan rantaan, josta k\u00e4veltiin vanhanajan mekoissa ja puvuissa kirkonm\u00e4elle jumalanpalvelukseen.Jumalanpalveluksen j\u00e4lkeen oli vuorossa paluumatka ja sen p\u00e4\u00e4tteeksi kirkkokahvit Ojansuussa, jonne oli kokoontunut mukava m\u00e4\u00e4r\u00e4 kannustajia.Kirkkovenesoudusta on my\u00f6s tarkoitus tehd\u00e4 yksi kyl\u00e4yhdistyksen jokavuotisista tapahtumista. Toivottavasti ensi kes\u00e4n\u00e4 soudetaan kirkolle yht\u00e4 hyv\u00e4ss\u00e4 s\u00e4\u00e4ss\u00e4 ja tyynill\u00e4 vesill\u00e4.<\/p>\n<p>Katso kuvat\u00a0<a href=\"http:\/\/kuvapankki.ekarjala.fi\/main.php?g2_itemId=8784\">kuvagalleriasta!<\/a><\/td>\n<\/tr>\n<\/tbody>\n<\/table>\n","protected":false},"excerpt":{"rendered":"<p>Kirkkovenesoutu on soudettu kolme kertaa Uimin Ojansuusta kirkonkyl\u00e4lle uimalan rantaan. 2012 soudetaan sunnuntaina 27.5. &nbsp; Kyl\u00e4yhdistyksen ensimm\u00e4inen Kirkkovenesoutu su 7.6.2009 Soutajat alittamassa Syv\u00e4salmen siltaa (kuva: Mari Haiko) &nbsp; Kokoontuminen Ojansuussa klo 7.30. Jumalanpalveluksen ja paluumatkan j\u00e4lkeen kahvitarjoilu Ojansuussa. Kirkkovenesoutuun osallistui &hellip; <a href=\"https:\/\/kylat.meitadev.fi\/uimi\/arkistojen-aarteita\/vuosittaiset-tapahtumat\/kirkkovenesoutu\/\">Lue loppuun <span class=\"meta-nav\">&rarr;<\/span><\/a><\/p>\n","protected":false},"author":114,"featured_media":0,"parent":55,"menu_order":2,"comment_status":"closed","ping_status":"closed","template":"sidebar-page.php","meta":{"footnotes":""},"_links":{"self":[{"href":"https:\/\/kylat.meitadev.fi\/uimi\/wp-json\/wp\/v2\/pages\/59"}],"collection":[{"href":"https:\/\/kylat.meitadev.fi\/uimi\/wp-json\/wp\/v2\/pages"}],"about":[{"href":"https:\/\/kylat.meitadev.fi\/uimi\/wp-json\/wp\/v2\/types\/page"}],"author":[{"embeddable":true,"href":"https:\/\/kylat.meitadev.fi\/uimi\/wp-json\/wp\/v2\/users\/114"}],"replies":[{"embeddable":true,"href":"https:\/\/kylat.meitadev.fi\/uimi\/wp-json\/wp\/v2\/comments?post=59"}],"version-history":[{"count":6,"href":"https:\/\/kylat.meitadev.fi\/uimi\/wp-json\/wp\/v2\/pages\/59\/revisions"}],"predecessor-version":[{"id":152,"href":"https:\/\/kylat.meitadev.fi\/uimi\/wp-json\/wp\/v2\/pages\/59\/revisions\/152"}],"up":[{"embeddable":true,"href":"https:\/\/kylat.meitadev.fi\/uimi\/wp-json\/wp\/v2\/pages\/55"}],"wp:attachment":[{"href":"https:\/\/kylat.meitadev.fi\/uimi\/wp-json\/wp\/v2\/media?parent=59"}],"curies":[{"name":"wp","href":"https:\/\/api.w.org\/{rel}","templated":true}]}}