{"id":357,"date":"2012-08-19T10:26:11","date_gmt":"2012-08-19T10:56:11","guid":{"rendered":"https:\/\/kylat.meitadev.fi\/vainikkala\/?page_id=357"},"modified":"2012-08-19T10:31:41","modified_gmt":"2012-08-19T11:01:41","slug":"onkikisatuloksia","status":"publish","type":"page","link":"https:\/\/kylat.meitadev.fi\/vainikkala\/harrastukset\/kalastus\/onkikisatuloksia\/","title":{"rendered":"Onkikisatuloksia"},"content":{"rendered":"<p><a href=\"https:\/\/kylat.meitadev.fi\/vainikkala\/wp-content\/uploads\/sites\/36\/2012\/08\/Onkikilpailut-Alajoki-20121.pdf\">My\u00f6t\u00e4virtaan ry: Alajoki 2012<\/a><\/p>\n<p><a href=\"https:\/\/kylat.meitadev.fi\/vainikkala\/wp-content\/uploads\/sites\/36\/2012\/08\/Onkikilpailut-Telkj%C3%A4rvi-2012.pdf\">Vainikkalan kyl\u00e4toimikunta: Telkj\u00e4rvi 2012<\/a><\/p>\n<p><a href=\"https:\/\/kylat.meitadev.fi\/vainikkala\/wp-content\/uploads\/sites\/36\/2012\/08\/Onkikilpailut-Syrj%C3%A4ntakainen-VPK-Ojala-2012.pdf\">VPK &amp; Ojala: Syrj\u00e4ntakainen 2012 <\/a><\/p>\n","protected":false},"excerpt":{"rendered":"<p>My\u00f6t\u00e4virtaan ry: Alajoki 2012 Vainikkalan kyl\u00e4toimikunta: Telkj\u00e4rvi 2012 VPK &amp; Ojala: Syrj\u00e4ntakainen 2012<\/p>\n","protected":false},"author":97,"featured_media":0,"parent":47,"menu_order":0,"comment_status":"open","ping_status":"open","template":"","meta":{"footnotes":""},"_links":{"self":[{"href":"https:\/\/kylat.meitadev.fi\/vainikkala\/wp-json\/wp\/v2\/pages\/357"}],"collection":[{"href":"https:\/\/kylat.meitadev.fi\/vainikkala\/wp-json\/wp\/v2\/pages"}],"about":[{"href":"https:\/\/kylat.meitadev.fi\/vainikkala\/wp-json\/wp\/v2\/types\/page"}],"author":[{"embeddable":true,"href":"https:\/\/kylat.meitadev.fi\/vainikkala\/wp-json\/wp\/v2\/users\/97"}],"replies":[{"embeddable":true,"href":"https:\/\/kylat.meitadev.fi\/vainikkala\/wp-json\/wp\/v2\/comments?post=357"}],"version-history":[{"count":4,"href":"https:\/\/kylat.meitadev.fi\/vainikkala\/wp-json\/wp\/v2\/pages\/357\/revisions"}],"predecessor-version":[{"id":566,"href":"https:\/\/kylat.meitadev.fi\/vainikkala\/wp-json\/wp\/v2\/pages\/357\/revisions\/566"}],"up":[{"embeddable":true,"href":"https:\/\/kylat.meitadev.fi\/vainikkala\/wp-json\/wp\/v2\/pages\/47"}],"wp:attachment":[{"href":"https:\/\/kylat.meitadev.fi\/vainikkala\/wp-json\/wp\/v2\/media?parent=357"}],"curies":[{"name":"wp","href":"https:\/\/api.w.org\/{rel}","templated":true}]}}